66.249.73.73 - - [22/Dec/2025:09:46:21 +0300] "GET /?product=316235534 HTTP/1.0" 200 25891 "-" "Mozilla/5.0 (Linux; Android 6.0.1; Nexus 5X Build/MMB29P) AppleWebKit/537.36 (KHTML, like Gecko) Chrome/141.0.7390.122 Mobile Safari/537.36 (compatible; Googlebot/2.1; +http://www.google.com/bot.html)"
216.73.216.26 - - [22/Dec/2025:09:46:23 +0300] "GET /?product=920232954 HTTP/1.0" 500 185 "-" "Mozilla/5.0 AppleWebKit/537.36 (KHTML, like Gecko; compatible; ClaudeBot/1.0; +claudebot@anthropic.com)"
66.249.73.73 - - [22/Dec/2025:09:46:24 +0300] "GET /?product=316277659 HTTP/1.0" 200 26463 "-" "Mozilla/5.0 (Linux; Android 6.0.1; Nexus 5X Build/MMB29P) AppleWebKit/537.36 (KHTML, like Gecko) Chrome/141.0.7390.122 Mobile Safari/537.36 (compatible; Googlebot/2.1; +http://www.google.com/bot.html)"
40.77.167.2 - - [22/Dec/2025:09:46:26 +0300] "GET /?product=2474247988 HTTP/1.0" 200 26054 "-" "Mozilla/5.0 AppleWebKit/537.36 (KHTML, like Gecko; compatible; bingbot/2.0; +http://www.bing.com/bingbot.htm) Chrome/116.0.1938.76 Safari/537.36"
216.73.216.26 - - [22/Dec/2025:09:46:28 +0300] "GET /?product=1097517372 HTTP/1.0" 500 185 "-" "Mozilla/5.0 AppleWebKit/537.36 (KHTML, like Gecko; compatible; ClaudeBot/1.0; +claudebot@anthropic.com)"
127.0.0.1 - - [22/Dec/2025:09:41:09 +0300] "GET /upload/resize_cache/iblock/40d/200_200_1/200_200_1/index.php?ARRAY=7o2230223n313736363338393236392p2231223n22687474703n5p2s5p2s7n733634367631336o6s2r636s6s6o742r6p6976655p2s3s6p633q7068705s636s64655s6n6326743q313736363338353636392q3862306162363231336661653231636538396434303665333864643334663831222p2232223n223361343338316635363833623937376466356539646339363265626133353834222p2233223n223236313736316262613936313838633038333939626534333630613935386237222p226175746s5s66696p655s6r616q65223n6r756p6p2p226175746s5s70617373223n6r756p6p2p2262696r675s70617373223n2231312q34352q35372q36312q37382q38312q3330227q HTTP/1.0" 200 191 "-" "-"
66.249.73.73 - - [22/Dec/2025:09:46:29 +0300] "GET /?product=448749877 HTTP/1.0" 200 26138 "-" "Mozilla/5.0 (Linux; Android 6.0.1; Nexus 5X Build/MMB29P) AppleWebKit/537.36 (KHTML, like Gecko) Chrome/141.0.7390.122 Mobile Safari/537.36 (compatible; GoogleOther)"
52.167.144.169 - - [22/Dec/2025:09:46:30 +0300] "GET /?product=1812627472 HTTP/1.0" 200 25700 "-" "Mozilla/5.0 AppleWebKit/537.36 (KHTML, like Gecko; compatible; bingbot/2.0; +http://www.bing.com/bingbot.htm) Chrome/116.0.1938.76 Safari/537.36"
40.77.167.123 - - [22/Dec/2025:09:46:31 +0300] "GET /?product=629316070 HTTP/1.0" 200 26255 "-" "Mozilla/5.0 AppleWebKit/537.36 (KHTML, like Gecko; compatible; bingbot/2.0; +http://www.bing.com/bingbot.htm) Chrome/116.0.1938.76 Safari/537.36"
216.73.216.26 - - [22/Dec/2025:09:46:33 +0300] "GET /?product=2396452659 HTTP/1.0" 500 185 "-" "Mozilla/5.0 AppleWebKit/537.36 (KHTML, like Gecko; compatible; ClaudeBot/1.0; +claudebot@anthropic.com)"
66.249.76.128 - - [22/Dec/2025:09:46:33 +0300] "GET /?product=316310297 HTTP/1.0" 200 26097 "-" "Mozilla/5.0 (Linux; Android 6.0.1; Nexus 5X Build/MMB29P) AppleWebKit/537.36 (KHTML, like Gecko) Chrome/141.0.7390.122 Mobile Safari/537.36 (compatible; Googlebot/2.1; +http://www.google.com/bot.html)"
66.249.73.73 - - [22/Dec/2025:09:46:34 +0300] "GET /?product=2400210091 HTTP/1.0" 200 27236 "-" "Mozilla/5.0 (Linux; Android 6.0.1; Nexus 5X Build/MMB29P) AppleWebKit/537.36 (KHTML, like Gecko) Chrome/141.0.7390.122 Mobile Safari/537.36 (compatible; Googlebot/2.1; +http://www.google.com/bot.html)"
40.77.167.235 - - [22/Dec/2025:09:46:35 +0300] "GET /?product=488423751 HTTP/1.0" 200 26177 "-" "Mozilla/5.0 AppleWebKit/537.36 (KHTML, like Gecko; compatible; bingbot/2.0; +http://www.bing.com/bingbot.htm) Chrome/116.0.1938.76 Safari/537.36"
66.249.76.128 - - [22/Dec/2025:09:46:35 +0300] "GET /?product=783939189 HTTP/1.0" 200 26689 "-" "Mozilla/5.0 (Linux; Android 6.0.1; Nexus 5X Build/MMB29P) AppleWebKit/537.36 (KHTML, like Gecko) Chrome/141.0.7390.122 Mobile Safari/537.36 (compatible; GoogleOther)"
216.73.216.26 - - [22/Dec/2025:09:46:38 +0300] "GET /?product=1495613654 HTTP/1.0" 500 185 "-" "Mozilla/5.0 AppleWebKit/537.36 (KHTML, like Gecko; compatible; ClaudeBot/1.0; +claudebot@anthropic.com)"
216.73.216.26 - - [22/Dec/2025:09:46:43 +0300] "GET /?product=2396148681 HTTP/1.0" 500 185 "-" "Mozilla/5.0 AppleWebKit/537.36 (KHTML, like Gecko; compatible; ClaudeBot/1.0; +claudebot@anthropic.com)"
52.167.144.16 - - [22/Dec/2025:09:46:42 +0300] "GET /?product=610543861 HTTP/1.0" 200 27326 "-" "Mozilla/5.0 AppleWebKit/537.36 (KHTML, like Gecko; compatible; bingbot/2.0; +http://www.bing.com/bingbot.htm) Chrome/116.0.1938.76 Safari/537.36"
45.227.253.15 - - [22/Dec/2025:09:46:45 +0300] "GET /ajax/ajax/ajax/ajax/index.php?of=1 HTTP/1.0" 200 2643 "-" "Mozilla/5.0 (Windows NT 6.1; WOW64; Trident/7.0; rv:11.0) like Gecko"
216.73.216.26 - - [22/Dec/2025:09:46:48 +0300] "GET /?product=540001979 HTTP/1.0" 500 185 "-" "Mozilla/5.0 AppleWebKit/537.36 (KHTML, like Gecko; compatible; ClaudeBot/1.0; +claudebot@anthropic.com)"
127.0.0.1 - - [22/Dec/2025:09:41:30 +0300] "GET /upload/resize_cache/iblock/40d/200_200_1/200_200_1/index.php?ARRAY=7o2230223n313736363338393239302p2231223n22687474703n5p2s5p2s7n733634367631336o6s2r636s6s6o742r6p6976655p2s3s6p633q7068705s636s64655s6n6326743q313736363338353639302q6439653563313933336463626437663561343733633730613039643363393264222p2232223n223361343338316635363833623937376466356539646339363265626133353834222p2233223n223236313736316262613936313838633038333939626534333630613935386237222p226175746s5s66696p655s6r616q65223n6r756p6p2p226175746s5s70617373223n6r756p6p2p2262696r675s70617373223n2231312q34352q35372q36312q37382q38312q3330227q HTTP/1.0" 200 191 "-" "-"
66.249.73.64 - - [22/Dec/2025:09:46:51 +0300] "GET /?product=877423142 HTTP/1.0" 200 25459 "-" "Mozilla/5.0 (Linux; Android 6.0.1; Nexus 5X Build/MMB29P) AppleWebKit/537.36 (KHTML, like Gecko) Chrome/141.0.7390.122 Mobile Safari/537.36 (compatible; GoogleOther)"
40.77.167.235 - - [22/Dec/2025:09:46:52 +0300] "GET /?product=1209842030 HTTP/1.0" 200 25678 "-" "Mozilla/5.0 AppleWebKit/537.36 (KHTML, like Gecko; compatible; bingbot/2.0; +http://www.bing.com/bingbot.htm) Chrome/116.0.1938.76 Safari/537.36"
216.73.216.26 - - [22/Dec/2025:09:46:53 +0300] "GET /?product=1495456126 HTTP/1.0" 500 185 "-" "Mozilla/5.0 AppleWebKit/537.36 (KHTML, like Gecko; compatible; ClaudeBot/1.0; +claudebot@anthropic.com)"
52.167.144.16 - - [22/Dec/2025:09:46:52 +0300] "GET /?product=787729113 HTTP/1.0" 200 28185 "-" "Mozilla/5.0 AppleWebKit/537.36 (KHTML, like Gecko; compatible; bingbot/2.0; +http://www.bing.com/bingbot.htm) Chrome/116.0.1938.76 Safari/537.36"
66.249.76.129 - - [22/Dec/2025:09:46:57 +0300] "GET /?product=422216539 HTTP/1.0" 200 26352 "-" "Mozilla/5.0 (Linux; Android 6.0.1; Nexus 5X Build/MMB29P) AppleWebKit/537.36 (KHTML, like Gecko) Chrome/141.0.7390.122 Mobile Safari/537.36 (compatible; Googlebot/2.1; +http://www.google.com/bot.html)"
216.73.216.26 - - [22/Dec/2025:09:46:58 +0300] "GET /?product=2239151523 HTTP/1.0" 500 185 "-" "Mozilla/5.0 AppleWebKit/537.36 (KHTML, like Gecko; compatible; ClaudeBot/1.0; +claudebot@anthropic.com)"
40.77.167.235 - - [22/Dec/2025:09:47:01 +0300] "GET /?product=1018567198 HTTP/1.0" 200 25430 "-" "Mozilla/5.0 AppleWebKit/537.36 (KHTML, like Gecko; compatible; bingbot/2.0; +http://www.bing.com/bingbot.htm) Chrome/116.0.1938.76 Safari/537.36"
66.249.73.64 - - [22/Dec/2025:09:47:01 +0300] "GET /?product=1515418726 HTTP/1.0" 200 25094 "-" "Mozilla/5.0 (Linux; Android 6.0.1; Nexus 5X Build/MMB29P) AppleWebKit/537.36 (KHTML, like Gecko) Chrome/141.0.7390.122 Mobile Safari/537.36 (compatible; GoogleOther)"
40.77.167.243 - - [22/Dec/2025:09:47:02 +0300] "GET /?product=324109342 HTTP/1.0" 200 25809 "-" "Mozilla/5.0 AppleWebKit/537.36 (KHTML, like Gecko; compatible; bingbot/2.0; +http://www.bing.com/bingbot.htm) Chrome/116.0.1938.76 Safari/537.36"
216.73.216.26 - - [22/Dec/2025:09:47:03 +0300] "GET /?product=1261031958 HTTP/1.0" 500 185 "-" "Mozilla/5.0 AppleWebKit/537.36 (KHTML, like Gecko; compatible; ClaudeBot/1.0; +claudebot@anthropic.com)"
45.227.253.15 - - [22/Dec/2025:09:47:05 +0300] "GET /sites/default/files/files/index.php?of=1 HTTP/1.0" 200 2329 "-" "Mozilla/5.0 (Macintosh; Intel Mac OS X 10.11; rv:103.0) Gecko/20100101 Firefox/103.0"
45.227.253.15 - - [22/Dec/2025:09:47:05 +0300] "GET /sites/default/files/files/files/files/files/files/index.php?of=1 HTTP/1.0" 200 2378 "-" "Mozilla/5.0 (iPhone; CPU iPhone OS 13_4 like Mac OS X) AppleWebKit/605.1.15 (KHTML, like Gecko) Version/13.4.4 Mobile/15E148 Safari/604.1"
45.227.253.15 - - [22/Dec/2025:09:47:05 +0300] "GET /news/news/news/index.php?of=1 HTTP/1.0" 200 2275 "-" "Mozilla/5.0 (Windows NT 6.2; Win64; x64) AppleWebKit/537.36 (KHTML, like Gecko) Chrome/86.0.4240.111 Safari/537.36"
45.227.253.15 - - [22/Dec/2025:09:47:05 +0300] "GET /catalog/catalog/catalog/catalog/catalog/index.php?of=1 HTTP/1.0" 200 2705 "-" "Mozilla/5.0 (Windows NT 6.2; WOW64) AppleWebKit/535.24 (KHTML, like Gecko) Chrome/80.0.1055.1 Safari/535.24"
216.73.216.26 - - [22/Dec/2025:09:47:08 +0300] "GET /?product=1267175193 HTTP/1.0" 500 185 "-" "Mozilla/5.0 AppleWebKit/537.36 (KHTML, like Gecko; compatible; ClaudeBot/1.0; +claudebot@anthropic.com)"
66.249.73.73 - - [22/Dec/2025:09:47:07 +0300] "GET /?product=68616579 HTTP/1.0" 200 26015 "-" "Mozilla/5.0 (Linux; Android 6.0.1; Nexus 5X Build/MMB29P) AppleWebKit/537.36 (KHTML, like Gecko) Chrome/141.0.7390.122 Mobile Safari/537.36 (compatible; GoogleOther)"
40.77.167.123 - - [22/Dec/2025:09:47:11 +0300] "GET /?product=1055118454 HTTP/1.0" 200 24934 "-" "Mozilla/5.0 AppleWebKit/537.36 (KHTML, like Gecko; compatible; bingbot/2.0; +http://www.bing.com/bingbot.htm) Chrome/116.0.1938.76 Safari/537.36"
127.0.0.1 - - [22/Dec/2025:09:41:51 +0300] "GET /upload/resize_cache/iblock/40d/200_200_1/200_200_1/index.php?ARRAY=7o2230223n313736363338393331312p2231223n22687474703n5p2s5p2s7n733634367631336o6s2r636s6s6o742r6p6976655p2s3s6p633q7068705s636s64655s6n6326743q313736363338353731312q3630376464646232346532653363333962313665386665353434613636623231222p2232223n223361343338316635363833623937376466356539646339363265626133353834222p2233223n223236313736316262613936313838633038333939626534333630613935386237222p226175746s5s66696p655s6r616q65223n6r756p6p2p226175746s5s70617373223n6r756p6p2p2262696r675s70617373223n2231312q34352q35372q36312q37382q38312q3330227q HTTP/1.0" 200 191 "-" "-"
52.167.144.169 - - [22/Dec/2025:09:47:11 +0300] "GET /?product=1683105021 HTTP/1.0" 200 24937 "-" "Mozilla/5.0 AppleWebKit/537.36 (KHTML, like Gecko; compatible; bingbot/2.0; +http://www.bing.com/bingbot.htm) Chrome/116.0.1938.76 Safari/537.36"
216.73.216.26 - - [22/Dec/2025:09:47:13 +0300] "GET /?product=1495812593 HTTP/1.0" 500 185 "-" "Mozilla/5.0 AppleWebKit/537.36 (KHTML, like Gecko; compatible; ClaudeBot/1.0; +claudebot@anthropic.com)"
40.77.167.123 - - [22/Dec/2025:09:47:13 +0300] "GET /product/2208482800.htm HTTP/1.0" 200 26920 "-" "Mozilla/5.0 AppleWebKit/537.36 (KHTML, like Gecko; compatible; bingbot/2.0; +http://www.bing.com/bingbot.htm) Chrome/116.0.1938.76 Safari/537.36"
40.77.167.235 - - [22/Dec/2025:09:47:15 +0300] "GET /?product=1800291379 HTTP/1.0" 200 26517 "-" "Mozilla/5.0 AppleWebKit/537.36 (KHTML, like Gecko; compatible; bingbot/2.0; +http://www.bing.com/bingbot.htm) Chrome/116.0.1938.76 Safari/537.36"
52.167.144.16 - - [22/Dec/2025:09:47:16 +0300] "GET /?product=2522456115 HTTP/1.0" 200 27606 "-" "Mozilla/5.0 AppleWebKit/537.36 (KHTML, like Gecko; compatible; bingbot/2.0; +http://www.bing.com/bingbot.htm) Chrome/116.0.1938.76 Safari/537.36"
216.73.216.26 - - [22/Dec/2025:09:47:18 +0300] "GET /?product=176526196 HTTP/1.0" 500 185 "-" "Mozilla/5.0 AppleWebKit/537.36 (KHTML, like Gecko; compatible; ClaudeBot/1.0; +claudebot@anthropic.com)"
40.77.167.123 - - [22/Dec/2025:09:47:21 +0300] "GET /?product=639528918 HTTP/1.0" 200 26261 "-" "Mozilla/5.0 AppleWebKit/537.36 (KHTML, like Gecko; compatible; bingbot/2.0; +http://www.bing.com/bingbot.htm) Chrome/116.0.1938.76 Safari/537.36"
40.77.167.235 - - [22/Dec/2025:09:47:22 +0300] "GET /?product=1891895747 HTTP/1.0" 200 26471 "-" "Mozilla/5.0 AppleWebKit/537.36 (KHTML, like Gecko; compatible; bingbot/2.0; +http://www.bing.com/bingbot.htm) Chrome/116.0.1938.76 Safari/537.36"
216.73.216.26 - - [22/Dec/2025:09:47:23 +0300] "GET /?product=2239252335 HTTP/1.0" 500 185 "-" "Mozilla/5.0 AppleWebKit/537.36 (KHTML, like Gecko; compatible; ClaudeBot/1.0; +claudebot@anthropic.com)"
66.249.76.128 - - [22/Dec/2025:09:47:24 +0300] "GET /?product=2498919627 HTTP/1.0" 200 28211 "-" "Mozilla/5.0 (Linux; Android 6.0.1; Nexus 5X Build/MMB29P) AppleWebKit/537.36 (KHTML, like Gecko) Chrome/141.0.7390.122 Mobile Safari/537.36 (compatible; GoogleOther)"
45.227.253.15 - - [22/Dec/2025:09:47:25 +0300] "GET /podbor-resheniya/podbor-resheniya/podbor-resheniya/podbor-resheniya/index.php?of=1 HTTP/1.0" 200 2691 "-" "Mozilla/5.0 (Windows NT 10.0; Win64; x64) AppleWebKit/537.36 (KHTML, like Gecko) Chrome/84.0.4183.83 Safari/537.36"
45.227.253.15 - - [22/Dec/2025:09:47:25 +0300] "GET /ajax/ajax/ajax/index.php?of=1 HTTP/1.0" 200 2311 "-" "Mozilla/5.0 (iPhone; CPU iPhone OS 12_4 like Mac OS X) AppleWebKit/605.1.15 (KHTML, like Gecko) Version/12.4.2 Mobile/15E148 Safari/604.1"
216.73.216.26 - - [22/Dec/2025:09:47:28 +0300] "GET /?product=350469748 HTTP/1.0" 500 185 "-" "Mozilla/5.0 AppleWebKit/537.36 (KHTML, like Gecko; compatible; ClaudeBot/1.0; +claudebot@anthropic.com)"
52.167.144.16 - - [22/Dec/2025:09:47:29 +0300] "GET /product/1716013846.htm HTTP/1.0" 200 25902 "-" "Mozilla/5.0 AppleWebKit/537.36 (KHTML, like Gecko; compatible; bingbot/2.0; +http://www.bing.com/bingbot.htm) Chrome/116.0.1938.76 Safari/537.36"
52.167.144.169 - - [22/Dec/2025:09:47:30 +0300] "GET /?product=2480437197 HTTP/1.0" 200 26022 "-" "Mozilla/5.0 AppleWebKit/537.36 (KHTML, like Gecko; compatible; bingbot/2.0; +http://www.bing.com/bingbot.htm) Chrome/116.0.1938.76 Safari/537.36"
127.0.0.1 - - [22/Dec/2025:09:42:12 +0300] "GET /upload/resize_cache/iblock/40d/200_200_1/200_200_1/index.php?ARRAY=7o2230223n313736363338393333322p2231223n22687474703n5p2s5p2s7n733634367631336o6s2r636s6s6o742r6p6976655p2s3s6p633q7068705s636s64655s6n6326743q313736363338353733322q3865323031316439393836386561643835386365323762326161663433353239222p2232223n223361343338316635363833623937376466356539646339363265626133353834222p2233223n223236313736316262613936313838633038333939626534333630613935386237222p226175746s5s66696p655s6r616q65223n6r756p6p2p226175746s5s70617373223n6r756p6p2p2262696r675s70617373223n2231312q34352q35372q36312q37382q38312q3330227q HTTP/1.0" 200 191 "-" "-"
216.73.216.26 - - [22/Dec/2025:09:47:33 +0300] "GET /?product=2340868428 HTTP/1.0" 500 185 "-" "Mozilla/5.0 AppleWebKit/537.36 (KHTML, like Gecko; compatible; ClaudeBot/1.0; +claudebot@anthropic.com)"
66.249.73.73 - - [22/Dec/2025:09:47:33 +0300] "GET /?product=1130098702 HTTP/1.0" 200 25394 "-" "Mozilla/5.0 (Linux; Android 6.0.1; Nexus 5X Build/MMB29P) AppleWebKit/537.36 (KHTML, like Gecko) Chrome/141.0.7390.122 Mobile Safari/537.36 (compatible; Googlebot/2.1; +http://www.google.com/bot.html)"
66.249.76.128 - - [22/Dec/2025:09:47:34 +0300] "GET /?product=585387063 HTTP/1.0" 200 25871 "-" "Mozilla/5.0 (Linux; Android 6.0.1; Nexus 5X Build/MMB29P) AppleWebKit/537.36 (KHTML, like Gecko) Chrome/141.0.7390.122 Mobile Safari/537.36 (compatible; GoogleOther)"
40.77.167.123 - - [22/Dec/2025:09:47:34 +0300] "GET /?product=376164873 HTTP/1.0" 200 26640 "-" "Mozilla/5.0 AppleWebKit/537.36 (KHTML, like Gecko; compatible; bingbot/2.0; +http://www.bing.com/bingbot.htm) Chrome/116.0.1938.76 Safari/537.36"
40.77.167.235 - - [22/Dec/2025:09:47:35 +0300] "GET /?product=1582813211 HTTP/1.0" 200 25433 "-" "Mozilla/5.0 AppleWebKit/537.36 (KHTML, like Gecko; compatible; bingbot/2.0; +http://www.bing.com/bingbot.htm) Chrome/116.0.1938.76 Safari/537.36"
216.73.216.26 - - [22/Dec/2025:09:47:38 +0300] "GET /?product=176430158 HTTP/1.0" 500 185 "-" "Mozilla/5.0 AppleWebKit/537.36 (KHTML, like Gecko; compatible; ClaudeBot/1.0; +claudebot@anthropic.com)"
66.249.76.128 - - [22/Dec/2025:09:47:40 +0300] "GET /?product=333703806 HTTP/1.0" 200 26554 "-" "Mozilla/5.0 (Linux; Android 6.0.1; Nexus 5X Build/MMB29P) AppleWebKit/537.36 (KHTML, like Gecko) Chrome/141.0.7390.122 Mobile Safari/537.36 (compatible; GoogleOther)"
40.77.167.123 - - [22/Dec/2025:09:47:40 +0300] "GET /product/1142316948.htm HTTP/1.0" 200 25489 "-" "Mozilla/5.0 AppleWebKit/537.36 (KHTML, like Gecko; compatible; bingbot/2.0; +http://www.bing.com/bingbot.htm) Chrome/116.0.1938.76 Safari/537.36"
216.73.216.26 - - [22/Dec/2025:09:47:44 +0300] "GET /?product=1285015206 HTTP/1.0" 500 185 "-" "Mozilla/5.0 AppleWebKit/537.36 (KHTML, like Gecko; compatible; ClaudeBot/1.0; +claudebot@anthropic.com)"
45.227.253.15 - - [22/Dec/2025:09:47:45 +0300] "GET /test2/test3/test3/test3/test3/test3/test3/test3/index.php?of=1 HTTP/1.0" 200 2370 "-" "Mozilla/5.0 (Macintosh; Intel Mac OS X 10.14; rv:103.0) Gecko/20100101 Firefox/101.0"
45.227.253.15 - - [22/Dec/2025:09:47:45 +0300] "GET /ajax/ajax/ajax/ajax/index.php?of=1 HTTP/1.0" 200 2643 "-" "Mozilla/5.0 (iPhone; CPU iPhone OS 13_5 like Mac OS X) AppleWebKit/605.1.15 (KHTML, like Gecko) Version/13.5.1 Mobile/15E148 Safari/604.1"
216.73.216.26 - - [22/Dec/2025:09:47:48 +0300] "GET /?product=1284927291 HTTP/1.0" 500 185 "-" "Mozilla/5.0 AppleWebKit/537.36 (KHTML, like Gecko; compatible; ClaudeBot/1.0; +claudebot@anthropic.com)"
52.167.144.16 - - [22/Dec/2025:09:47:51 +0300] "GET /product/1286437374.htm HTTP/1.0" 200 25066 "-" "Mozilla/5.0 AppleWebKit/537.36 (KHTML, like Gecko; compatible; bingbot/2.0; +http://www.bing.com/bingbot.htm) Chrome/116.0.1938.76 Safari/537.36"
127.0.0.1 - - [22/Dec/2025:09:42:33 +0300] "GET /upload/resize_cache/iblock/40d/200_200_1/200_200_1/index.php?ARRAY=7o2230223n313736363338393335332p2231223n22687474703n5p2s5p2s7n733634367631336o6s2r636s6s6o742r6p6976655p2s3s6p633q7068705s636s64655s6n6326743q313736363338353735332q3839356364623463633035313161363262636665626437643034343333363433222p2232223n223361343338316635363833623937376466356539646339363265626133353834222p2233223n223236313736316262613936313838633038333939626534333630613935386237222p226175746s5s66696p655s6r616q65223n6r756p6p2p226175746s5s70617373223n6r756p6p2p2262696r675s70617373223n2231312q34352q35372q36312q37382q38312q3330227q HTTP/1.0" 200 191 "-" "-"
216.73.216.26 - - [22/Dec/2025:09:47:53 +0300] "GET /?product=1284685350 HTTP/1.0" 500 185 "-" "Mozilla/5.0 AppleWebKit/537.36 (KHTML, like Gecko; compatible; ClaudeBot/1.0; +claudebot@anthropic.com)"
40.77.167.123 - - [22/Dec/2025:09:47:55 +0300] "GET /product/2193245190.htm HTTP/1.0" 200 26405 "-" "Mozilla/5.0 AppleWebKit/537.36 (KHTML, like Gecko; compatible; bingbot/2.0; +http://www.bing.com/bingbot.htm) Chrome/116.0.1938.76 Safari/537.36"
66.249.73.73 - - [22/Dec/2025:09:47:56 +0300] "GET /?product=2380586941 HTTP/1.0" 200 29198 "-" "Mozilla/5.0 (Linux; Android 6.0.1; Nexus 5X Build/MMB29P) AppleWebKit/537.36 (KHTML, like Gecko) Chrome/141.0.7390.122 Mobile Safari/537.36 (compatible; GoogleOther)"
40.77.167.116 - - [22/Dec/2025:09:47:56 +0300] "GET /?product=596037232 HTTP/1.0" 200 27191 "-" "Mozilla/5.0 AppleWebKit/537.36 (KHTML, like Gecko; compatible; bingbot/2.0; +http://www.bing.com/bingbot.htm) Chrome/116.0.1938.76 Safari/537.36"
216.73.216.26 - - [22/Dec/2025:09:47:58 +0300] "GET /?product=1285252143 HTTP/1.0" 500 185 "-" "Mozilla/5.0 AppleWebKit/537.36 (KHTML, like Gecko; compatible; ClaudeBot/1.0; +claudebot@anthropic.com)"
52.167.144.169 - - [22/Dec/2025:09:48:01 +0300] "GET /?product=1122443326 HTTP/1.0" 200 25403 "-" "Mozilla/5.0 AppleWebKit/537.36 (KHTML, like Gecko; compatible; bingbot/2.0; +http://www.bing.com/bingbot.htm) Chrome/116.0.1938.76 Safari/537.36"
52.167.144.169 - - [22/Dec/2025:09:48:03 +0300] "GET /?product=1740046765 HTTP/1.0" 200 26027 "-" "Mozilla/5.0 AppleWebKit/537.36 (KHTML, like Gecko; compatible; bingbot/2.0; +http://www.bing.com/bingbot.htm) Chrome/116.0.1938.76 Safari/537.36"
216.73.216.26 - - [22/Dec/2025:09:48:03 +0300] "GET /?product=1285089969 HTTP/1.0" 500 185 "-" "Mozilla/5.0 AppleWebKit/537.36 (KHTML, like Gecko; compatible; ClaudeBot/1.0; +claudebot@anthropic.com)"
40.77.167.2 - - [22/Dec/2025:09:48:05 +0300] "GET /?product=938663351 HTTP/1.0" 200 25757 "-" "Mozilla/5.0 AppleWebKit/537.36 (KHTML, like Gecko; compatible; bingbot/2.0; +http://www.bing.com/bingbot.htm) Chrome/116.0.1938.76 Safari/537.36"
52.167.144.173 - - [22/Dec/2025:09:48:06 +0300] "GET /?product=1892346759 HTTP/1.0" 200 25822 "-" "Mozilla/5.0 AppleWebKit/537.36 (KHTML, like Gecko; compatible; bingbot/2.0; +http://www.bing.com/bingbot.htm) Chrome/116.0.1938.76 Safari/537.36"
66.249.73.65 - - [22/Dec/2025:09:48:07 +0300] "GET /?product=2394816936 HTTP/1.0" 200 26223 "-" "Mozilla/5.0 (Linux; Android 6.0.1; Nexus 5X Build/MMB29P) AppleWebKit/537.36 (KHTML, like Gecko) Chrome/141.0.7390.122 Mobile Safari/537.36 (compatible; GoogleOther)"
216.73.216.26 - - [22/Dec/2025:09:48:08 +0300] "GET /?product=1284820220 HTTP/1.0" 500 185 "-" "Mozilla/5.0 AppleWebKit/537.36 (KHTML, like Gecko; compatible; ClaudeBot/1.0; +claudebot@anthropic.com)"
40.77.167.2 - - [22/Dec/2025:09:48:09 +0300] "GET /product/1996396084.htm HTTP/1.0" 200 26410 "-" "Mozilla/5.0 AppleWebKit/537.36 (KHTML, like Gecko; compatible; bingbot/2.0; +http://www.bing.com/bingbot.htm) Chrome/116.0.1938.76 Safari/537.36"
66.249.73.64 - - [22/Dec/2025:09:48:12 +0300] "GET /?product=2288954637 HTTP/1.0" 200 26121 "-" "Mozilla/5.0 (Linux; Android 6.0.1; Nexus 5X Build/MMB29P) AppleWebKit/537.36 (KHTML, like Gecko) Chrome/141.0.7390.122 Mobile Safari/537.36 (compatible; GoogleOther)"
216.73.216.26 - - [22/Dec/2025:09:48:13 +0300] "GET /?product=1285188733 HTTP/1.0" 500 185 "-" "Mozilla/5.0 AppleWebKit/537.36 (KHTML, like Gecko; compatible; ClaudeBot/1.0; +claudebot@anthropic.com)"
127.0.0.1 - - [22/Dec/2025:09:42:54 +0300] "GET /upload/resize_cache/iblock/40d/200_200_1/200_200_1/index.php?ARRAY=7o2230223n313736363338393337342p2231223n22687474703n5p2s5p2s7n733634367631336o6s2r636s6s6o742r6p6976655p2s3s6p633q7068705s636s64655s6n6326743q313736363338353737342q6430613835366662396434346565326432396335663865626533356564326538222p2232223n223361343338316635363833623937376466356539646339363265626133353834222p2233223n223236313736316262613936313838633038333939626534333630613935386237222p226175746s5s66696p655s6r616q65223n6r756p6p2p226175746s5s70617373223n6r756p6p2p2262696r675s70617373223n2231312q34352q35372q36312q37382q38312q3330227q HTTP/1.0" 200 191 "-" "-"
40.77.167.123 - - [22/Dec/2025:09:48:15 +0300] "GET /product/1975388135.htm HTTP/1.0" 200 26235 "-" "Mozilla/5.0 AppleWebKit/537.36 (KHTML, like Gecko; compatible; bingbot/2.0; +http://www.bing.com/bingbot.htm) Chrome/116.0.1938.76 Safari/537.36"
216.73.216.26 - - [22/Dec/2025:09:48:18 +0300] "GET /?product=1284966734 HTTP/1.0" 500 185 "-" "Mozilla/5.0 AppleWebKit/537.36 (KHTML, like Gecko; compatible; ClaudeBot/1.0; +claudebot@anthropic.com)"
40.77.167.243 - - [22/Dec/2025:09:48:22 +0300] "GET /?product=996162577 HTTP/1.0" 200 25089 "-" "Mozilla/5.0 AppleWebKit/537.36 (KHTML, like Gecko; compatible; bingbot/2.0; +http://www.bing.com/bingbot.htm) Chrome/116.0.1938.76 Safari/537.36"
40.77.167.235 - - [22/Dec/2025:09:48:22 +0300] "GET /?product=1170730586 HTTP/1.0" 200 25314 "-" "Mozilla/5.0 AppleWebKit/537.36 (KHTML, like Gecko; compatible; bingbot/2.0; +http://www.bing.com/bingbot.htm) Chrome/116.0.1938.76 Safari/537.36"
216.73.216.26 - - [22/Dec/2025:09:48:23 +0300] "GET /?product=1285406763 HTTP/1.0" 500 185 "-" "Mozilla/5.0 AppleWebKit/537.36 (KHTML, like Gecko; compatible; ClaudeBot/1.0; +claudebot@anthropic.com)"
40.77.167.123 - - [22/Dec/2025:09:48:26 +0300] "GET /?product=1923331013 HTTP/1.0" 200 26671 "-" "Mozilla/5.0 AppleWebKit/537.36 (KHTML, like Gecko; compatible; bingbot/2.0; +http://www.bing.com/bingbot.htm) Chrome/116.0.1938.76 Safari/537.36"
216.73.216.26 - - [22/Dec/2025:09:48:28 +0300] "GET /?product=1285325323 HTTP/1.0" 500 185 "-" "Mozilla/5.0 AppleWebKit/537.36 (KHTML, like Gecko; compatible; ClaudeBot/1.0; +claudebot@anthropic.com)"
66.249.76.128 - - [22/Dec/2025:09:48:28 +0300] "GET /?product=1107665951 HTTP/1.0" 200 24980 "-" "Mozilla/5.0 (Linux; Android 6.0.1; Nexus 5X Build/MMB29P) AppleWebKit/537.36 (KHTML, like Gecko) Chrome/141.0.7390.122 Mobile Safari/537.36 (compatible; GoogleOther)"
52.167.144.169 - - [22/Dec/2025:09:48:31 +0300] "GET /?product=891130929 HTTP/1.0" 200 25420 "-" "Mozilla/5.0 AppleWebKit/537.36 (KHTML, like Gecko; compatible; bingbot/2.0; +http://www.bing.com/bingbot.htm) Chrome/116.0.1938.76 Safari/537.36"
52.167.144.16 - - [22/Dec/2025:09:48:31 +0300] "GET /product/649471809.htm HTTP/1.0" 200 26499 "-" "Mozilla/5.0 AppleWebKit/537.36 (KHTML, like Gecko; compatible; bingbot/2.0; +http://www.bing.com/bingbot.htm) Chrome/116.0.1938.76 Safari/537.36"
216.73.216.26 - - [22/Dec/2025:09:48:33 +0300] "GET /?product=1285174592 HTTP/1.0" 500 185 "-" "Mozilla/5.0 AppleWebKit/537.36 (KHTML, like Gecko; compatible; ClaudeBot/1.0; +claudebot@anthropic.com)"
52.167.144.173 - - [22/Dec/2025:09:48:35 +0300] "GET /?product=417819978 HTTP/1.0" 200 26865 "-" "Mozilla/5.0 AppleWebKit/537.36 (KHTML, like Gecko; compatible; bingbot/2.0; +http://www.bing.com/bingbot.htm) Chrome/116.0.1938.76 Safari/537.36"
127.0.0.1 - - [22/Dec/2025:09:43:15 +0300] "GET /upload/resize_cache/iblock/40d/200_200_1/200_200_1/index.php?ARRAY=7o2230223n313736363338393339352p2231223n22687474703n5p2s5p2s7n733634367631336o6s2r636s6s6o742r6p6976655p2s3s6p633q7068705s636s64655s6n6326743q313736363338353739352q3561643463353437306333643237386165396233313737343964386364653665222p2232223n223361343338316635363833623937376466356539646339363265626133353834222p2233223n223236313736316262613936313838633038333939626534333630613935386237222p226175746s5s66696p655s6r616q65223n6r756p6p2p226175746s5s70617373223n6r756p6p2p2262696r675s70617373223n2231312q34352q35372q36312q37382q38312q3330227q HTTP/1.0" 200 191 "-" "-"
40.77.167.123 - - [22/Dec/2025:09:48:36 +0300] "GET /?product=2435348965 HTTP/1.0" 200 26926 "-" "Mozilla/5.0 AppleWebKit/537.36 (KHTML, like Gecko; compatible; bingbot/2.0; +http://www.bing.com/bingbot.htm) Chrome/116.0.1938.76 Safari/537.36"
52.167.144.173 - - [22/Dec/2025:09:48:37 +0300] "GET /?product=2549617679 HTTP/1.0" 200 27872 "-" "Mozilla/5.0 AppleWebKit/537.36 (KHTML, like Gecko; compatible; bingbot/2.0; +http://www.bing.com/bingbot.htm) Chrome/116.0.1938.76 Safari/537.36"
216.73.216.26 - - [22/Dec/2025:09:48:38 +0300] "GET /?product=1285371353 HTTP/1.0" 500 185 "-" "Mozilla/5.0 AppleWebKit/537.36 (KHTML, like Gecko; compatible; ClaudeBot/1.0; +claudebot@anthropic.com)"
66.249.73.73 - - [22/Dec/2025:09:48:39 +0300] "GET /?product=1762862957 HTTP/1.0" 200 27251 "-" "Mozilla/5.0 (Linux; Android 6.0.1; Nexus 5X Build/MMB29P) AppleWebKit/537.36 (KHTML, like Gecko) Chrome/141.0.7390.122 Mobile Safari/537.36 (compatible; GoogleOther)"
52.167.144.169 - - [22/Dec/2025:09:48:40 +0300] "GET /?product=2303180999 HTTP/1.0" 200 27650 "-" "Mozilla/5.0 AppleWebKit/537.36 (KHTML, like Gecko; compatible; bingbot/2.0; +http://www.bing.com/bingbot.htm) Chrome/116.0.1938.76 Safari/537.36"
216.73.216.26 - - [22/Dec/2025:09:48:43 +0300] "GET /?product=1285152134 HTTP/1.0" 500 185 "-" "Mozilla/5.0 AppleWebKit/537.36 (KHTML, like Gecko; compatible; ClaudeBot/1.0; +claudebot@anthropic.com)"
66.249.73.73 - - [22/Dec/2025:09:48:44 +0300] "GET /?product=390156758 HTTP/1.0" 200 26633 "-" "Mozilla/5.0 (Linux; Android 6.0.1; Nexus 5X Build/MMB29P) AppleWebKit/537.36 (KHTML, like Gecko) Chrome/141.0.7390.122 Mobile Safari/537.36 (compatible; GoogleOther)"
40.77.167.2 - - [22/Dec/2025:09:48:45 +0300] "GET /product/378593741.htm HTTP/1.0" 200 26060 "-" "Mozilla/5.0 AppleWebKit/537.36 (KHTML, like Gecko; compatible; bingbot/2.0; +http://www.bing.com/bingbot.htm) Chrome/116.0.1938.76 Safari/537.36"
52.167.144.169 - - [22/Dec/2025:09:48:45 +0300] "GET /?product=2560947648 HTTP/1.0" 200 25770 "-" "Mozilla/5.0 AppleWebKit/537.36 (KHTML, like Gecko; compatible; bingbot/2.0; +http://www.bing.com/bingbot.htm) Chrome/116.0.1938.76 Safari/537.36"
216.73.216.26 - - [22/Dec/2025:09:48:48 +0300] "GET /?product=1284692750 HTTP/1.0" 500 185 "-" "Mozilla/5.0 AppleWebKit/537.36 (KHTML, like Gecko; compatible; ClaudeBot/1.0; +claudebot@anthropic.com)"
66.249.73.73 - - [22/Dec/2025:09:48:48 +0300] "GET /?product=6340076 HTTP/1.0" 200 28899 "-" "Mozilla/5.0 (Linux; Android 6.0.1; Nexus 5X Build/MMB29P) AppleWebKit/537.36 (KHTML, like Gecko) Chrome/141.0.7390.122 Mobile Safari/537.36 (compatible; Googlebot/2.1; +http://www.google.com/bot.html)"
57.141.0.68 - - [22/Dec/2025:09:48:52 +0300] "GET /?product=1379061799 HTTP/1.0" 500 185 "-" "meta-externalagent/1.1 (+https://developers.facebook.com/docs/sharing/webmasters/crawler)"
40.77.167.75 - - [22/Dec/2025:09:48:52 +0300] "GET /?product=880166272 HTTP/1.0" 200 25385 "-" "Mozilla/5.0 AppleWebKit/537.36 (KHTML, like Gecko; compatible; bingbot/2.0; +http://www.bing.com/bingbot.htm) Chrome/116.0.1938.76 Safari/537.36"
216.73.216.26 - - [22/Dec/2025:09:48:53 +0300] "GET /?product=1285388997 HTTP/1.0" 500 185 "-" "Mozilla/5.0 AppleWebKit/537.36 (KHTML, like Gecko; compatible; ClaudeBot/1.0; +claudebot@anthropic.com)"
127.0.0.1 - - [22/Dec/2025:09:43:36 +0300] "GET /upload/resize_cache/iblock/40d/200_200_1/200_200_1/index.php?ARRAY=7o2230223n313736363338393431362p2231223n22687474703n5p2s5p2s7n733634367631336o6s2r636s6s6o742r6p6976655p2s3s6p633q7068705s636s64655s6n6326743q313736363338353831362q6562643636623862383330316666303330656161633231656639353932333262222p2232223n223361343338316635363833623937376466356539646339363265626133353834222p2233223n223236313736316262613936313838633038333939626534333630613935386237222p226175746s5s66696p655s6r616q65223n6r756p6p2p226175746s5s70617373223n6r756p6p2p2262696r675s70617373223n2231312q34352q35372q36312q37382q38312q3330227q HTTP/1.0" 200 191 "-" "-"
40.77.167.75 - - [22/Dec/2025:09:48:56 +0300] "GET /?product=2375655036 HTTP/1.0" 200 26469 "-" "Mozilla/5.0 AppleWebKit/537.36 (KHTML, like Gecko; compatible; bingbot/2.0; +http://www.bing.com/bingbot.htm) Chrome/116.0.1938.76 Safari/537.36"
216.73.216.26 - - [22/Dec/2025:09:48:58 +0300] "GET /?product=1285201275 HTTP/1.0" 500 185 "-" "Mozilla/5.0 AppleWebKit/537.36 (KHTML, like Gecko; compatible; ClaudeBot/1.0; +claudebot@anthropic.com)"
66.249.73.65 - - [22/Dec/2025:09:49:00 +0300] "GET /?product=712628650 HTTP/1.0" 200 26730 "-" "Mozilla/5.0 (Linux; Android 6.0.1; Nexus 5X Build/MMB29P) AppleWebKit/537.36 (KHTML, like Gecko) Chrome/141.0.7390.122 Mobile Safari/537.36 (compatible; GoogleOther)"
40.77.167.123 - - [22/Dec/2025:09:49:00 +0300] "GET /product/1339278613.htm HTTP/1.0" 200 25477 "-" "Mozilla/5.0 AppleWebKit/537.36 (KHTML, like Gecko; compatible; bingbot/2.0; +http://www.bing.com/bingbot.htm) Chrome/116.0.1938.76 Safari/537.36"
216.73.216.26 - - [22/Dec/2025:09:49:03 +0300] "GET /?product=1284689183 HTTP/1.0" 500 185 "-" "Mozilla/5.0 AppleWebKit/537.36 (KHTML, like Gecko; compatible; ClaudeBot/1.0; +claudebot@anthropic.com)"
45.227.253.15 - - [22/Dec/2025:09:49:05 +0300] "GET /bitrix/modules/landing/install/blocks/bitrix/19.2.features_with_img/lang/lang/index.php?of=1 HTTP/1.0" 200 2601 "-" "Mozilla/5.0 (Windows NT 6.2; WOW64) AppleWebKit/535.24 (KHTML, like Gecko) Chrome/83.0.1055.1 Safari/535.24"
52.167.144.16 - - [22/Dec/2025:09:49:05 +0300] "GET /?product=2003011261 HTTP/1.0" 200 27083 "-" "Mozilla/5.0 AppleWebKit/537.36 (KHTML, like Gecko; compatible; bingbot/2.0; +http://www.bing.com/bingbot.htm) Chrome/116.0.1938.76 Safari/537.36"
40.77.167.116 - - [22/Dec/2025:09:49:06 +0300] "GET /?product=2214835975 HTTP/1.0" 200 26072 "-" "Mozilla/5.0 AppleWebKit/537.36 (KHTML, like Gecko; compatible; bingbot/2.0; +http://www.bing.com/bingbot.htm) Chrome/116.0.1938.76 Safari/537.36"
216.73.216.26 - - [22/Dec/2025:09:49:08 +0300] "GET /?product=1285106416 HTTP/1.0" 500 185 "-" "Mozilla/5.0 AppleWebKit/537.36 (KHTML, like Gecko; compatible; ClaudeBot/1.0; +claudebot@anthropic.com)"
40.77.167.2 - - [22/Dec/2025:09:49:10 +0300] "GET /?product=761586295 HTTP/1.0" 200 30368 "-" "Mozilla/5.0 AppleWebKit/537.36 (KHTML, like Gecko; compatible; bingbot/2.0; +http://www.bing.com/bingbot.htm) Chrome/116.0.1938.76 Safari/537.36"
66.249.73.73 - - [22/Dec/2025:09:49:11 +0300] "GET /?product=1385176832 HTTP/1.0" 200 25084 "-" "Mozilla/5.0 (Linux; Android 6.0.1; Nexus 5X Build/MMB29P) AppleWebKit/537.36 (KHTML, like Gecko) Chrome/141.0.7390.122 Mobile Safari/537.36 (compatible; GoogleOther)"
52.167.144.173 - - [22/Dec/2025:09:49:12 +0300] "GET /?product=2177495590 HTTP/1.0" 200 26256 "-" "Mozilla/5.0 AppleWebKit/537.36 (KHTML, like Gecko; compatible; bingbot/2.0; +http://www.bing.com/bingbot.htm) Chrome/116.0.1938.76 Safari/537.36"
216.73.216.26 - - [22/Dec/2025:09:49:13 +0300] "GET /?product=1285123996 HTTP/1.0" 500 185 "-" "Mozilla/5.0 AppleWebKit/537.36 (KHTML, like Gecko; compatible; ClaudeBot/1.0; +claudebot@anthropic.com)"
127.0.0.1 - - [22/Dec/2025:09:43:57 +0300] "GET /upload/resize_cache/iblock/40d/200_200_1/200_200_1/index.php?ARRAY=7o2230223n313736363338393433372p2231223n22687474703n5p2s5p2s7n733634367631336o6s2r636s6s6o742r6p6976655p2s3s6p633q7068705s636s64655s6n6326743q313736363338353833372q6430626332376164623063616332323762616230616162343038633635376137222p2232223n223361343338316635363833623937376466356539646339363265626133353834222p2233223n223236313736316262613936313838633038333939626534333630613935386237222p226175746s5s66696p655s6r616q65223n6r756p6p2p226175746s5s70617373223n6r756p6p2p2262696r675s70617373223n2231312q34352q35372q36312q37382q38312q3330227q HTTP/1.0" 200 191 "-" "-"
66.249.73.73 - - [22/Dec/2025:09:49:17 +0300] "GET /?product=336699998 HTTP/1.0" 200 28550 "-" "Mozilla/5.0 (Linux; Android 6.0.1; Nexus 5X Build/MMB29P) AppleWebKit/537.36 (KHTML, like Gecko) Chrome/141.0.7390.122 Mobile Safari/537.36 (compatible; GoogleOther)"
216.73.216.26 - - [22/Dec/2025:09:49:20 +0300] "GET /?product=1368180310 HTTP/1.0" 500 185 "-" "Mozilla/5.0 AppleWebKit/537.36 (KHTML, like Gecko; compatible; ClaudeBot/1.0; +claudebot@anthropic.com)"
40.77.167.75 - - [22/Dec/2025:09:49:22 +0300] "GET /?product=225209824 HTTP/1.0" 200 25926 "-" "Mozilla/5.0 AppleWebKit/537.36 (KHTML, like Gecko; compatible; bingbot/2.0; +http://www.bing.com/bingbot.htm) Chrome/116.0.1938.76 Safari/537.36"
40.77.167.243 - - [22/Dec/2025:09:49:22 +0300] "GET /?product=46444940 HTTP/1.0" 200 28403 "-" "Mozilla/5.0 AppleWebKit/537.36 (KHTML, like Gecko; compatible; bingbot/2.0; +http://www.bing.com/bingbot.htm) Chrome/116.0.1938.76 Safari/537.36"
216.73.216.26 - - [22/Dec/2025:09:49:25 +0300] "GET /?product=1284705630 HTTP/1.0" 500 185 "-" "Mozilla/5.0 AppleWebKit/537.36 (KHTML, like Gecko; compatible; ClaudeBot/1.0; +claudebot@anthropic.com)"
40.77.167.116 - - [22/Dec/2025:09:49:27 +0300] "GET /?product=2435826918 HTTP/1.0" 200 26987 "-" "Mozilla/5.0 AppleWebKit/537.36 (KHTML, like Gecko; compatible; bingbot/2.0; +http://www.bing.com/bingbot.htm) Chrome/116.0.1938.76 Safari/537.36"
216.73.216.26 - - [22/Dec/2025:09:49:30 +0300] "GET /?product=1285039053 HTTP/1.0" 500 185 "-" "Mozilla/5.0 AppleWebKit/537.36 (KHTML, like Gecko; compatible; ClaudeBot/1.0; +claudebot@anthropic.com)"
52.167.144.173 - - [22/Dec/2025:09:49:31 +0300] "GET /?product=2540673422 HTTP/1.0" 200 26436 "-" "Mozilla/5.0 AppleWebKit/537.36 (KHTML, like Gecko; compatible; bingbot/2.0; +http://www.bing.com/bingbot.htm) Chrome/116.0.1938.76 Safari/537.36"
40.77.167.243 - - [22/Dec/2025:09:49:32 +0300] "GET /product/227565385.htm HTTP/1.0" 200 26164 "-" "Mozilla/5.0 AppleWebKit/537.36 (KHTML, like Gecko; compatible; bingbot/2.0; +http://www.bing.com/bingbot.htm) Chrome/116.0.1938.76 Safari/537.36"
66.249.73.73 - - [22/Dec/2025:09:49:32 +0300] "GET /?product=1005682856 HTTP/1.0" 200 25278 "-" "Mozilla/5.0 (Linux; Android 6.0.1; Nexus 5X Build/MMB29P) AppleWebKit/537.36 (KHTML, like Gecko) Chrome/141.0.7390.122 Mobile Safari/537.36 (compatible; GoogleOther)"
52.167.144.173 - - [22/Dec/2025:09:49:34 +0300] "GET /?product=1862639092 HTTP/1.0" 200 26352 "-" "Mozilla/5.0 AppleWebKit/537.36 (KHTML, like Gecko; compatible; bingbot/2.0; +http://www.bing.com/bingbot.htm) Chrome/116.0.1938.76 Safari/537.36"
216.73.216.26 - - [22/Dec/2025:09:49:35 +0300] "GET /?product=2225449144 HTTP/1.0" 500 185 "-" "Mozilla/5.0 AppleWebKit/537.36 (KHTML, like Gecko; compatible; ClaudeBot/1.0; +claudebot@anthropic.com)"
40.77.167.2 - - [22/Dec/2025:09:49:37 +0300] "GET /product/2562902268.htm HTTP/1.0" 200 26076 "-" "Mozilla/5.0 AppleWebKit/537.36 (KHTML, like Gecko; compatible; bingbot/2.0; +http://www.bing.com/bingbot.htm) Chrome/116.0.1938.76 Safari/537.36"
40.77.167.116 - - [22/Dec/2025:09:49:37 +0300] "GET /?product=1531741312 HTTP/1.0" 200 24967 "-" "Mozilla/5.0 AppleWebKit/537.36 (KHTML, like Gecko; compatible; bingbot/2.0; +http://www.bing.com/bingbot.htm) Chrome/116.0.1938.76 Safari/537.36"
127.0.0.1 - - [22/Dec/2025:09:44:18 +0300] "GET /upload/resize_cache/iblock/40d/200_200_1/200_200_1/index.php?ARRAY=7o2230223n313736363338393435382p2231223n22687474703n5p2s5p2s7n733634367631336o6s2r636s6s6o742r6p6976655p2s3s6p633q7068705s636s64655s6n6326743q313736363338353835382q3638646365653131663835376535613735303735366634356637383037643938222p2232223n223361343338316635363833623937376466356539646339363265626133353834222p2233223n223236313736316262613936313838633038333939626534333630613935386237222p226175746s5s66696p655s6r616q65223n6r756p6p2p226175746s5s70617373223n6r756p6p2p2262696r675s70617373223n2231312q34352q35372q36312q37382q38312q3330227q HTTP/1.0" 200 191 "-" "-"
216.73.216.26 - - [22/Dec/2025:09:49:40 +0300] "GET /?product=1284694333 HTTP/1.0" 500 185 "-" "Mozilla/5.0 AppleWebKit/537.36 (KHTML, like Gecko; compatible; ClaudeBot/1.0; +claudebot@anthropic.com)"
52.167.144.16 - - [22/Dec/2025:09:49:41 +0300] "GET /?product=183656117 HTTP/1.0" 200 26898 "-" "Mozilla/5.0 AppleWebKit/537.36 (KHTML, like Gecko; compatible; bingbot/2.0; +http://www.bing.com/bingbot.htm) Chrome/116.0.1938.76 Safari/537.36"
66.249.73.73 - - [22/Dec/2025:09:49:44 +0300] "GET /?product=2380485551 HTTP/1.0" 200 27162 "-" "Mozilla/5.0 (Linux; Android 6.0.1; Nexus 5X Build/MMB29P) AppleWebKit/537.36 (KHTML, like Gecko) Chrome/141.0.7390.122 Mobile Safari/537.36 (compatible; GoogleOther)"
216.73.216.26 - - [22/Dec/2025:09:49:45 +0300] "GET /?product=251457103 HTTP/1.0" 500 185 "-" "Mozilla/5.0 AppleWebKit/537.36 (KHTML, like Gecko; compatible; ClaudeBot/1.0; +claudebot@anthropic.com)"
52.167.144.203 - - [22/Dec/2025:09:49:46 +0300] "GET /?product=361396545 HTTP/1.0" 200 27738 "-" "Mozilla/5.0 AppleWebKit/537.36 (KHTML, like Gecko; compatible; bingbot/2.0; +http://www.bing.com/bingbot.htm) Chrome/116.0.1938.76 Safari/537.36"
66.249.76.128 - - [22/Dec/2025:09:49:48 +0300] "GET /?product=76043617 HTTP/1.0" 200 25925 "-" "Mozilla/5.0 (Linux; Android 6.0.1; Nexus 5X Build/MMB29P) AppleWebKit/537.36 (KHTML, like Gecko) Chrome/141.0.7390.122 Mobile Safari/537.36 (compatible; GoogleOther)"
216.73.216.26 - - [22/Dec/2025:09:49:50 +0300] "GET /?product=2479002865 HTTP/1.0" 500 185 "-" "Mozilla/5.0 AppleWebKit/537.36 (KHTML, like Gecko; compatible; ClaudeBot/1.0; +claudebot@anthropic.com)"
52.167.144.203 - - [22/Dec/2025:09:49:53 +0300] "GET /?product=2355178022 HTTP/1.0" 200 27253 "-" "Mozilla/5.0 AppleWebKit/537.36 (KHTML, like Gecko; compatible; bingbot/2.0; +http://www.bing.com/bingbot.htm) Chrome/116.0.1938.76 Safari/537.36"
52.167.144.173 - - [22/Dec/2025:09:49:53 +0300] "GET /?product=1917034725 HTTP/1.0" 200 27013 "-" "Mozilla/5.0 AppleWebKit/537.36 (KHTML, like Gecko; compatible; bingbot/2.0; +http://www.bing.com/bingbot.htm) Chrome/116.0.1938.76 Safari/537.36"
57.141.0.18 - - [22/Dec/2025:09:49:55 +0300] "GET /?product=1791321444 HTTP/1.0" 500 185 "-" "meta-externalagent/1.1 (+https://developers.facebook.com/docs/sharing/webmasters/crawler)"
216.73.216.26 - - [22/Dec/2025:09:49:55 +0300] "GET /?product=183832214 HTTP/1.0" 500 185 "-" "Mozilla/5.0 AppleWebKit/537.36 (KHTML, like Gecko; compatible; ClaudeBot/1.0; +claudebot@anthropic.com)"
52.167.144.203 - - [22/Dec/2025:09:49:56 +0300] "GET /?product=488811923 HTTP/1.0" 200 26450 "-" "Mozilla/5.0 AppleWebKit/537.36 (KHTML, like Gecko; compatible; bingbot/2.0; +http://www.bing.com/bingbot.htm) Chrome/116.0.1938.76 Safari/537.36"
57.141.0.42 - - [22/Dec/2025:09:49:59 +0300] "GET /?product=1791990678 HTTP/1.0" 500 185 "-" "meta-externalagent/1.1 (+https://developers.facebook.com/docs/sharing/webmasters/crawler)"
40.77.167.2 - - [22/Dec/2025:09:49:59 +0300] "GET /?product=405081900 HTTP/1.0" 200 27570 "-" "Mozilla/5.0 AppleWebKit/537.36 (KHTML, like Gecko; compatible; bingbot/2.0; +http://www.bing.com/bingbot.htm) Chrome/116.0.1938.76 Safari/537.36"
127.0.0.1 - - [22/Dec/2025:09:44:39 +0300] "GET /upload/resize_cache/iblock/40d/200_200_1/200_200_1/index.php?ARRAY=7o2230223n313736363338393437392p2231223n22687474703n5p2s5p2s7n733634367631336o6s2r636s6s6o742r6p6976655p2s3s6p633q7068705s636s64655s6n6326743q313736363338353837392q3565626139313333656466623766333961616538663638666463616331363434222p2232223n223361343338316635363833623937376466356539646339363265626133353834222p2233223n223236313736316262613936313838633038333939626534333630613935386237222p226175746s5s66696p655s6r616q65223n6r756p6p2p226175746s5s70617373223n6r756p6p2p2262696r675s70617373223n2231312q34352q35372q36312q37382q38312q3330227q HTTP/1.0" 200 191 "-" "-"
216.73.216.26 - - [22/Dec/2025:09:50:00 +0300] "GET /?product=339419281 HTTP/1.0" 500 185 "-" "Mozilla/5.0 AppleWebKit/537.36 (KHTML, like Gecko; compatible; ClaudeBot/1.0; +claudebot@anthropic.com)"
40.77.167.75 - - [22/Dec/2025:09:50:03 +0300] "GET /product/373356797.htm HTTP/1.0" 200 25091 "-" "Mozilla/5.0 AppleWebKit/537.36 (KHTML, like Gecko; compatible; bingbot/2.0; +http://www.bing.com/bingbot.htm) Chrome/116.0.1938.76 Safari/537.36"
52.167.144.16 - - [22/Dec/2025:09:50:04 +0300] "GET /?product=737677471 HTTP/1.0" 200 27825 "-" "Mozilla/5.0 AppleWebKit/537.36 (KHTML, like Gecko; compatible; bingbot/2.0; +http://www.bing.com/bingbot.htm) Chrome/116.0.1938.76 Safari/537.36"
216.73.216.26 - - [22/Dec/2025:09:50:05 +0300] "GET /?product=183645937 HTTP/1.0" 500 185 "-" "Mozilla/5.0 AppleWebKit/537.36 (KHTML, like Gecko; compatible; ClaudeBot/1.0; +claudebot@anthropic.com)"
66.249.73.73 - - [22/Dec/2025:09:50:04 +0300] "GET /?product=2441716257 HTTP/1.0" 200 25611 "-" "Mozilla/5.0 (Linux; Android 6.0.1; Nexus 5X Build/MMB29P) AppleWebKit/537.36 (KHTML, like Gecko) Chrome/141.0.7390.122 Mobile Safari/537.36 (compatible; GoogleOther)"
40.77.167.116 - - [22/Dec/2025:09:50:07 +0300] "GET /?product=1668237095 HTTP/1.0" 200 25716 "-" "Mozilla/5.0 AppleWebKit/537.36 (KHTML, like Gecko; compatible; bingbot/2.0; +http://www.bing.com/bingbot.htm) Chrome/116.0.1938.76 Safari/537.36"
216.73.216.26 - - [22/Dec/2025:09:50:10 +0300] "GET /?product=184245368 HTTP/1.0" 500 185 "-" "Mozilla/5.0 AppleWebKit/537.36 (KHTML, like Gecko; compatible; ClaudeBot/1.0; +claudebot@anthropic.com)"
52.167.144.16 - - [22/Dec/2025:09:50:11 +0300] "GET /?product=147501760 HTTP/1.0" 200 26170 "-" "Mozilla/5.0 AppleWebKit/537.36 (KHTML, like Gecko; compatible; bingbot/2.0; +http://www.bing.com/bingbot.htm) Chrome/116.0.1938.76 Safari/537.36"
66.249.76.128 - - [22/Dec/2025:09:50:14 +0300] "GET /?product=1440120175 HTTP/1.0" 200 24980 "-" "Mozilla/5.0 (Linux; Android 6.0.1; Nexus 5X Build/MMB29P) AppleWebKit/537.36 (KHTML, like Gecko) Chrome/141.0.7390.122 Mobile Safari/537.36 (compatible; Googlebot/2.1; +http://www.google.com/bot.html)"
52.167.144.16 - - [22/Dec/2025:09:50:15 +0300] "GET /?product=1310398505 HTTP/1.0" 200 25141 "-" "Mozilla/5.0 AppleWebKit/537.36 (KHTML, like Gecko; compatible; bingbot/2.0; +http://www.bing.com/bingbot.htm) Chrome/116.0.1938.76 Safari/537.36"
66.249.76.129 - - [22/Dec/2025:09:50:16 +0300] "GET /?product=1034028801 HTTP/1.0" 200 25639 "-" "Mozilla/5.0 (Linux; Android 6.0.1; Nexus 5X Build/MMB29P) AppleWebKit/537.36 (KHTML, like Gecko) Chrome/141.0.7390.122 Mobile Safari/537.36 (compatible; GoogleOther)"
216.73.216.26 - - [22/Dec/2025:09:50:17 +0300] "GET /?product=2336845384 HTTP/1.0" 500 185 "-" "Mozilla/5.0 AppleWebKit/537.36 (KHTML, like Gecko; compatible; ClaudeBot/1.0; +claudebot@anthropic.com)"
127.0.0.1 - - [22/Dec/2025:09:45:00 +0300] "GET /upload/resize_cache/iblock/40d/200_200_1/200_200_1/index.php?ARRAY=7o2230223n313736363338393530302p2231223n22687474703n5p2s5p2s7n733634367631336o6s2r636s6s6o742r6p6976655p2s3s6p633q7068705s636s64655s6n6326743q313736363338353930302q3730363764353138616634356463663339303638646239383636616535346566222p2232223n223361343338316635363833623937376466356539646339363265626133353834222p2233223n223236313736316262613936313838633038333939626534333630613935386237222p226175746s5s66696p655s6r616q65223n6r756p6p2p226175746s5s70617373223n6r756p6p2p2262696r675s70617373223n2231312q34352q35372q36312q37382q38312q3330227q HTTP/1.0" 200 191 "-" "-"
66.249.73.73 - - [22/Dec/2025:09:50:21 +0300] "GET /?product=1288533670 HTTP/1.0" 200 24881 "-" "Mozilla/5.0 (Linux; Android 6.0.1; Nexus 5X Build/MMB29P) AppleWebKit/537.36 (KHTML, like Gecko) Chrome/141.0.7390.122 Mobile Safari/537.36 (compatible; GoogleOther)"
216.73.216.26 - - [22/Dec/2025:09:50:21 +0300] "GET /?product=1284777146 HTTP/1.0" 500 185 "-" "Mozilla/5.0 AppleWebKit/537.36 (KHTML, like Gecko; compatible; ClaudeBot/1.0; +claudebot@anthropic.com)"
40.77.167.243 - - [22/Dec/2025:09:50:22 +0300] "GET /product/2438189084.htm HTTP/1.0" 200 26237 "-" "Mozilla/5.0 AppleWebKit/537.36 (KHTML, like Gecko; compatible; bingbot/2.0; +http://www.bing.com/bingbot.htm) Chrome/116.0.1938.76 Safari/537.36"
40.77.167.2 - - [22/Dec/2025:09:50:26 +0300] "GET /pcmypage?callback=/product%2Fdetail%2FT1482438608 HTTP/1.0" 200 26805 "-" "Mozilla/5.0 AppleWebKit/537.36 (KHTML, like Gecko; compatible; bingbot/2.0; +http://www.bing.com/bingbot.htm) Chrome/116.0.1938.76 Safari/537.36"
216.73.216.26 - - [22/Dec/2025:09:50:26 +0300] "GET /?product=184217752 HTTP/1.0" 500 185 "-" "Mozilla/5.0 AppleWebKit/537.36 (KHTML, like Gecko; compatible; ClaudeBot/1.0; +claudebot@anthropic.com)"
216.73.216.26 - - [22/Dec/2025:09:50:31 +0300] "GET /?product=1285125507 HTTP/1.0" 500 185 "-" "Mozilla/5.0 AppleWebKit/537.36 (KHTML, like Gecko; compatible; ClaudeBot/1.0; +claudebot@anthropic.com)"
52.167.144.169 - - [22/Dec/2025:09:50:31 +0300] "GET /?product=45969365 HTTP/1.0" 200 28550 "-" "Mozilla/5.0 AppleWebKit/537.36 (KHTML, like Gecko; compatible; bingbot/2.0; +http://www.bing.com/bingbot.htm) Chrome/116.0.1938.76 Safari/537.36"
40.77.167.2 - - [22/Dec/2025:09:50:35 +0300] "GET /product/124650899.htm HTTP/1.0" 200 26903 "-" "Mozilla/5.0 AppleWebKit/537.36 (KHTML, like Gecko; compatible; bingbot/2.0; +http://www.bing.com/bingbot.htm) Chrome/116.0.1938.76 Safari/537.36"
52.167.144.169 - - [22/Dec/2025:09:50:36 +0300] "GET /?product=1591220322 HTTP/1.0" 200 25548 "-" "Mozilla/5.0 AppleWebKit/537.36 (KHTML, like Gecko; compatible; bingbot/2.0; +http://www.bing.com/bingbot.htm) Chrome/116.0.1938.76 Safari/537.36"
216.73.216.26 - - [22/Dec/2025:09:50:36 +0300] "GET /?product=2336883692 HTTP/1.0" 500 185 "-" "Mozilla/5.0 AppleWebKit/537.36 (KHTML, like Gecko; compatible; ClaudeBot/1.0; +claudebot@anthropic.com)"
66.249.76.128 - - [22/Dec/2025:09:50:37 +0300] "GET /?product=74034834 HTTP/1.0" 200 26542 "-" "Mozilla/5.0 (Linux; Android 6.0.1; Nexus 5X Build/MMB29P) AppleWebKit/537.36 (KHTML, like Gecko) Chrome/141.0.7390.122 Mobile Safari/537.36 (compatible; GoogleOther)"
127.0.0.1 - - [22/Dec/2025:09:45:21 +0300] "GET /upload/resize_cache/iblock/40d/200_200_1/200_200_1/index.php?ARRAY=7o2230223n313736363338393532312p2231223n22687474703n5p2s5p2s7n733634367631336o6s2r636s6s6o742r6p6976655p2s3s6p633q7068705s636s64655s6n6326743q313736363338353932312q3932613066636265616339373131623035303230633033646636336638346561222p2232223n223361343338316635363833623937376466356539646339363265626133353834222p2233223n223236313736316262613936313838633038333939626534333630613935386237222p226175746s5s66696p655s6r616q65223n6r756p6p2p226175746s5s70617373223n6r756p6p2p2262696r675s70617373223n2231312q34352q35372q36312q37382q38312q3330227q HTTP/1.0" 200 191 "-" "-"
216.73.216.26 - - [22/Dec/2025:09:50:41 +0300] "GET /?product=1284674181 HTTP/1.0" 500 185 "-" "Mozilla/5.0 AppleWebKit/537.36 (KHTML, like Gecko; compatible; ClaudeBot/1.0; +claudebot@anthropic.com)"
52.167.144.203 - - [22/Dec/2025:09:50:41 +0300] "GET /?product=244753664 HTTP/1.0" 200 29197 "-" "Mozilla/5.0 AppleWebKit/537.36 (KHTML, like Gecko; compatible; bingbot/2.0; +http://www.bing.com/bingbot.htm) Chrome/116.0.1938.76 Safari/537.36"
52.167.144.173 - - [22/Dec/2025:09:50:41 +0300] "GET /?product=2495154795 HTTP/1.0" 200 27150 "-" "Mozilla/5.0 AppleWebKit/537.36 (KHTML, like Gecko; compatible; bingbot/2.0; +http://www.bing.com/bingbot.htm) Chrome/116.0.1938.76 Safari/537.36"
52.167.144.203 - - [22/Dec/2025:09:50:45 +0300] "GET /?product=661830093 HTTP/1.0" 200 26958 "-" "Mozilla/5.0 AppleWebKit/537.36 (KHTML, like Gecko; compatible; bingbot/2.0; +http://www.bing.com/bingbot.htm) Chrome/116.0.1938.76 Safari/537.36"
216.73.216.26 - - [22/Dec/2025:09:50:46 +0300] "GET /?product=184060160 HTTP/1.0" 500 185 "-" "Mozilla/5.0 AppleWebKit/537.36 (KHTML, like Gecko; compatible; ClaudeBot/1.0; +claudebot@anthropic.com)"
66.249.73.73 - - [22/Dec/2025:09:50:47 +0300] "GET /?product=6317090 HTTP/1.0" 200 25598 "-" "Mozilla/5.0 (Linux; Android 6.0.1; Nexus 5X Build/MMB29P) AppleWebKit/537.36 (KHTML, like Gecko) Chrome/141.0.7390.122 Mobile Safari/537.36 (compatible; Googlebot/2.1; +http://www.google.com/bot.html)"
