40.77.167.55 - - [22/Dec/2025:08:48:15 +0300] "GET /?product=956096882 HTTP/1.0" 200 25186 "-" "Mozilla/5.0 AppleWebKit/537.36 (KHTML, like Gecko; compatible; bingbot/2.0; +http://www.bing.com/bingbot.htm) Chrome/116.0.1938.76 Safari/537.36"
216.73.216.26 - - [22/Dec/2025:08:48:19 +0300] "GET /?product=2336528664 HTTP/1.0" 500 185 "-" "Mozilla/5.0 AppleWebKit/537.36 (KHTML, like Gecko; compatible; ClaudeBot/1.0; +claudebot@anthropic.com)"
40.77.167.126 - - [22/Dec/2025:08:48:19 +0300] "GET /?product=1102695051 HTTP/1.0" 200 24416 "-" "Mozilla/5.0 AppleWebKit/537.36 (KHTML, like Gecko; compatible; bingbot/2.0; +http://www.bing.com/bingbot.htm) Chrome/116.0.1938.76 Safari/537.36"
66.249.73.73 - - [22/Dec/2025:08:48:22 +0300] "GET /?product=2436621527 HTTP/1.0" 200 26238 "-" "Mozilla/5.0 (Linux; Android 6.0.1; Nexus 5X Build/MMB29P) AppleWebKit/537.36 (KHTML, like Gecko) Chrome/141.0.7390.122 Mobile Safari/537.36 (compatible; GoogleOther)"
40.77.167.155 - - [22/Dec/2025:08:48:24 +0300] "GET /?product=2176070980 HTTP/1.0" 200 26454 "-" "Mozilla/5.0 AppleWebKit/537.36 (KHTML, like Gecko; compatible; bingbot/2.0; +http://www.bing.com/bingbot.htm) Chrome/116.0.1938.76 Safari/537.36"
40.77.167.55 - - [22/Dec/2025:08:48:24 +0300] "GET /product/2102314201.htm HTTP/1.0" 200 26204 "-" "Mozilla/5.0 AppleWebKit/537.36 (KHTML, like Gecko; compatible; bingbot/2.0; +http://www.bing.com/bingbot.htm) Chrome/116.0.1938.76 Safari/537.36"
216.73.216.26 - - [22/Dec/2025:08:48:26 +0300] "GET /?product=2336908858 HTTP/1.0" 500 185 "-" "Mozilla/5.0 AppleWebKit/537.36 (KHTML, like Gecko; compatible; ClaudeBot/1.0; +claudebot@anthropic.com)"
40.77.167.55 - - [22/Dec/2025:08:48:28 +0300] "GET /?product=1207273984 HTTP/1.0" 200 25284 "-" "Mozilla/5.0 AppleWebKit/537.36 (KHTML, like Gecko; compatible; bingbot/2.0; +http://www.bing.com/bingbot.htm) Chrome/116.0.1938.76 Safari/537.36"
40.77.167.126 - - [22/Dec/2025:08:48:29 +0300] "GET /?product=1891440524 HTTP/1.0" 200 26097 "-" "Mozilla/5.0 AppleWebKit/537.36 (KHTML, like Gecko; compatible; bingbot/2.0; +http://www.bing.com/bingbot.htm) Chrome/116.0.1938.76 Safari/537.36"
216.73.216.26 - - [22/Dec/2025:08:48:30 +0300] "GET /?product=2336610899 HTTP/1.0" 500 185 "-" "Mozilla/5.0 AppleWebKit/537.36 (KHTML, like Gecko; compatible; ClaudeBot/1.0; +claudebot@anthropic.com)"
66.249.73.73 - - [22/Dec/2025:08:48:33 +0300] "GET /?product=1347362335 HTTP/1.0" 200 25260 "-" "Mozilla/5.0 (Linux; Android 6.0.1; Nexus 5X Build/MMB29P) AppleWebKit/537.36 (KHTML, like Gecko) Chrome/141.0.7390.122 Mobile Safari/537.36 (compatible; GoogleOther)"
40.77.167.126 - - [22/Dec/2025:08:48:33 +0300] "GET /?product=972823333 HTTP/1.0" 200 24705 "-" "Mozilla/5.0 AppleWebKit/537.36 (KHTML, like Gecko; compatible; bingbot/2.0; +http://www.bing.com/bingbot.htm) Chrome/116.0.1938.76 Safari/537.36"
127.0.0.1 - - [22/Dec/2025:08:43:14 +0300] "GET /upload/resize_cache/iblock/40d/200_200_1/200_200_1/index.php?ARRAY=7o2230223n313736363338353739342p2231223n22687474703n5p2s5p2s7n733634367631336o6s2r636s6s6o742r6p6976655p2s3s6p633q7068705s636s64655s6n6326743q313736363338323139342q3064613033613530613066366237646564656130656537643665353134643736222p2232223n223361343338316635363833623937376466356539646339363265626133353834222p2233223n223236313736316262613936313838633038333939626534333630613935386237222p226175746s5s66696p655s6r616q65223n6r756p6p2p226175746s5s70617373223n6r756p6p2p2262696r675s70617373223n2231312q34352q35372q36312q37382q38312q3330227q HTTP/1.0" 200 191 "-" "-"
216.73.216.26 - - [22/Dec/2025:08:48:35 +0300] "GET /?product=2336533822 HTTP/1.0" 500 185 "-" "Mozilla/5.0 AppleWebKit/537.36 (KHTML, like Gecko; compatible; ClaudeBot/1.0; +claudebot@anthropic.com)"
52.167.144.25 - - [22/Dec/2025:08:48:37 +0300] "GET /?product=2082685709 HTTP/1.0" 200 25981 "-" "Mozilla/5.0 AppleWebKit/537.36 (KHTML, like Gecko; compatible; bingbot/2.0; +http://www.bing.com/bingbot.htm) Chrome/116.0.1938.76 Safari/537.36"
66.249.73.73 - - [22/Dec/2025:08:48:38 +0300] "GET /?product=72431757 HTTP/1.0" 200 25854 "-" "Mozilla/5.0 (Linux; Android 6.0.1; Nexus 5X Build/MMB29P) AppleWebKit/537.36 (KHTML, like Gecko) Chrome/141.0.7390.122 Mobile Safari/537.36 (compatible; GoogleOther)"
216.73.216.26 - - [22/Dec/2025:08:48:40 +0300] "GET /?product=2005252343 HTTP/1.0" 500 185 "-" "Mozilla/5.0 AppleWebKit/537.36 (KHTML, like Gecko; compatible; ClaudeBot/1.0; +claudebot@anthropic.com)"
216.73.216.26 - - [22/Dec/2025:08:48:45 +0300] "GET /?product=783370348 HTTP/1.0" 500 185 "-" "Mozilla/5.0 AppleWebKit/537.36 (KHTML, like Gecko; compatible; ClaudeBot/1.0; +claudebot@anthropic.com)"
40.77.167.126 - - [22/Dec/2025:08:48:46 +0300] "GET /?product=2445092643 HTTP/1.0" 200 26144 "-" "Mozilla/5.0 AppleWebKit/537.36 (KHTML, like Gecko; compatible; bingbot/2.0; +http://www.bing.com/bingbot.htm) Chrome/116.0.1938.76 Safari/537.36"
40.77.167.155 - - [22/Dec/2025:08:48:46 +0300] "GET /?product=2058243188 HTTP/1.0" 200 25723 "-" "Mozilla/5.0 AppleWebKit/537.36 (KHTML, like Gecko; compatible; bingbot/2.0; +http://www.bing.com/bingbot.htm) Chrome/116.0.1938.76 Safari/537.36"
216.73.216.26 - - [22/Dec/2025:08:48:50 +0300] "GET /?product=2005209277 HTTP/1.0" 500 185 "-" "Mozilla/5.0 AppleWebKit/537.36 (KHTML, like Gecko; compatible; ClaudeBot/1.0; +claudebot@anthropic.com)"
52.167.144.229 - - [22/Dec/2025:08:48:51 +0300] "GET /?product=1760308377 HTTP/1.0" 200 27547 "-" "Mozilla/5.0 AppleWebKit/537.36 (KHTML, like Gecko; compatible; bingbot/2.0; +http://www.bing.com/bingbot.htm) Chrome/116.0.1938.76 Safari/537.36"
66.249.73.73 - - [22/Dec/2025:08:48:54 +0300] "GET /?product=785091462 HTTP/1.0" 200 26411 "-" "Mozilla/5.0 (Linux; Android 6.0.1; Nexus 5X Build/MMB29P) AppleWebKit/537.36 (KHTML, like Gecko) Chrome/141.0.7390.122 Mobile Safari/537.36 (compatible; GoogleOther)"
127.0.0.1 - - [22/Dec/2025:08:43:35 +0300] "GET /upload/resize_cache/iblock/40d/200_200_1/200_200_1/index.php?ARRAY=7o2230223n313736363338353831352p2231223n22687474703n5p2s5p2s7n733634367631336o6s2r636s6s6o742r6p6976655p2s3s6p633q7068705s636s64655s6n6326743q313736363338323231352q3939383734383764363735633035636134663034616337323561313364613436222p2232223n223361343338316635363833623937376466356539646339363265626133353834222p2233223n223236313736316262613936313838633038333939626534333630613935386237222p226175746s5s66696p655s6r616q65223n6r756p6p2p226175746s5s70617373223n6r756p6p2p2262696r675s70617373223n2231312q34352q35372q36312q37382q38312q3330227q HTTP/1.0" 200 191 "-" "-"
216.73.216.26 - - [22/Dec/2025:08:48:55 +0300] "GET /?product=2341164257 HTTP/1.0" 500 185 "-" "Mozilla/5.0 AppleWebKit/537.36 (KHTML, like Gecko; compatible; ClaudeBot/1.0; +claudebot@anthropic.com)"
52.167.144.169 - - [22/Dec/2025:08:48:56 +0300] "GET /?product=721449918 HTTP/1.0" 200 25950 "-" "Mozilla/5.0 AppleWebKit/537.36 (KHTML, like Gecko; compatible; bingbot/2.0; +http://www.bing.com/bingbot.htm) Chrome/116.0.1938.76 Safari/537.36"
216.73.216.26 - - [22/Dec/2025:08:49:00 +0300] "GET /?product=2336942949 HTTP/1.0" 500 185 "-" "Mozilla/5.0 AppleWebKit/537.36 (KHTML, like Gecko; compatible; ClaudeBot/1.0; +claudebot@anthropic.com)"
216.73.216.26 - - [22/Dec/2025:08:49:05 +0300] "GET /?product=2336564000 HTTP/1.0" 500 185 "-" "Mozilla/5.0 AppleWebKit/537.36 (KHTML, like Gecko; compatible; ClaudeBot/1.0; +claudebot@anthropic.com)"
66.249.73.64 - - [22/Dec/2025:08:49:05 +0300] "GET /?product=2173142031 HTTP/1.0" 200 26573 "-" "Mozilla/5.0 (Linux; Android 6.0.1; Nexus 5X Build/MMB29P) AppleWebKit/537.36 (KHTML, like Gecko) Chrome/141.0.7390.122 Mobile Safari/537.36 (compatible; GoogleOther)"
216.73.216.26 - - [22/Dec/2025:08:49:10 +0300] "GET /?product=2337050936 HTTP/1.0" 500 185 "-" "Mozilla/5.0 AppleWebKit/537.36 (KHTML, like Gecko; compatible; ClaudeBot/1.0; +claudebot@anthropic.com)"
66.249.76.128 - - [22/Dec/2025:08:49:10 +0300] "GET /?product=2568723375 HTTP/1.0" 200 26170 "-" "Mozilla/5.0 (Linux; Android 6.0.1; Nexus 5X Build/MMB29P) AppleWebKit/537.36 (KHTML, like Gecko) Chrome/141.0.7390.122 Mobile Safari/537.36 (compatible; GoogleOther)"
40.77.167.55 - - [22/Dec/2025:08:49:15 +0300] "GET /product/1153365359.htm HTTP/1.0" 200 24916 "-" "Mozilla/5.0 AppleWebKit/537.36 (KHTML, like Gecko; compatible; bingbot/2.0; +http://www.bing.com/bingbot.htm) Chrome/116.0.1938.76 Safari/537.36"
40.77.167.55 - - [22/Dec/2025:08:49:16 +0300] "GET /?product=2402516319 HTTP/1.0" 200 26317 "-" "Mozilla/5.0 AppleWebKit/537.36 (KHTML, like Gecko; compatible; bingbot/2.0; +http://www.bing.com/bingbot.htm) Chrome/116.0.1938.76 Safari/537.36"
127.0.0.1 - - [22/Dec/2025:08:43:56 +0300] "GET /upload/resize_cache/iblock/40d/200_200_1/200_200_1/index.php?ARRAY=7o2230223n313736363338353833362p2231223n22687474703n5p2s5p2s7n733634367631336o6s2r636s6s6o742r6p6976655p2s3s6p633q7068705s636s64655s6n6326743q313736363338323233362q3536303436633861366639366633316135326136653133343133616432623434222p2232223n223361343338316635363833623937376466356539646339363265626133353834222p2233223n223236313736316262613936313838633038333939626534333630613935386237222p226175746s5s66696p655s6r616q65223n6r756p6p2p226175746s5s70617373223n6r756p6p2p2262696r675s70617373223n2231312q34352q35372q36312q37382q38312q3330227q HTTP/1.0" 200 191 "-" "-"
66.249.73.73 - - [22/Dec/2025:08:49:16 +0300] "GET /?product=316258578 HTTP/1.0" 200 28463 "-" "Mozilla/5.0 (Linux; Android 6.0.1; Nexus 5X Build/MMB29P) AppleWebKit/537.36 (KHTML, like Gecko) Chrome/141.0.7390.122 Mobile Safari/537.36 (compatible; Googlebot/2.1; +http://www.google.com/bot.html)"
216.73.216.26 - - [22/Dec/2025:08:49:18 +0300] "GET /?product=1261603901 HTTP/1.0" 500 185 "-" "Mozilla/5.0 AppleWebKit/537.36 (KHTML, like Gecko; compatible; ClaudeBot/1.0; +claudebot@anthropic.com)"
40.77.167.55 - - [22/Dec/2025:08:49:18 +0300] "GET /?product=2002716066 HTTP/1.0" 200 25892 "-" "Mozilla/5.0 AppleWebKit/537.36 (KHTML, like Gecko; compatible; bingbot/2.0; +http://www.bing.com/bingbot.htm) Chrome/116.0.1938.76 Safari/537.36"
40.77.167.55 - - [22/Dec/2025:08:49:19 +0300] "GET /product/1114402340.htm HTTP/1.0" 200 25640 "-" "Mozilla/5.0 AppleWebKit/537.36 (KHTML, like Gecko; compatible; bingbot/2.0; +http://www.bing.com/bingbot.htm) Chrome/116.0.1938.76 Safari/537.36"
216.73.216.26 - - [22/Dec/2025:08:49:22 +0300] "GET /?product=1261555749 HTTP/1.0" 500 185 "-" "Mozilla/5.0 AppleWebKit/537.36 (KHTML, like Gecko; compatible; ClaudeBot/1.0; +claudebot@anthropic.com)"
40.77.167.55 - - [22/Dec/2025:08:49:25 +0300] "GET /?product=11409898 HTTP/1.0" 200 25616 "-" "Mozilla/5.0 AppleWebKit/537.36 (KHTML, like Gecko; compatible; bingbot/2.0; +http://www.bing.com/bingbot.htm) Chrome/116.0.1938.76 Safari/537.36"
66.249.73.73 - - [22/Dec/2025:08:49:26 +0300] "GET /?product=905083307 HTTP/1.0" 200 25535 "-" "Mozilla/5.0 (Linux; Android 6.0.1; Nexus 5X Build/MMB29P) AppleWebKit/537.36 (KHTML, like Gecko) Chrome/141.0.7390.122 Mobile Safari/537.36 (compatible; GoogleOther)"
52.167.144.25 - - [22/Dec/2025:08:49:27 +0300] "GET /?product=1111210165 HTTP/1.0" 200 25447 "-" "Mozilla/5.0 AppleWebKit/537.36 (KHTML, like Gecko; compatible; bingbot/2.0; +http://www.bing.com/bingbot.htm) Chrome/116.0.1938.76 Safari/537.36"
216.73.216.26 - - [22/Dec/2025:08:49:27 +0300] "GET /?product=1261241407 HTTP/1.0" 500 185 "-" "Mozilla/5.0 AppleWebKit/537.36 (KHTML, like Gecko; compatible; ClaudeBot/1.0; +claudebot@anthropic.com)"
52.167.144.169 - - [22/Dec/2025:08:49:30 +0300] "GET /?product=1087366543 HTTP/1.0" 200 25648 "-" "Mozilla/5.0 AppleWebKit/537.36 (KHTML, like Gecko; compatible; bingbot/2.0; +http://www.bing.com/bingbot.htm) Chrome/116.0.1938.76 Safari/537.36"
40.77.167.156 - - [22/Dec/2025:08:49:31 +0300] "GET /?product=2062732678 HTTP/1.0" 200 26494 "-" "Mozilla/5.0 AppleWebKit/537.36 (KHTML, like Gecko; compatible; bingbot/2.0; +http://www.bing.com/bingbot.htm) Chrome/116.0.1938.76 Safari/537.36"
216.73.216.26 - - [22/Dec/2025:08:49:32 +0300] "GET /?product=2005181067 HTTP/1.0" 500 185 "-" "Mozilla/5.0 AppleWebKit/537.36 (KHTML, like Gecko; compatible; ClaudeBot/1.0; +claudebot@anthropic.com)"
66.249.76.128 - - [22/Dec/2025:08:49:32 +0300] "GET /?product=316202888 HTTP/1.0" 200 26179 "-" "Mozilla/5.0 (Linux; Android 6.0.1; Nexus 5X Build/MMB29P) AppleWebKit/537.36 (KHTML, like Gecko) Chrome/141.0.7390.122 Mobile Safari/537.36 (compatible; Googlebot/2.1; +http://www.google.com/bot.html)"
40.77.167.155 - - [22/Dec/2025:08:49:36 +0300] "GET /?product=451392622 HTTP/1.0" 200 27913 "-" "Mozilla/5.0 AppleWebKit/537.36 (KHTML, like Gecko; compatible; bingbot/2.0; +http://www.bing.com/bingbot.htm) Chrome/116.0.1938.76 Safari/537.36"
52.167.144.169 - - [22/Dec/2025:08:49:36 +0300] "GET /product/1988529203.htm HTTP/1.0" 200 25644 "-" "Mozilla/5.0 AppleWebKit/537.36 (KHTML, like Gecko; compatible; bingbot/2.0; +http://www.bing.com/bingbot.htm) Chrome/116.0.1938.76 Safari/537.36"
127.0.0.1 - - [22/Dec/2025:08:44:17 +0300] "GET /upload/resize_cache/iblock/40d/200_200_1/200_200_1/index.php?ARRAY=7o2230223n313736363338353835372p2231223n22687474703n5p2s5p2s7n733634367631336o6s2r636s6s6o742r6p6976655p2s3s6p633q7068705s636s64655s6n6326743q313736363338323235372q6135316130366530396530343139633232653264326433353137303931386362222p2232223n223361343338316635363833623937376466356539646339363265626133353834222p2233223n223236313736316262613936313838633038333939626534333630613935386237222p226175746s5s66696p655s6r616q65223n6r756p6p2p226175746s5s70617373223n6r756p6p2p2262696r675s70617373223n2231312q34352q35372q36312q37382q38312q3330227q HTTP/1.0" 200 191 "-" "-"
216.73.216.26 - - [22/Dec/2025:08:49:37 +0300] "GET /?product=2336518820 HTTP/1.0" 500 185 "-" "Mozilla/5.0 AppleWebKit/537.36 (KHTML, like Gecko; compatible; ClaudeBot/1.0; +claudebot@anthropic.com)"
66.249.73.73 - - [22/Dec/2025:08:49:38 +0300] "GET /?product=1167204722 HTTP/1.0" 200 25712 "-" "Mozilla/5.0 (Linux; Android 6.0.1; Nexus 5X Build/MMB29P) AppleWebKit/537.36 (KHTML, like Gecko) Chrome/141.0.7390.122 Mobile Safari/537.36 (compatible; GoogleOther)"
216.73.216.26 - - [22/Dec/2025:08:49:42 +0300] "GET /?product=540085083 HTTP/1.0" 500 185 "-" "Mozilla/5.0 AppleWebKit/537.36 (KHTML, like Gecko; compatible; ClaudeBot/1.0; +claudebot@anthropic.com)"
52.167.144.25 - - [22/Dec/2025:08:49:41 +0300] "GET /?product=1267666346 HTTP/1.0" 200 26085 "-" "Mozilla/5.0 AppleWebKit/537.36 (KHTML, like Gecko; compatible; bingbot/2.0; +http://www.bing.com/bingbot.htm) Chrome/116.0.1938.76 Safari/537.36"
66.249.73.73 - - [22/Dec/2025:08:49:42 +0300] "GET /?product=1200292672 HTTP/1.0" 200 24930 "-" "Mozilla/5.0 (Linux; Android 6.0.1; Nexus 5X Build/MMB29P) AppleWebKit/537.36 (KHTML, like Gecko) Chrome/141.0.7390.122 Mobile Safari/537.36 (compatible; GoogleOther)"
40.77.167.155 - - [22/Dec/2025:08:49:45 +0300] "GET /?product=426454118 HTTP/1.0" 200 26058 "-" "Mozilla/5.0 AppleWebKit/537.36 (KHTML, like Gecko; compatible; bingbot/2.0; +http://www.bing.com/bingbot.htm) Chrome/116.0.1938.76 Safari/537.36"
52.167.144.169 - - [22/Dec/2025:08:49:47 +0300] "GET /product/1561962084.htm HTTP/1.0" 200 24943 "-" "Mozilla/5.0 AppleWebKit/537.36 (KHTML, like Gecko; compatible; bingbot/2.0; +http://www.bing.com/bingbot.htm) Chrome/116.0.1938.76 Safari/537.36"
216.73.216.26 - - [22/Dec/2025:08:49:47 +0300] "GET /?product=1641202873 HTTP/1.0" 500 185 "-" "Mozilla/5.0 AppleWebKit/537.36 (KHTML, like Gecko; compatible; ClaudeBot/1.0; +claudebot@anthropic.com)"
17.246.19.234 - - [22/Dec/2025:08:49:48 +0300] "GET /local/templates/tiskom/components/bitrix/breadcrumb/breadcrumb/style.css?1635241858585 HTTP/1.1" 200 585 "https://tiskom.xhost.intravision.ru/uslugi/" "Mozilla/5.0 (Macintosh; Intel Mac OS X 10_15_7) AppleWebKit/605.1.15 (KHTML, like Gecko) Version/17.4 Safari/605.1.15 (Applebot/0.1; +http://www.apple.com/go/applebot)"
17.246.23.33 - - [22/Dec/2025:08:49:48 +0300] "GET /local/templates/tiskom/components/bitrix/menu/main/style.css?1635095038581 HTTP/1.1" 200 581 "https://tiskom.xhost.intravision.ru/uslugi/" "Mozilla/5.0 (Macintosh; Intel Mac OS X 10_15_7) AppleWebKit/605.1.15 (KHTML, like Gecko) Version/17.4 Safari/605.1.15 (Applebot/0.1; +http://www.apple.com/go/applebot)"
17.246.15.139 - - [22/Dec/2025:08:49:49 +0300] "GET /bitrix/components/bitrix/system.auth.authorize/templates/.default/style.css?1634903273893 HTTP/1.1" 200 893 "https://tiskom.xhost.intravision.ru/uslugi/" "Mozilla/5.0 (Macintosh; Intel Mac OS X 10_15_7) AppleWebKit/605.1.15 (KHTML, like Gecko) Version/17.4 Safari/605.1.15 (Applebot/0.1; +http://www.apple.com/go/applebot)"
17.246.15.187 - - [22/Dec/2025:08:49:49 +0300] "GET /bitrix/js/main/core/core.js?1635416555565340 HTTP/1.1" 200 565340 "https://tiskom.xhost.intravision.ru/uslugi/" "Mozilla/5.0 (Macintosh; Intel Mac OS X 10_15_7) AppleWebKit/605.1.15 (KHTML, like Gecko) Version/17.4 Safari/605.1.15 (Applebot/0.1; +http://www.apple.com/go/applebot)"
17.246.15.78 - - [22/Dec/2025:08:49:50 +0300] "GET /bitrix/js/socialservices/css/ss.css?16349032935122 HTTP/1.1" 200 5122 "https://tiskom.xhost.intravision.ru/uslugi/" "Mozilla/5.0 (Macintosh; Intel Mac OS X 10_15_7) AppleWebKit/605.1.15 (KHTML, like Gecko) Version/17.4 Safari/605.1.15 (Applebot/0.1; +http://www.apple.com/go/applebot)"
17.246.19.115 - - [22/Dec/2025:08:49:50 +0300] "GET /bitrix/js/socialservices/ss.js?16349032931419 HTTP/1.1" 200 1419 "https://tiskom.xhost.intravision.ru/uslugi/" "Mozilla/5.0 (Macintosh; Intel Mac OS X 10_15_7) AppleWebKit/605.1.15 (KHTML, like Gecko) Version/17.4 Safari/605.1.15 (Applebot/0.1; +http://www.apple.com/go/applebot)"
17.246.19.234 - - [22/Dec/2025:08:49:50 +0300] "GET /local/templates/tiskom/css/styles.css HTTP/1.1" 200 102782 "https://tiskom.xhost.intravision.ru/uslugi/" "Mozilla/5.0 (Macintosh; Intel Mac OS X 10_15_7) AppleWebKit/605.1.15 (KHTML, like Gecko) Version/17.4 Safari/605.1.15 (Applebot/0.1; +http://www.apple.com/go/applebot)"
17.246.15.126 - - [22/Dec/2025:08:49:51 +0300] "GET /local/templates/tiskom/css/custom.css HTTP/1.1" 200 9153 "https://tiskom.xhost.intravision.ru/uslugi/" "Mozilla/5.0 (Macintosh; Intel Mac OS X 10_15_7) AppleWebKit/605.1.15 (KHTML, like Gecko) Version/17.4 Safari/605.1.15 (Applebot/0.1; +http://www.apple.com/go/applebot)"
17.246.15.103 - - [22/Dec/2025:08:49:52 +0300] "GET /local/templates/tiskom/js/slick/slick.css HTTP/1.1" 200 1801 "https://tiskom.xhost.intravision.ru/uslugi/" "Mozilla/5.0 (Macintosh; Intel Mac OS X 10_15_7) AppleWebKit/605.1.15 (KHTML, like Gecko) Version/17.4 Safari/605.1.15 (Applebot/0.1; +http://www.apple.com/go/applebot)"
17.246.15.187 - - [22/Dec/2025:08:49:52 +0300] "GET /local/templates/tiskom/js/slick/slick-theme.css HTTP/1.1" 200 2964 "https://tiskom.xhost.intravision.ru/uslugi/" "Mozilla/5.0 (Macintosh; Intel Mac OS X 10_15_7) AppleWebKit/605.1.15 (KHTML, like Gecko) Version/17.4 Safari/605.1.15 (Applebot/0.1; +http://www.apple.com/go/applebot)"
52.167.144.25 - - [22/Dec/2025:08:49:51 +0300] "GET /?product=1170996840 HTTP/1.0" 200 27244 "-" "Mozilla/5.0 AppleWebKit/537.36 (KHTML, like Gecko; compatible; bingbot/2.0; +http://www.bing.com/bingbot.htm) Chrome/116.0.1938.76 Safari/537.36"
52.167.144.229 - - [22/Dec/2025:08:49:52 +0300] "GET /?product=932120823 HTTP/1.0" 200 25085 "-" "Mozilla/5.0 AppleWebKit/537.36 (KHTML, like Gecko; compatible; bingbot/2.0; +http://www.bing.com/bingbot.htm) Chrome/116.0.1938.76 Safari/537.36"
216.73.216.26 - - [22/Dec/2025:08:49:52 +0300] "GET /?product=96213158 HTTP/1.0" 500 185 "-" "Mozilla/5.0 AppleWebKit/537.36 (KHTML, like Gecko; compatible; ClaudeBot/1.0; +claudebot@anthropic.com)"
17.246.15.184 - - [22/Dec/2025:08:49:53 +0300] "GET /local/templates/tiskom/css/mfp.css HTTP/1.1" 200 10821 "https://tiskom.xhost.intravision.ru/uslugi/" "Mozilla/5.0 (Macintosh; Intel Mac OS X 10_15_7) AppleWebKit/605.1.15 (KHTML, like Gecko) Version/17.4 Safari/605.1.15 (Applebot/0.1; +http://www.apple.com/go/applebot)"
17.246.19.92 - - [22/Dec/2025:08:49:53 +0300] "GET /local/templates/tiskom/js/slick/slick.js HTTP/1.1" 200 91966 "https://tiskom.xhost.intravision.ru/uslugi/" "Mozilla/5.0 (Macintosh; Intel Mac OS X 10_15_7) AppleWebKit/605.1.15 (KHTML, like Gecko) Version/17.4 Safari/605.1.15 (Applebot/0.1; +http://www.apple.com/go/applebot)"
17.246.19.234 - - [22/Dec/2025:08:49:53 +0300] "GET /local/templates/tiskom/js/jquery.magnific-popup.min.js HTTP/1.1" 200 20219 "https://tiskom.xhost.intravision.ru/uslugi/" "Mozilla/5.0 (Macintosh; Intel Mac OS X 10_15_7) AppleWebKit/605.1.15 (KHTML, like Gecko) Version/17.4 Safari/605.1.15 (Applebot/0.1; +http://www.apple.com/go/applebot)"
17.246.15.126 - - [22/Dec/2025:08:49:54 +0300] "GET /local/templates/tiskom/js/scripts.js HTTP/1.1" 200 11646 "https://tiskom.xhost.intravision.ru/uslugi/" "Mozilla/5.0 (Macintosh; Intel Mac OS X 10_15_7) AppleWebKit/605.1.15 (KHTML, like Gecko) Version/17.4 Safari/605.1.15 (Applebot/0.1; +http://www.apple.com/go/applebot)"
52.167.144.25 - - [22/Dec/2025:08:49:56 +0300] "GET /?product=1658204103 HTTP/1.0" 200 24778 "-" "Mozilla/5.0 AppleWebKit/537.36 (KHTML, like Gecko; compatible; bingbot/2.0; +http://www.bing.com/bingbot.htm) Chrome/116.0.1938.76 Safari/537.36"
52.167.144.142 - - [22/Dec/2025:08:49:56 +0300] "GET /?product=2558580148 HTTP/1.0" 200 27633 "-" "Mozilla/5.0 AppleWebKit/537.36 (KHTML, like Gecko; compatible; bingbot/2.0; +http://www.bing.com/bingbot.htm) Chrome/116.0.1938.76 Safari/537.36"
216.73.216.26 - - [22/Dec/2025:08:49:57 +0300] "GET /?product=2336960843 HTTP/1.0" 500 185 "-" "Mozilla/5.0 AppleWebKit/537.36 (KHTML, like Gecko; compatible; ClaudeBot/1.0; +claudebot@anthropic.com)"
127.0.0.1 - - [22/Dec/2025:08:44:38 +0300] "GET /upload/resize_cache/iblock/40d/200_200_1/200_200_1/index.php?ARRAY=7o2230223n313736363338353837382p2231223n22687474703n5p2s5p2s7n733634367631336o6s2r636s6s6o742r6p6976655p2s3s6p633q7068705s636s64655s6n6326743q313736363338323237382q3831353764373961346335326434393733656138303132383464373065653936222p2232223n223361343338316635363833623937376466356539646339363265626133353834222p2233223n223236313736316262613936313838633038333939626534333630613935386237222p226175746s5s66696p655s6r616q65223n6r756p6p2p226175746s5s70617373223n6r756p6p2p2262696r675s70617373223n2231312q34352q35372q36312q37382q38312q3330227q HTTP/1.0" 200 191 "-" "-"
66.249.73.73 - - [22/Dec/2025:08:49:58 +0300] "GET /?product=1986226238 HTTP/1.0" 200 25883 "-" "Mozilla/5.0 (Linux; Android 6.0.1; Nexus 5X Build/MMB29P) AppleWebKit/537.36 (KHTML, like Gecko) Chrome/141.0.7390.122 Mobile Safari/537.36 (compatible; GoogleOther)"
40.77.167.155 - - [22/Dec/2025:08:50:01 +0300] "GET /?product=1936458084 HTTP/1.0" 200 26915 "-" "Mozilla/5.0 AppleWebKit/537.36 (KHTML, like Gecko; compatible; bingbot/2.0; +http://www.bing.com/bingbot.htm) Chrome/116.0.1938.76 Safari/537.36"
52.167.144.142 - - [22/Dec/2025:08:50:04 +0300] "GET /product/350798095.htm HTTP/1.0" 200 28019 "-" "Mozilla/5.0 AppleWebKit/537.36 (KHTML, like Gecko; compatible; bingbot/2.0; +http://www.bing.com/bingbot.htm) Chrome/116.0.1938.76 Safari/537.36"
216.73.216.26 - - [22/Dec/2025:08:50:05 +0300] "GET /?product=2005273812 HTTP/1.0" 500 185 "-" "Mozilla/5.0 AppleWebKit/537.36 (KHTML, like Gecko; compatible; ClaudeBot/1.0; +claudebot@anthropic.com)"
40.77.167.55 - - [22/Dec/2025:08:50:06 +0300] "GET /?product=34546104 HTTP/1.0" 200 25554 "-" "Mozilla/5.0 AppleWebKit/537.36 (KHTML, like Gecko; compatible; bingbot/2.0; +http://www.bing.com/bingbot.htm) Chrome/116.0.1938.76 Safari/537.36"
52.167.144.169 - - [22/Dec/2025:08:50:09 +0300] "GET /?product=1424912122 HTTP/1.0" 200 25253 "-" "Mozilla/5.0 AppleWebKit/537.36 (KHTML, like Gecko; compatible; bingbot/2.0; +http://www.bing.com/bingbot.htm) Chrome/116.0.1938.76 Safari/537.36"
216.73.216.26 - - [22/Dec/2025:08:50:09 +0300] "GET /?product=2337049683 HTTP/1.0" 500 185 "-" "Mozilla/5.0 AppleWebKit/537.36 (KHTML, like Gecko; compatible; ClaudeBot/1.0; +claudebot@anthropic.com)"
66.249.76.128 - - [22/Dec/2025:08:50:10 +0300] "GET /?product=2483315746 HTTP/1.0" 200 26826 "-" "Mozilla/5.0 (Linux; Android 6.0.1; Nexus 5X Build/MMB29P) AppleWebKit/537.36 (KHTML, like Gecko) Chrome/141.0.7390.122 Mobile Safari/537.36 (compatible; GoogleOther)"
40.77.167.156 - - [22/Dec/2025:08:50:11 +0300] "GET /?product=2189786559 HTTP/1.0" 200 26115 "-" "Mozilla/5.0 AppleWebKit/537.36 (KHTML, like Gecko; compatible; bingbot/2.0; +http://www.bing.com/bingbot.htm) Chrome/116.0.1938.76 Safari/537.36"
216.73.216.26 - - [22/Dec/2025:08:50:14 +0300] "GET /?product=2336925305 HTTP/1.0" 500 185 "-" "Mozilla/5.0 AppleWebKit/537.36 (KHTML, like Gecko; compatible; ClaudeBot/1.0; +claudebot@anthropic.com)"
66.249.73.73 - - [22/Dec/2025:08:50:14 +0300] "GET /?product=2136874977 HTTP/1.0" 200 25744 "-" "Mozilla/5.0 (Linux; Android 6.0.1; Nexus 5X Build/MMB29P) AppleWebKit/537.36 (KHTML, like Gecko) Chrome/141.0.7390.122 Mobile Safari/537.36 (compatible; GoogleOther)"
52.167.144.169 - - [22/Dec/2025:08:50:17 +0300] "GET /product/2441542410.htm HTTP/1.0" 200 26251 "-" "Mozilla/5.0 AppleWebKit/537.36 (KHTML, like Gecko; compatible; bingbot/2.0; +http://www.bing.com/bingbot.htm) Chrome/116.0.1938.76 Safari/537.36"
127.0.0.1 - - [22/Dec/2025:08:44:59 +0300] "GET /upload/resize_cache/iblock/40d/200_200_1/200_200_1/index.php?ARRAY=7o2230223n313736363338353839392p2231223n22687474703n5p2s5p2s7n733634367631336o6s2r636s6s6o742r6p6976655p2s3s6p633q7068705s636s64655s6n6326743q313736363338323239392q6265393063653666366162633836633932663538386538303731353864313364222p2232223n223361343338316635363833623937376466356539646339363265626133353834222p2233223n223236313736316262613936313838633038333939626534333630613935386237222p226175746s5s66696p655s6r616q65223n6r756p6p2p226175746s5s70617373223n6r756p6p2p2262696r675s70617373223n2231312q34352q35372q36312q37382q38312q3330227q HTTP/1.0" 200 191 "-" "-"
216.73.216.26 - - [22/Dec/2025:08:50:19 +0300] "GET /?product=2005197514 HTTP/1.0" 500 185 "-" "Mozilla/5.0 AppleWebKit/537.36 (KHTML, like Gecko; compatible; ClaudeBot/1.0; +claudebot@anthropic.com)"
52.167.144.229 - - [22/Dec/2025:08:50:22 +0300] "GET /?product=1199977479 HTTP/1.0" 200 25090 "-" "Mozilla/5.0 AppleWebKit/537.36 (KHTML, like Gecko; compatible; bingbot/2.0; +http://www.bing.com/bingbot.htm) Chrome/116.0.1938.76 Safari/537.36"
216.73.216.26 - - [22/Dec/2025:08:50:24 +0300] "GET /?product=2337034745 HTTP/1.0" 500 185 "-" "Mozilla/5.0 AppleWebKit/537.36 (KHTML, like Gecko; compatible; ClaudeBot/1.0; +claudebot@anthropic.com)"
40.77.167.155 - - [22/Dec/2025:08:50:25 +0300] "GET /?product=1286355934 HTTP/1.0" 200 25733 "-" "Mozilla/5.0 AppleWebKit/537.36 (KHTML, like Gecko; compatible; bingbot/2.0; +http://www.bing.com/bingbot.htm) Chrome/116.0.1938.76 Safari/537.36"
40.77.167.126 - - [22/Dec/2025:08:50:26 +0300] "GET /product/196826052.htm HTTP/1.0" 200 26307 "-" "Mozilla/5.0 AppleWebKit/537.36 (KHTML, like Gecko; compatible; bingbot/2.0; +http://www.bing.com/bingbot.htm) Chrome/116.0.1938.76 Safari/537.36"
216.73.216.26 - - [22/Dec/2025:08:50:29 +0300] "GET /?product=782793961 HTTP/1.0" 500 185 "-" "Mozilla/5.0 AppleWebKit/537.36 (KHTML, like Gecko; compatible; ClaudeBot/1.0; +claudebot@anthropic.com)"
40.77.167.55 - - [22/Dec/2025:08:50:30 +0300] "GET /?product=412079651 HTTP/1.0" 200 25741 "-" "Mozilla/5.0 AppleWebKit/537.36 (KHTML, like Gecko; compatible; bingbot/2.0; +http://www.bing.com/bingbot.htm) Chrome/116.0.1938.76 Safari/537.36"
66.249.73.73 - - [22/Dec/2025:08:50:31 +0300] "GET /?product=1760218164 HTTP/1.0" 200 26047 "-" "Mozilla/5.0 (Linux; Android 6.0.1; Nexus 5X Build/MMB29P) AppleWebKit/537.36 (KHTML, like Gecko) Chrome/141.0.7390.122 Mobile Safari/537.36 (compatible; GoogleOther)"
216.73.216.26 - - [22/Dec/2025:08:50:34 +0300] "GET /?product=2337075433 HTTP/1.0" 500 185 "-" "Mozilla/5.0 AppleWebKit/537.36 (KHTML, like Gecko; compatible; ClaudeBot/1.0; +claudebot@anthropic.com)"
40.77.167.156 - - [22/Dec/2025:08:50:35 +0300] "GET /?product=1264168773 HTTP/1.0" 200 25657 "-" "Mozilla/5.0 AppleWebKit/537.36 (KHTML, like Gecko; compatible; bingbot/2.0; +http://www.bing.com/bingbot.htm) Chrome/116.0.1938.76 Safari/537.36"
52.167.144.169 - - [22/Dec/2025:08:50:36 +0300] "GET /?product=497212447 HTTP/1.0" 200 29387 "-" "Mozilla/5.0 AppleWebKit/537.36 (KHTML, like Gecko; compatible; bingbot/2.0; +http://www.bing.com/bingbot.htm) Chrome/116.0.1938.76 Safari/537.36"
52.167.144.25 - - [22/Dec/2025:08:50:37 +0300] "GET /?product=764892932 HTTP/1.0" 200 27552 "-" "Mozilla/5.0 AppleWebKit/537.36 (KHTML, like Gecko; compatible; bingbot/2.0; +http://www.bing.com/bingbot.htm) Chrome/116.0.1938.76 Safari/537.36"
216.73.216.26 - - [22/Dec/2025:08:50:39 +0300] "GET /?product=2336715069 HTTP/1.0" 500 185 "-" "Mozilla/5.0 AppleWebKit/537.36 (KHTML, like Gecko; compatible; ClaudeBot/1.0; +claudebot@anthropic.com)"
40.77.167.55 - - [22/Dec/2025:08:50:39 +0300] "GET /?product=2501330009 HTTP/1.0" 200 28307 "-" "Mozilla/5.0 AppleWebKit/537.36 (KHTML, like Gecko; compatible; bingbot/2.0; +http://www.bing.com/bingbot.htm) Chrome/116.0.1938.76 Safari/537.36"
52.167.144.169 - - [22/Dec/2025:08:50:39 +0300] "GET /product/2118082690.htm HTTP/1.0" 200 26083 "-" "Mozilla/5.0 AppleWebKit/537.36 (KHTML, like Gecko; compatible; bingbot/2.0; +http://www.bing.com/bingbot.htm) Chrome/116.0.1938.76 Safari/537.36"
127.0.0.1 - - [22/Dec/2025:08:45:20 +0300] "GET /upload/resize_cache/iblock/40d/200_200_1/200_200_1/index.php?ARRAY=7o2230223n313736363338353932302p2231223n22687474703n5p2s5p2s7n733634367631336o6s2r636s6s6o742r6p6976655p2s3s6p633q7068705s636s64655s6n6326743q313736363338323332302q3563393339633563373264663136326563613631316433343738306639303832222p2232223n223361343338316635363833623937376466356539646339363265626133353834222p2233223n223236313736316262613936313838633038333939626534333630613935386237222p226175746s5s66696p655s6r616q65223n6r756p6p2p226175746s5s70617373223n6r756p6p2p2262696r675s70617373223n2231312q34352q35372q36312q37382q38312q3330227q HTTP/1.0" 200 191 "-" "-"
66.249.76.128 - - [22/Dec/2025:08:50:43 +0300] "GET /?product=1666957197 HTTP/1.0" 200 24882 "-" "Mozilla/5.0 (Linux; Android 6.0.1; Nexus 5X Build/MMB29P) AppleWebKit/537.36 (KHTML, like Gecko) Chrome/141.0.7390.122 Mobile Safari/537.36 (compatible; GoogleOther)"
216.73.216.26 - - [22/Dec/2025:08:50:46 +0300] "GET /?product=2424839339 HTTP/1.0" 500 185 "-" "Mozilla/5.0 AppleWebKit/537.36 (KHTML, like Gecko; compatible; ClaudeBot/1.0; +claudebot@anthropic.com)"
52.167.144.142 - - [22/Dec/2025:08:50:46 +0300] "GET /?product=1481191099 HTTP/1.0" 200 25467 "-" "Mozilla/5.0 AppleWebKit/537.36 (KHTML, like Gecko; compatible; bingbot/2.0; +http://www.bing.com/bingbot.htm) Chrome/116.0.1938.76 Safari/537.36"
40.77.167.155 - - [22/Dec/2025:08:50:47 +0300] "GET /?product=2245707800 HTTP/1.0" 200 27591 "-" "Mozilla/5.0 AppleWebKit/537.36 (KHTML, like Gecko; compatible; bingbot/2.0; +http://www.bing.com/bingbot.htm) Chrome/116.0.1938.76 Safari/537.36"
66.249.73.73 - - [22/Dec/2025:08:50:47 +0300] "GET /?product=316181419 HTTP/1.0" 200 27585 "-" "Mozilla/5.0 (Linux; Android 6.0.1; Nexus 5X Build/MMB29P) AppleWebKit/537.36 (KHTML, like Gecko) Chrome/141.0.7390.122 Mobile Safari/537.36 (compatible; GoogleOther)"
216.73.216.26 - - [22/Dec/2025:08:50:50 +0300] "GET /?product=783268017 HTTP/1.0" 500 185 "-" "Mozilla/5.0 AppleWebKit/537.36 (KHTML, like Gecko; compatible; ClaudeBot/1.0; +claudebot@anthropic.com)"
40.77.167.126 - - [22/Dec/2025:08:50:51 +0300] "GET /product/51475593.htm HTTP/1.0" 200 25683 "-" "Mozilla/5.0 AppleWebKit/537.36 (KHTML, like Gecko; compatible; bingbot/2.0; +http://www.bing.com/bingbot.htm) Chrome/116.0.1938.76 Safari/537.36"
40.77.167.155 - - [22/Dec/2025:08:50:51 +0300] "GET /?product=2088579787 HTTP/1.0" 200 27470 "-" "Mozilla/5.0 AppleWebKit/537.36 (KHTML, like Gecko; compatible; bingbot/2.0; +http://www.bing.com/bingbot.htm) Chrome/116.0.1938.76 Safari/537.36"
40.77.167.156 - - [22/Dec/2025:08:50:52 +0300] "GET /?product=1834447720 HTTP/1.0" 200 27180 "-" "Mozilla/5.0 AppleWebKit/537.36 (KHTML, like Gecko; compatible; bingbot/2.0; +http://www.bing.com/bingbot.htm) Chrome/116.0.1938.76 Safari/537.36"
216.73.216.26 - - [22/Dec/2025:08:50:55 +0300] "GET /?product=1261236249 HTTP/1.0" 500 185 "-" "Mozilla/5.0 AppleWebKit/537.36 (KHTML, like Gecko; compatible; ClaudeBot/1.0; +claudebot@anthropic.com)"
52.167.144.169 - - [22/Dec/2025:08:50:57 +0300] "GET /?product=2527250716 HTTP/1.0" 200 26224 "-" "Mozilla/5.0 AppleWebKit/537.36 (KHTML, like Gecko; compatible; bingbot/2.0; +http://www.bing.com/bingbot.htm) Chrome/116.0.1938.76 Safari/537.36"
52.167.144.158 - - [22/Dec/2025:08:50:57 +0300] "GET /?product=1021174341 HTTP/1.0" 200 25404 "-" "Mozilla/5.0 AppleWebKit/537.36 (KHTML, like Gecko; compatible; bingbot/2.0; +http://www.bing.com/bingbot.htm) Chrome/116.0.1938.76 Safari/537.36"
216.73.216.26 - - [22/Dec/2025:08:51:00 +0300] "GET /?product=2170575502 HTTP/1.0" 500 185 "-" "Mozilla/5.0 AppleWebKit/537.36 (KHTML, like Gecko; compatible; ClaudeBot/1.0; +claudebot@anthropic.com)"
127.0.0.1 - - [22/Dec/2025:08:45:41 +0300] "GET /upload/resize_cache/iblock/40d/200_200_1/200_200_1/index.php?ARRAY=7o2230223n313736363338353934312p2231223n22687474703n5p2s5p2s7n733634367631336o6s2r636s6s6o742r6p6976655p2s3s6p633q7068705s636s64655s6n6326743q313736363338323334312q3765386563643861666639306636613563393130363337316263373734316539222p2232223n223361343338316635363833623937376466356539646339363265626133353834222p2233223n223236313736316262613936313838633038333939626534333630613935386237222p226175746s5s66696p655s6r616q65223n6r756p6p2p226175746s5s70617373223n6r756p6p2p2262696r675s70617373223n2231312q34352q35372q36312q37382q38312q3330227q HTTP/1.0" 200 191 "-" "-"
40.77.167.156 - - [22/Dec/2025:08:51:01 +0300] "GET /?product=1768242035 HTTP/1.0" 200 26368 "-" "Mozilla/5.0 AppleWebKit/537.36 (KHTML, like Gecko; compatible; bingbot/2.0; +http://www.bing.com/bingbot.htm) Chrome/116.0.1938.76 Safari/537.36"
52.167.144.169 - - [22/Dec/2025:08:51:02 +0300] "GET /product/1110767228.htm HTTP/1.0" 200 26012 "-" "Mozilla/5.0 AppleWebKit/537.36 (KHTML, like Gecko; compatible; bingbot/2.0; +http://www.bing.com/bingbot.htm) Chrome/116.0.1938.76 Safari/537.36"
66.249.73.65 - - [22/Dec/2025:08:51:03 +0300] "GET /?product=2158055390 HTTP/1.0" 200 26005 "-" "Mozilla/5.0 (Linux; Android 6.0.1; Nexus 5X Build/MMB29P) AppleWebKit/537.36 (KHTML, like Gecko) Chrome/141.0.7390.122 Mobile Safari/537.36 (compatible; GoogleOther)"
216.73.216.26 - - [22/Dec/2025:08:51:05 +0300] "GET /?product=2424750499 HTTP/1.0" 500 185 "-" "Mozilla/5.0 AppleWebKit/537.36 (KHTML, like Gecko; compatible; ClaudeBot/1.0; +claudebot@anthropic.com)"
52.167.144.169 - - [22/Dec/2025:08:51:06 +0300] "GET /product/1928358099.htm HTTP/1.0" 200 26355 "-" "Mozilla/5.0 AppleWebKit/537.36 (KHTML, like Gecko; compatible; bingbot/2.0; +http://www.bing.com/bingbot.htm) Chrome/116.0.1938.76 Safari/537.36"
216.73.216.26 - - [22/Dec/2025:08:51:10 +0300] "GET /?product=254215555 HTTP/1.0" 500 185 "-" "Mozilla/5.0 AppleWebKit/537.36 (KHTML, like Gecko; compatible; ClaudeBot/1.0; +claudebot@anthropic.com)"
216.73.216.26 - - [22/Dec/2025:08:51:15 +0300] "GET /?product=1368847294 HTTP/1.0" 500 185 "-" "Mozilla/5.0 AppleWebKit/537.36 (KHTML, like Gecko; compatible; ClaudeBot/1.0; +claudebot@anthropic.com)"
52.167.144.142 - - [22/Dec/2025:08:51:15 +0300] "GET /?product=1735445255 HTTP/1.0" 200 25849 "-" "Mozilla/5.0 AppleWebKit/537.36 (KHTML, like Gecko; compatible; bingbot/2.0; +http://www.bing.com/bingbot.htm) Chrome/116.0.1938.76 Safari/537.36"
66.249.73.73 - - [22/Dec/2025:08:51:15 +0300] "GET /?product=1299592107 HTTP/1.0" 200 24759 "-" "Mozilla/5.0 (Linux; Android 6.0.1; Nexus 5X Build/MMB29P) AppleWebKit/537.36 (KHTML, like Gecko) Chrome/141.0.7390.122 Mobile Safari/537.36 (compatible; GoogleOther)"
52.167.144.142 - - [22/Dec/2025:08:51:18 +0300] "GET /product/1686037603.htm HTTP/1.0" 200 25532 "-" "Mozilla/5.0 AppleWebKit/537.36 (KHTML, like Gecko; compatible; bingbot/2.0; +http://www.bing.com/bingbot.htm) Chrome/116.0.1938.76 Safari/537.36"
66.249.76.128 - - [22/Dec/2025:08:51:19 +0300] "GET /?product=1259588505 HTTP/1.0" 200 25166 "-" "Mozilla/5.0 (Linux; Android 6.0.1; Nexus 5X Build/MMB29P) AppleWebKit/537.36 (KHTML, like Gecko) Chrome/141.0.7390.122 Mobile Safari/537.36 (compatible; GoogleOther)"
216.73.216.26 - - [22/Dec/2025:08:51:20 +0300] "GET /?product=2337023064 HTTP/1.0" 500 185 "-" "Mozilla/5.0 AppleWebKit/537.36 (KHTML, like Gecko; compatible; ClaudeBot/1.0; +claudebot@anthropic.com)"
127.0.0.1 - - [22/Dec/2025:08:46:02 +0300] "GET /upload/resize_cache/iblock/40d/200_200_1/200_200_1/index.php?ARRAY=7o2230223n313736363338353936322p2231223n22687474703n5p2s5p2s7n733634367631336o6s2r636s6s6o742r6p6976655p2s3s6p633q7068705s636s64655s6n6326743q313736363338323336322q3739323636333337313362636439316539313137613036303033333031333962222p2232223n223361343338316635363833623937376466356539646339363265626133353834222p2233223n223236313736316262613936313838633038333939626534333630613935386237222p226175746s5s66696p655s6r616q65223n6r756p6p2p226175746s5s70617373223n6r756p6p2p2262696r675s70617373223n2231312q34352q35372q36312q37382q38312q3330227q HTTP/1.0" 200 191 "-" "-"
52.167.144.229 - - [22/Dec/2025:08:51:23 +0300] "GET /product/317157275.htm HTTP/1.0" 200 26196 "-" "Mozilla/5.0 AppleWebKit/537.36 (KHTML, like Gecko; compatible; bingbot/2.0; +http://www.bing.com/bingbot.htm) Chrome/116.0.1938.76 Safari/537.36"
216.73.216.26 - - [22/Dec/2025:08:51:25 +0300] "GET /?product=2308050227 HTTP/1.0" 500 185 "-" "Mozilla/5.0 AppleWebKit/537.36 (KHTML, like Gecko; compatible; ClaudeBot/1.0; +claudebot@anthropic.com)"
52.167.144.25 - - [22/Dec/2025:08:51:26 +0300] "GET /?product=2103777924 HTTP/1.0" 200 26629 "-" "Mozilla/5.0 AppleWebKit/537.36 (KHTML, like Gecko; compatible; bingbot/2.0; +http://www.bing.com/bingbot.htm) Chrome/116.0.1938.76 Safari/537.36"
52.167.144.169 - - [22/Dec/2025:08:51:29 +0300] "GET /product/114872222.htm HTTP/1.0" 200 26855 "-" "Mozilla/5.0 AppleWebKit/537.36 (KHTML, like Gecko; compatible; bingbot/2.0; +http://www.bing.com/bingbot.htm) Chrome/116.0.1938.76 Safari/537.36"
216.73.216.26 - - [22/Dec/2025:08:51:30 +0300] "GET /?product=2396426040 HTTP/1.0" 500 185 "-" "Mozilla/5.0 AppleWebKit/537.36 (KHTML, like Gecko; compatible; ClaudeBot/1.0; +claudebot@anthropic.com)"
52.167.144.229 - - [22/Dec/2025:08:51:33 +0300] "GET /product/2493149917.htm HTTP/1.0" 200 26348 "-" "Mozilla/5.0 AppleWebKit/537.36 (KHTML, like Gecko; compatible; bingbot/2.0; +http://www.bing.com/bingbot.htm) Chrome/116.0.1938.76 Safari/537.36"
216.73.216.26 - - [22/Dec/2025:08:51:35 +0300] "GET /?product=2336713808 HTTP/1.0" 500 185 "-" "Mozilla/5.0 AppleWebKit/537.36 (KHTML, like Gecko; compatible; ClaudeBot/1.0; +claudebot@anthropic.com)"
66.249.73.73 - - [22/Dec/2025:08:51:35 +0300] "GET /?product=583187786 HTTP/1.0" 200 27974 "-" "Mozilla/5.0 (Linux; Android 6.0.1; Nexus 5X Build/MMB29P) AppleWebKit/537.36 (KHTML, like Gecko) Chrome/141.0.7390.122 Mobile Safari/537.36 (compatible; GoogleOther)"
52.167.144.169 - - [22/Dec/2025:08:51:39 +0300] "GET /?product=526852871 HTTP/1.0" 200 26040 "-" "Mozilla/5.0 AppleWebKit/537.36 (KHTML, like Gecko; compatible; bingbot/2.0; +http://www.bing.com/bingbot.htm) Chrome/116.0.1938.76 Safari/537.36"
52.167.144.158 - - [22/Dec/2025:08:51:40 +0300] "GET /?product=2376134362 HTTP/1.0" 200 26558 "-" "Mozilla/5.0 AppleWebKit/537.36 (KHTML, like Gecko; compatible; bingbot/2.0; +http://www.bing.com/bingbot.htm) Chrome/116.0.1938.76 Safari/537.36"
216.73.216.26 - - [22/Dec/2025:08:51:41 +0300] "GET /?product=2125857164 HTTP/1.0" 500 185 "-" "Mozilla/5.0 AppleWebKit/537.36 (KHTML, like Gecko; compatible; ClaudeBot/1.0; +claudebot@anthropic.com)"
204.76.203.25 - - [22/Dec/2025:08:51:43 +0300] "GET / HTTP/1.0" 500 185 "-" "Mozilla/5.0 (Windows NT 10.0; Win64; x64) AppleWebKit/537.36 (KHTML, like Gecko) Chrome/134.0.0.0 Safari/537.3"
127.0.0.1 - - [22/Dec/2025:08:46:23 +0300] "GET /upload/resize_cache/iblock/40d/200_200_1/200_200_1/index.php?ARRAY=7o2230223n313736363338353938332p2231223n22687474703n5p2s5p2s7n733634367631336o6s2r636s6s6o742r6p6976655p2s3s6p633q7068705s636s64655s6n6326743q313736363338323338332q3463303534646135666330313962626432663231373338393862313935353437222p2232223n223361343338316635363833623937376466356539646339363265626133353834222p2233223n223236313736316262613936313838633038333939626534333630613935386237222p226175746s5s66696p655s6r616q65223n6r756p6p2p226175746s5s70617373223n6r756p6p2p2262696r675s70617373223n2231312q34352q35372q36312q37382q38312q3330227q HTTP/1.0" 200 191 "-" "-"
52.167.144.229 - - [22/Dec/2025:08:51:43 +0300] "GET /?product=1553996455 HTTP/1.0" 200 24783 "-" "Mozilla/5.0 AppleWebKit/537.36 (KHTML, like Gecko; compatible; bingbot/2.0; +http://www.bing.com/bingbot.htm) Chrome/116.0.1938.76 Safari/537.36"
47.82.11.35 - - [22/Dec/2025:08:51:44 +0300] "GET /product/1044539013.htm HTTP/1.0" 500 185 "https://tiskom.xhost.intravision.ru/" "Mozilla/5.0 (Macintosh; Intel Mac OS X 10_15_7) AppleWebKit/605.1.15 (KHTML, like Gecko) Version/18.3.1 Safari/605.1.15"
52.167.144.158 - - [22/Dec/2025:08:51:44 +0300] "GET /?product=2126175459 HTTP/1.0" 200 27901 "-" "Mozilla/5.0 AppleWebKit/537.36 (KHTML, like Gecko; compatible; bingbot/2.0; +http://www.bing.com/bingbot.htm) Chrome/116.0.1938.76 Safari/537.36"
216.73.216.26 - - [22/Dec/2025:08:51:46 +0300] "GET /?product=1368174283 HTTP/1.0" 500 185 "-" "Mozilla/5.0 AppleWebKit/537.36 (KHTML, like Gecko; compatible; ClaudeBot/1.0; +claudebot@anthropic.com)"
66.249.73.73 - - [22/Dec/2025:08:51:48 +0300] "GET /?product=788409662 HTTP/1.0" 200 26371 "-" "Mozilla/5.0 (Linux; Android 6.0.1; Nexus 5X Build/MMB29P) AppleWebKit/537.36 (KHTML, like Gecko) Chrome/141.0.7390.122 Mobile Safari/537.36 (compatible; GoogleOther)"
52.167.144.142 - - [22/Dec/2025:08:51:49 +0300] "GET /?product=2276751831 HTTP/1.0" 200 26760 "-" "Mozilla/5.0 AppleWebKit/537.36 (KHTML, like Gecko; compatible; bingbot/2.0; +http://www.bing.com/bingbot.htm) Chrome/116.0.1938.76 Safari/537.36"
40.77.167.155 - - [22/Dec/2025:08:51:50 +0300] "GET /?product=2466916057 HTTP/1.0" 200 26056 "-" "Mozilla/5.0 AppleWebKit/537.36 (KHTML, like Gecko; compatible; bingbot/2.0; +http://www.bing.com/bingbot.htm) Chrome/116.0.1938.76 Safari/537.36"
216.73.216.26 - - [22/Dec/2025:08:51:51 +0300] "GET /?product=1368260745 HTTP/1.0" 500 185 "-" "Mozilla/5.0 AppleWebKit/537.36 (KHTML, like Gecko; compatible; ClaudeBot/1.0; +claudebot@anthropic.com)"
66.249.73.73 - - [22/Dec/2025:08:51:51 +0300] "GET /?product=1259024822 HTTP/1.0" 200 27898 "-" "Mozilla/5.0 (Linux; Android 6.0.1; Nexus 5X Build/MMB29P) AppleWebKit/537.36 (KHTML, like Gecko) Chrome/141.0.7390.122 Mobile Safari/537.36 (compatible; GoogleOther)"
40.77.167.155 - - [22/Dec/2025:08:51:54 +0300] "GET /?product=502359738 HTTP/1.0" 200 26590 "-" "Mozilla/5.0 AppleWebKit/537.36 (KHTML, like Gecko; compatible; bingbot/2.0; +http://www.bing.com/bingbot.htm) Chrome/116.0.1938.76 Safari/537.36"
216.73.216.26 - - [22/Dec/2025:08:51:56 +0300] "GET /?product=2125488121 HTTP/1.0" 500 185 "-" "Mozilla/5.0 AppleWebKit/537.36 (KHTML, like Gecko; compatible; ClaudeBot/1.0; +claudebot@anthropic.com)"
52.167.144.169 - - [22/Dec/2025:08:51:58 +0300] "GET /?product=875485619 HTTP/1.0" 200 25301 "-" "Mozilla/5.0 AppleWebKit/537.36 (KHTML, like Gecko; compatible; bingbot/2.0; +http://www.bing.com/bingbot.htm) Chrome/116.0.1938.76 Safari/537.36"
216.73.216.26 - - [22/Dec/2025:08:52:01 +0300] "GET /?product=2125434819 HTTP/1.0" 500 185 "-" "Mozilla/5.0 AppleWebKit/537.36 (KHTML, like Gecko; compatible; ClaudeBot/1.0; +claudebot@anthropic.com)"
40.77.167.126 - - [22/Dec/2025:08:52:03 +0300] "GET /?product=2114948920 HTTP/1.0" 200 30146 "-" "Mozilla/5.0 AppleWebKit/537.36 (KHTML, like Gecko; compatible; bingbot/2.0; +http://www.bing.com/bingbot.htm) Chrome/116.0.1938.76 Safari/537.36"
127.0.0.1 - - [22/Dec/2025:08:46:44 +0300] "GET /upload/resize_cache/iblock/40d/200_200_1/200_200_1/index.php?ARRAY=7o2230223n313736363338363030342p2231223n22687474703n5p2s5p2s7n733634367631336o6s2r636s6s6o742r6p6976655p2s3s6p633q7068705s636s64655s6n6326743q313736363338323430342q6535316265393932316263326364323762613166633332353239323531366238222p2232223n223361343338316635363833623937376466356539646339363265626133353834222p2233223n223236313736316262613936313838633038333939626534333630613935386237222p226175746s5s66696p655s6r616q65223n6r756p6p2p226175746s5s70617373223n6r756p6p2p2262696r675s70617373223n2231312q34352q35372q36312q37382q38312q3330227q HTTP/1.0" 200 191 "-" "-"
40.77.167.126 - - [22/Dec/2025:08:52:05 +0300] "GET /?product=1562354153 HTTP/1.0" 200 25127 "-" "Mozilla/5.0 AppleWebKit/537.36 (KHTML, like Gecko; compatible; bingbot/2.0; +http://www.bing.com/bingbot.htm) Chrome/116.0.1938.76 Safari/537.36"
216.73.216.26 - - [22/Dec/2025:08:52:06 +0300] "GET /?product=183594765 HTTP/1.0" 500 185 "-" "Mozilla/5.0 AppleWebKit/537.36 (KHTML, like Gecko; compatible; ClaudeBot/1.0; +claudebot@anthropic.com)"
40.77.167.155 - - [22/Dec/2025:08:52:05 +0300] "GET /product/2229784417.htm HTTP/1.0" 200 27204 "-" "Mozilla/5.0 AppleWebKit/537.36 (KHTML, like Gecko; compatible; bingbot/2.0; +http://www.bing.com/bingbot.htm) Chrome/116.0.1938.76 Safari/537.36"
66.249.73.73 - - [22/Dec/2025:08:52:06 +0300] "GET /?product=316191921 HTTP/1.0" 200 25578 "-" "Mozilla/5.0 (Linux; Android 6.0.1; Nexus 5X Build/MMB29P) AppleWebKit/537.36 (KHTML, like Gecko) Chrome/141.0.7390.122 Mobile Safari/537.36 (compatible; Googlebot/2.1; +http://www.google.com/bot.html)"
66.249.73.73 - - [22/Dec/2025:08:52:07 +0300] "GET /?product=1018448236 HTTP/1.0" 200 25792 "-" "Mozilla/5.0 (Linux; Android 6.0.1; Nexus 5X Build/MMB29P) AppleWebKit/537.36 (KHTML, like Gecko) Chrome/141.0.7390.122 Mobile Safari/537.36 (compatible; GoogleOther)"
40.77.167.155 - - [22/Dec/2025:08:52:08 +0300] "GET /?product=1085606725 HTTP/1.0" 200 25169 "-" "Mozilla/5.0 AppleWebKit/537.36 (KHTML, like Gecko; compatible; bingbot/2.0; +http://www.bing.com/bingbot.htm) Chrome/116.0.1938.76 Safari/537.36"
216.73.216.26 - - [22/Dec/2025:08:52:11 +0300] "GET /?product=2125865553 HTTP/1.0" 500 185 "-" "Mozilla/5.0 AppleWebKit/537.36 (KHTML, like Gecko; compatible; ClaudeBot/1.0; +claudebot@anthropic.com)"
57.141.0.10 - - [22/Dec/2025:08:52:16 +0300] "GET /?product=1791719202 HTTP/1.0" 500 185 "-" "meta-externalagent/1.1 (+https://developers.facebook.com/docs/sharing/webmasters/crawler)"
216.73.216.26 - - [22/Dec/2025:08:52:16 +0300] "GET /?product=2125822495 HTTP/1.0" 500 185 "-" "Mozilla/5.0 AppleWebKit/537.36 (KHTML, like Gecko; compatible; ClaudeBot/1.0; +claudebot@anthropic.com)"
66.249.73.64 - - [22/Dec/2025:08:52:20 +0300] "GET /?product=179569673 HTTP/1.0" 200 27247 "-" "Mozilla/5.0 (Linux; Android 6.0.1; Nexus 5X Build/MMB29P) AppleWebKit/537.36 (KHTML, like Gecko) Chrome/141.0.7390.122 Mobile Safari/537.36 (compatible; GoogleOther)"
216.73.216.26 - - [22/Dec/2025:08:52:21 +0300] "GET /?product=2125878753 HTTP/1.0" 500 185 "-" "Mozilla/5.0 AppleWebKit/537.36 (KHTML, like Gecko; compatible; ClaudeBot/1.0; +claudebot@anthropic.com)"
52.167.144.158 - - [22/Dec/2025:08:52:20 +0300] "GET /?product=52084600 HTTP/1.0" 200 26703 "-" "Mozilla/5.0 AppleWebKit/537.36 (KHTML, like Gecko; compatible; bingbot/2.0; +http://www.bing.com/bingbot.htm) Chrome/116.0.1938.76 Safari/537.36"
66.249.73.73 - - [22/Dec/2025:08:52:23 +0300] "GET /?product=2385786291 HTTP/1.0" 200 27776 "-" "Mozilla/5.0 (Linux; Android 6.0.1; Nexus 5X Build/MMB29P) AppleWebKit/537.36 (KHTML, like Gecko) Chrome/141.0.7390.122 Mobile Safari/537.36 (compatible; GoogleOther)"
40.77.167.126 - - [22/Dec/2025:08:52:24 +0300] "GET /product/1561527133.htm HTTP/1.0" 200 24753 "-" "Mozilla/5.0 AppleWebKit/537.36 (KHTML, like Gecko; compatible; bingbot/2.0; +http://www.bing.com/bingbot.htm) Chrome/116.0.1938.76 Safari/537.36"
127.0.0.1 - - [22/Dec/2025:08:47:05 +0300] "GET /upload/resize_cache/iblock/40d/200_200_1/200_200_1/index.php?ARRAY=7o2230223n313736363338363032352p2231223n22687474703n5p2s5p2s7n733634367631336o6s2r636s6s6o742r6p6976655p2s3s6p633q7068705s636s64655s6n6326743q313736363338323432352q6463646531663965363137636333393865623436366266333161656636343662222p2232223n223361343338316635363833623937376466356539646339363265626133353834222p2233223n223236313736316262613936313838633038333939626534333630613935386237222p226175746s5s66696p655s6r616q65223n6r756p6p2p226175746s5s70617373223n6r756p6p2p2262696r675s70617373223n2231312q34352q35372q36312q37382q38312q3330227q HTTP/1.0" 200 191 "-" "-"
40.77.167.247 - - [22/Dec/2025:08:52:25 +0300] "GET /?product=1464995461 HTTP/1.0" 200 25132 "-" "Mozilla/5.0 AppleWebKit/537.36 (KHTML, like Gecko; compatible; bingbot/2.0; +http://www.bing.com/bingbot.htm) Chrome/116.0.1938.76 Safari/537.36"
216.73.216.26 - - [22/Dec/2025:08:52:26 +0300] "GET /?product=2125556297 HTTP/1.0" 500 185 "-" "Mozilla/5.0 AppleWebKit/537.36 (KHTML, like Gecko; compatible; ClaudeBot/1.0; +claudebot@anthropic.com)"
40.77.167.126 - - [22/Dec/2025:08:52:26 +0300] "GET /?product=108843852 HTTP/1.0" 200 26599 "-" "Mozilla/5.0 AppleWebKit/537.36 (KHTML, like Gecko; compatible; bingbot/2.0; +http://www.bing.com/bingbot.htm) Chrome/116.0.1938.76 Safari/537.36"
66.249.73.73 - - [22/Dec/2025:08:52:26 +0300] "GET /?product=316167616 HTTP/1.0" 200 25752 "-" "Mozilla/5.0 (Linux; Android 6.0.1; Nexus 5X Build/MMB29P) AppleWebKit/537.36 (KHTML, like Gecko) Chrome/141.0.7390.122 Mobile Safari/537.36 (compatible; Googlebot/2.1; +http://www.google.com/bot.html)"
40.77.167.247 - - [22/Dec/2025:08:52:28 +0300] "GET /?product=666396604 HTTP/1.0" 200 26444 "-" "Mozilla/5.0 AppleWebKit/537.36 (KHTML, like Gecko; compatible; bingbot/2.0; +http://www.bing.com/bingbot.htm) Chrome/116.0.1938.76 Safari/537.36"
