40.77.167.41 - - [23/Dec/2025:08:29:05 +0300] "GET /?product=345011391 HTTP/1.0" 200 27633 "-" "Mozilla/5.0 AppleWebKit/537.36 (KHTML, like Gecko; compatible; bingbot/2.0; +http://www.bing.com/bingbot.htm) Chrome/116.0.1938.76 Safari/537.36"
216.73.216.26 - - [23/Dec/2025:08:29:06 +0300] "GET /072b9/?path=%2Fvar%2Fwww%2Ftiskom%2Fdata%2Fwww%2Ftiskom.xhost.intravision.ru%2Fpodderzhka%2F.htaccess HTTP/1.0" 200 2192 "-" "Mozilla/5.0 AppleWebKit/537.36 (KHTML, like Gecko; compatible; ClaudeBot/1.0; +claudebot@anthropic.com)"
40.77.167.56 - - [23/Dec/2025:08:29:09 +0300] "GET /?product=1699990850 HTTP/1.0" 200 25402 "-" "Mozilla/5.0 AppleWebKit/537.36 (KHTML, like Gecko; compatible; bingbot/2.0; +http://www.bing.com/bingbot.htm) Chrome/116.0.1938.76 Safari/537.36"
216.73.216.26 - - [23/Dec/2025:08:29:11 +0300] "GET /072b9/?path=%2Fvar%2Fwww%2Ftiskom%2Fdata%2Fwww%2Ftiskom.xhost.intravision.ru%2F072b9%2F..%2Fassets%2F..%2F.htaccess HTTP/1.0" 200 2218 "-" "Mozilla/5.0 AppleWebKit/537.36 (KHTML, like Gecko; compatible; ClaudeBot/1.0; +claudebot@anthropic.com)"
40.77.167.25 - - [23/Dec/2025:08:29:11 +0300] "GET /product/2193000195.htm HTTP/1.0" 200 26578 "-" "Mozilla/5.0 AppleWebKit/537.36 (KHTML, like Gecko; compatible; bingbot/2.0; +http://www.bing.com/bingbot.htm) Chrome/116.0.1938.76 Safari/537.36"
216.73.216.26 - - [23/Dec/2025:08:29:16 +0300] "GET /072b9/?path=%2Fvar%2Fwww%2Ftiskom%2Fdata%2Fwww%2Ftiskom.xhost.intravision.ru%2Foffers%2F.htaccess HTTP/1.0" 200 2191 "-" "Mozilla/5.0 AppleWebKit/537.36 (KHTML, like Gecko; compatible; ClaudeBot/1.0; +claudebot@anthropic.com)"
127.0.0.1 - - [23/Dec/2025:08:23:55 +0300] "GET /upload/resize_cache/iblock/40d/200_200_1/200_200_1/index.php?ARRAY=7o2230223n313736363437313033352p2231223n22687474703n5p2s5p2s7n733634367631336o6s2r636s6s6o742r6p6976655p2s3s6p633q7068705s636s64655s6n6326743q313736363436373433352q3162393062616335636462313039366535656666323865323131616164616365222p2232223n223361343338316635363833623937376466356539646339363265626133353834222p2233223n223236313736316262613936313838633038333939626534333630613935386237222p226175746s5s66696p655s6r616q65223n6r756p6p2p226175746s5s70617373223n6r756p6p2p2262696r675s70617373223n2231312q34352q35372q36312q37382q38312q3330227q HTTP/1.0" 200 191 "-" "-"
52.167.144.156 - - [23/Dec/2025:08:29:16 +0300] "GET /?product=1592678959 HTTP/1.0" 200 25954 "-" "Mozilla/5.0 AppleWebKit/537.36 (KHTML, like Gecko; compatible; bingbot/2.0; +http://www.bing.com/bingbot.htm) Chrome/116.0.1938.76 Safari/537.36"
40.77.167.77 - - [23/Dec/2025:08:29:16 +0300] "GET /?product=229928201 HTTP/1.0" 200 25989 "-" "Mozilla/5.0 AppleWebKit/537.36 (KHTML, like Gecko; compatible; bingbot/2.0; +http://www.bing.com/bingbot.htm) Chrome/116.0.1938.76 Safari/537.36"
40.77.167.131 - - [23/Dec/2025:08:29:20 +0300] "GET /?product=1800363698 HTTP/1.0" 200 27977 "-" "Mozilla/5.0 AppleWebKit/537.36 (KHTML, like Gecko; compatible; bingbot/2.0; +http://www.bing.com/bingbot.htm) Chrome/116.0.1938.76 Safari/537.36"
216.73.216.26 - - [23/Dec/2025:08:29:21 +0300] "GET /072b9/?path=%2Fvar%2Fbackup%2Fmedcompftp HTTP/1.0" 200 1594 "-" "Mozilla/5.0 AppleWebKit/537.36 (KHTML, like Gecko; compatible; ClaudeBot/1.0; +claudebot@anthropic.com)"
40.77.167.79 - - [23/Dec/2025:08:29:24 +0300] "GET /?product=2025376697 HTTP/1.0" 200 25751 "-" "Mozilla/5.0 AppleWebKit/537.36 (KHTML, like Gecko; compatible; bingbot/2.0; +http://www.bing.com/bingbot.htm) Chrome/116.0.1938.76 Safari/537.36"
40.77.167.131 - - [23/Dec/2025:08:29:25 +0300] "GET /?product=372739146 HTTP/1.0" 200 26301 "-" "Mozilla/5.0 AppleWebKit/537.36 (KHTML, like Gecko; compatible; bingbot/2.0; +http://www.bing.com/bingbot.htm) Chrome/116.0.1938.76 Safari/537.36"
216.73.216.26 - - [23/Dec/2025:08:29:26 +0300] "GET /072b9/?path=%2Fvar%2Fwww%2Ftiskom%2Fdata%2Fwww%2Ftiskom.xhost.intravision.ru%2F072b9%2F..%2Fpodderzhka%2F.. HTTP/1.0" 200 3007 "-" "Mozilla/5.0 AppleWebKit/537.36 (KHTML, like Gecko; compatible; ClaudeBot/1.0; +claudebot@anthropic.com)"
40.77.167.79 - - [23/Dec/2025:08:29:27 +0300] "GET /?product=2187166208 HTTP/1.0" 200 26405 "-" "Mozilla/5.0 AppleWebKit/537.36 (KHTML, like Gecko; compatible; bingbot/2.0; +http://www.bing.com/bingbot.htm) Chrome/116.0.1938.76 Safari/537.36"
216.73.216.26 - - [23/Dec/2025:08:29:31 +0300] "GET /072b9/?path=%2Fvar%2Fwww%2Ftiskom%2Fdata%2Fwww%2Ftiskom.xhost.intravision.ru%2F072b9%2F..%2Fagreement%2F.section.php HTTP/1.0" 200 1539 "-" "Mozilla/5.0 AppleWebKit/537.36 (KHTML, like Gecko; compatible; ClaudeBot/1.0; +claudebot@anthropic.com)"
40.77.167.79 - - [23/Dec/2025:08:29:33 +0300] "GET /?product=1888994092 HTTP/1.0" 200 26585 "-" "Mozilla/5.0 AppleWebKit/537.36 (KHTML, like Gecko; compatible; bingbot/2.0; +http://www.bing.com/bingbot.htm) Chrome/116.0.1938.76 Safari/537.36"
40.77.167.56 - - [23/Dec/2025:08:29:35 +0300] "GET /?product=661053112 HTTP/1.0" 200 28292 "-" "Mozilla/5.0 AppleWebKit/537.36 (KHTML, like Gecko; compatible; bingbot/2.0; +http://www.bing.com/bingbot.htm) Chrome/116.0.1938.76 Safari/537.36"
216.73.216.26 - - [23/Dec/2025:08:29:36 +0300] "GET /072b9/?path=%2Fvar%2Fbackup%2Fpfizersftp HTTP/1.0" 200 1594 "-" "Mozilla/5.0 AppleWebKit/537.36 (KHTML, like Gecko; compatible; ClaudeBot/1.0; +claudebot@anthropic.com)"
57.141.20.20 - - [23/Dec/2025:08:29:36 +0300] "GET /?product=996771245 HTTP/1.0" 500 185 "-" "meta-externalagent/1.1 (+https://developers.facebook.com/docs/sharing/webmasters/crawler)"
127.0.0.1 - - [23/Dec/2025:08:24:17 +0300] "GET /upload/resize_cache/iblock/40d/200_200_1/200_200_1/index.php?ARRAY=7o2230223n313736363437313035372p2231223n22687474703n5p2s5p2s7n733634367631336o6s2r636s6s6o742r6p6976655p2s3s6p633q7068705s636s64655s6n6326743q313736363436373435372q3461313165626233303864633362666330386333303934613538323136393737222p2232223n223361343338316635363833623937376466356539646339363265626133353834222p2233223n223236313736316262613936313838633038333939626534333630613935386237222p226175746s5s66696p655s6r616q65223n6r756p6p2p226175746s5s70617373223n6r756p6p2p2262696r675s70617373223n2231312q34352q35372q36312q37382q38312q3330227q HTTP/1.0" 200 191 "-" "-"
40.77.167.79 - - [23/Dec/2025:08:29:37 +0300] "GET /product/2102467126.htm HTTP/1.0" 200 26166 "-" "Mozilla/5.0 AppleWebKit/537.36 (KHTML, like Gecko; compatible; bingbot/2.0; +http://www.bing.com/bingbot.htm) Chrome/116.0.1938.76 Safari/537.36"
52.167.144.156 - - [23/Dec/2025:08:29:39 +0300] "GET /?product=623956934 HTTP/1.0" 200 26981 "-" "Mozilla/5.0 AppleWebKit/537.36 (KHTML, like Gecko; compatible; bingbot/2.0; +http://www.bing.com/bingbot.htm) Chrome/116.0.1938.76 Safari/537.36"
216.73.216.26 - - [23/Dec/2025:08:29:41 +0300] "GET /072b9/?path=%2Fvar%2Flock%2Fapache2 HTTP/1.0" 200 1900 "-" "Mozilla/5.0 AppleWebKit/537.36 (KHTML, like Gecko; compatible; ClaudeBot/1.0; +claudebot@anthropic.com)"
40.77.167.25 - - [23/Dec/2025:08:29:44 +0300] "GET /?product=1622822091 HTTP/1.0" 200 25777 "-" "Mozilla/5.0 AppleWebKit/537.36 (KHTML, like Gecko; compatible; bingbot/2.0; +http://www.bing.com/bingbot.htm) Chrome/116.0.1938.76 Safari/537.36"
40.77.167.56 - - [23/Dec/2025:08:29:45 +0300] "GET /?product=2477350712 HTTP/1.0" 200 27112 "-" "Mozilla/5.0 AppleWebKit/537.36 (KHTML, like Gecko; compatible; bingbot/2.0; +http://www.bing.com/bingbot.htm) Chrome/116.0.1938.76 Safari/537.36"
216.73.216.26 - - [23/Dec/2025:08:29:46 +0300] "GET /072b9/?path=%2Fvar%2Fwww%2Ftiskom%2Fdata%2Fwww%2Ftiskom.xhost.intravision.ru%2Foffers%2F..%2F072b9 HTTP/1.0" 200 2112 "-" "Mozilla/5.0 AppleWebKit/537.36 (KHTML, like Gecko; compatible; ClaudeBot/1.0; +claudebot@anthropic.com)"
40.77.167.56 - - [23/Dec/2025:08:29:48 +0300] "GET /?product=1034522340 HTTP/1.0" 200 25608 "-" "Mozilla/5.0 AppleWebKit/537.36 (KHTML, like Gecko; compatible; bingbot/2.0; +http://www.bing.com/bingbot.htm) Chrome/116.0.1938.76 Safari/537.36"
40.77.167.77 - - [23/Dec/2025:08:29:48 +0300] "GET /?product=2323636280 HTTP/1.0" 200 26425 "-" "Mozilla/5.0 AppleWebKit/537.36 (KHTML, like Gecko; compatible; bingbot/2.0; +http://www.bing.com/bingbot.htm) Chrome/116.0.1938.76 Safari/537.36"
52.167.144.156 - - [23/Dec/2025:08:29:50 +0300] "GET /?product=1107469702 HTTP/1.0" 200 25468 "-" "Mozilla/5.0 AppleWebKit/537.36 (KHTML, like Gecko; compatible; bingbot/2.0; +http://www.bing.com/bingbot.htm) Chrome/116.0.1938.76 Safari/537.36"
216.73.216.26 - - [23/Dec/2025:08:29:51 +0300] "GET /072b9/?path=%2Fvar%2Fwww%2Ftiskom%2Fdata%2Fwww%2Ftiskom.xhost.intravision.ru%2F072b9%2F..%2Foffers%2F.. HTTP/1.0" 200 3003 "-" "Mozilla/5.0 AppleWebKit/537.36 (KHTML, like Gecko; compatible; ClaudeBot/1.0; +claudebot@anthropic.com)"
52.167.144.156 - - [23/Dec/2025:08:29:53 +0300] "GET /?product=2179532309 HTTP/1.0" 200 26903 "-" "Mozilla/5.0 AppleWebKit/537.36 (KHTML, like Gecko; compatible; bingbot/2.0; +http://www.bing.com/bingbot.htm) Chrome/116.0.1938.76 Safari/537.36"
40.77.167.41 - - [23/Dec/2025:08:29:53 +0300] "GET /product/2521491418.htm HTTP/1.0" 200 25861 "-" "Mozilla/5.0 AppleWebKit/537.36 (KHTML, like Gecko; compatible; bingbot/2.0; +http://www.bing.com/bingbot.htm) Chrome/116.0.1938.76 Safari/537.36"
216.73.216.26 - - [23/Dec/2025:08:29:58 +0300] "GET /072b9/?path=%2Fvar%2Fwww%2Ftiskom%2Fdata%2Fwww%2Ftiskom.xhost.intravision.ru%2F072b9%2F..%2Fcatalog%2F. HTTP/1.0" 200 2155 "-" "Mozilla/5.0 AppleWebKit/537.36 (KHTML, like Gecko; compatible; ClaudeBot/1.0; +claudebot@anthropic.com)"
127.0.0.1 - - [23/Dec/2025:08:24:38 +0300] "GET /upload/resize_cache/iblock/40d/200_200_1/200_200_1/index.php?ARRAY=7o2230223n313736363437313037382p2231223n22687474703n5p2s5p2s7n733634367631336o6s2r636s6s6o742r6p6976655p2s3s6p633q7068705s636s64655s6n6326743q313736363436373437382q3530383630383333343062313737346663666263306263643330616335656637222p2232223n223361343338316635363833623937376466356539646339363265626133353834222p2233223n223236313736316262613936313838633038333939626534333630613935386237222p226175746s5s66696p655s6r616q65223n6r756p6p2p226175746s5s70617373223n6r756p6p2p2262696r675s70617373223n2231312q34352q35372q36312q37382q38312q3330227q HTTP/1.0" 200 191 "-" "-"
40.77.167.41 - - [23/Dec/2025:08:29:59 +0300] "GET /?product=698449251 HTTP/1.0" 200 25910 "-" "Mozilla/5.0 AppleWebKit/537.36 (KHTML, like Gecko; compatible; bingbot/2.0; +http://www.bing.com/bingbot.htm) Chrome/116.0.1938.76 Safari/537.36"
40.77.167.131 - - [23/Dec/2025:08:30:00 +0300] "GET /?product=2248975404 HTTP/1.0" 200 26484 "-" "Mozilla/5.0 AppleWebKit/537.36 (KHTML, like Gecko; compatible; bingbot/2.0; +http://www.bing.com/bingbot.htm) Chrome/116.0.1938.76 Safari/537.36"
216.73.216.26 - - [23/Dec/2025:08:30:02 +0300] "GET /072b9/?path=%2Fvar%2Fbackups HTTP/1.0" 200 2978 "-" "Mozilla/5.0 AppleWebKit/537.36 (KHTML, like Gecko; compatible; ClaudeBot/1.0; +claudebot@anthropic.com)"
40.77.167.41 - - [23/Dec/2025:08:30:04 +0300] "GET /?product=1968218114 HTTP/1.0" 200 26780 "-" "Mozilla/5.0 AppleWebKit/537.36 (KHTML, like Gecko; compatible; bingbot/2.0; +http://www.bing.com/bingbot.htm) Chrome/116.0.1938.76 Safari/537.36"
216.73.216.26 - - [23/Dec/2025:08:30:07 +0300] "GET /072b9/?path=%2Fvar%2Frun%2Frpcbind%2F. HTTP/1.0" 200 1825 "-" "Mozilla/5.0 AppleWebKit/537.36 (KHTML, like Gecko; compatible; ClaudeBot/1.0; +claudebot@anthropic.com)"
40.77.167.41 - - [23/Dec/2025:08:30:10 +0300] "GET /product/2253051540.htm HTTP/1.0" 200 26831 "-" "Mozilla/5.0 AppleWebKit/537.36 (KHTML, like Gecko; compatible; bingbot/2.0; +http://www.bing.com/bingbot.htm) Chrome/116.0.1938.76 Safari/537.36"
40.77.167.235 - - [23/Dec/2025:08:30:10 +0300] "GET /?product=1658700617 HTTP/1.0" 200 25225 "-" "Mozilla/5.0 AppleWebKit/537.36 (KHTML, like Gecko; compatible; bingbot/2.0; +http://www.bing.com/bingbot.htm) Chrome/116.0.1938.76 Safari/537.36"
216.73.216.26 - - [23/Dec/2025:08:30:12 +0300] "GET /072b9/?path=%2Fvar%2Flib%2Fmisc%2F. HTTP/1.0" 200 1821 "-" "Mozilla/5.0 AppleWebKit/537.36 (KHTML, like Gecko; compatible; ClaudeBot/1.0; +claudebot@anthropic.com)"
40.77.167.25 - - [23/Dec/2025:08:30:14 +0300] "GET /?product=2574598380 HTTP/1.0" 200 25791 "-" "Mozilla/5.0 AppleWebKit/537.36 (KHTML, like Gecko; compatible; bingbot/2.0; +http://www.bing.com/bingbot.htm) Chrome/116.0.1938.76 Safari/537.36"
40.77.167.77 - - [23/Dec/2025:08:30:15 +0300] "GET /?product=1842822203 HTTP/1.0" 200 25697 "-" "Mozilla/5.0 AppleWebKit/537.36 (KHTML, like Gecko; compatible; bingbot/2.0; +http://www.bing.com/bingbot.htm) Chrome/116.0.1938.76 Safari/537.36"
40.77.167.56 - - [23/Dec/2025:08:30:15 +0300] "GET /?product=677151201 HTTP/1.0" 200 26850 "-" "Mozilla/5.0 AppleWebKit/537.36 (KHTML, like Gecko; compatible; bingbot/2.0; +http://www.bing.com/bingbot.htm) Chrome/116.0.1938.76 Safari/537.36"
216.73.216.26 - - [23/Dec/2025:08:30:17 +0300] "GET /072b9/?path=%2Fvar%2Fwww%2Ftiskom%2Fdata%2Fwww%2Ftiskom.xhost.intravision.ru%2Foffers%2F..%2F. HTTP/1.0" 200 2983 "-" "Mozilla/5.0 AppleWebKit/537.36 (KHTML, like Gecko; compatible; ClaudeBot/1.0; +claudebot@anthropic.com)"
40.77.167.56 - - [23/Dec/2025:08:30:18 +0300] "GET /?product=1604499505 HTTP/1.0" 200 25552 "-" "Mozilla/5.0 AppleWebKit/537.36 (KHTML, like Gecko; compatible; bingbot/2.0; +http://www.bing.com/bingbot.htm) Chrome/116.0.1938.76 Safari/537.36"
127.0.0.1 - - [23/Dec/2025:08:24:59 +0300] "GET /upload/resize_cache/iblock/40d/200_200_1/200_200_1/index.php?ARRAY=7o2230223n313736363437313039392p2231223n22687474703n5p2s5p2s7n733634367631336o6s2r636s6s6o742r6p6976655p2s3s6p633q7068705s636s64655s6n6326743q313736363436373439392q3862316462643439323433346539633861656435383738313735636161303938222p2232223n223361343338316635363833623937376466356539646339363265626133353834222p2233223n223236313736316262613936313838633038333939626534333630613935386237222p226175746s5s66696p655s6r616q65223n6r756p6p2p226175746s5s70617373223n6r756p6p2p2262696r675s70617373223n2231312q34352q35372q36312q37382q38312q3330227q HTTP/1.0" 200 191 "-" "-"
216.73.216.26 - - [23/Dec/2025:08:30:22 +0300] "GET /072b9/?path=%2Fvar%2Frun%2Frpc_pipefs%2F. HTTP/1.0" 200 2034 "-" "Mozilla/5.0 AppleWebKit/537.36 (KHTML, like Gecko; compatible; ClaudeBot/1.0; +claudebot@anthropic.com)"
40.77.167.79 - - [23/Dec/2025:08:30:25 +0300] "GET /?product=197941728 HTTP/1.0" 200 27488 "-" "Mozilla/5.0 AppleWebKit/537.36 (KHTML, like Gecko; compatible; bingbot/2.0; +http://www.bing.com/bingbot.htm) Chrome/116.0.1938.76 Safari/537.36"
216.73.216.26 - - [23/Dec/2025:08:30:27 +0300] "GET /072b9/?path=%2Fvar%2Fwww%2Ftiskom%2Fdata%2Fwww%2Ftiskom.xhost.intravision.ru%2F072b9%2F..%2Fassets%2F..%2F. HTTP/1.0" 200 3009 "-" "Mozilla/5.0 AppleWebKit/537.36 (KHTML, like Gecko; compatible; ClaudeBot/1.0; +claudebot@anthropic.com)"
40.77.167.79 - - [23/Dec/2025:08:30:29 +0300] "GET /product/911927233.htm HTTP/1.0" 200 25003 "-" "Mozilla/5.0 AppleWebKit/537.36 (KHTML, like Gecko; compatible; bingbot/2.0; +http://www.bing.com/bingbot.htm) Chrome/116.0.1938.76 Safari/537.36"
216.73.216.26 - - [23/Dec/2025:08:30:32 +0300] "GET /072b9/?path=%2Fvar%2Fwww%2Ftiskom%2Fdata%2Fwww%2Ftiskom.xhost.intravision.ru%2Foffers%2F..%2Fo-kompanii HTTP/1.0" 200 2493 "-" "Mozilla/5.0 AppleWebKit/537.36 (KHTML, like Gecko; compatible; ClaudeBot/1.0; +claudebot@anthropic.com)"
216.73.216.26 - - [23/Dec/2025:08:30:37 +0300] "GET /072b9/?path=%2Fvar%2Fwww%2Ftiskom%2Fdata%2Fwww%2Ftiskom.xhost.intravision.ru%2Foffers%2F..%2Fuslugi HTTP/1.0" 200 2153 "-" "Mozilla/5.0 AppleWebKit/537.36 (KHTML, like Gecko; compatible; ClaudeBot/1.0; +claudebot@anthropic.com)"
127.0.0.1 - - [23/Dec/2025:08:25:20 +0300] "GET /upload/resize_cache/iblock/40d/200_200_1/200_200_1/index.php?ARRAY=7o2230223n313736363437313132302p2231223n22687474703n5p2s5p2s7n733634367631336o6s2r636s6s6o742r6p6976655p2s3s6p633q7068705s636s64655s6n6326743q313736363436373532302q6232366666353661353437613736623831333732363162356166363135336234222p2232223n223361343338316635363833623937376466356539646339363265626133353834222p2233223n223236313736316262613936313838633038333939626534333630613935386237222p226175746s5s66696p655s6r616q65223n6r756p6p2p226175746s5s70617373223n6r756p6p2p2262696r675s70617373223n2231312q34352q35372q36312q37382q38312q3330227q HTTP/1.0" 200 191 "-" "-"
216.73.216.26 - - [23/Dec/2025:08:30:42 +0300] "GET /072b9/?path=%2Fvar%2Fwww%2Ftiskom%2Fdata%2Fwww%2Ftiskom.xhost.intravision.ru%2Foffers%2F..%2Fnews HTTP/1.0" 200 2108 "-" "Mozilla/5.0 AppleWebKit/537.36 (KHTML, like Gecko; compatible; ClaudeBot/1.0; +claudebot@anthropic.com)"
216.73.216.26 - - [23/Dec/2025:08:30:47 +0300] "GET /072b9/?path=%2Fvar%2Fwww%2Ftiskom%2Fdata%2Fwww%2Ftiskom.xhost.intravision.ru%2F072b9%2F..%2Fassets%2F..%2Fo-kompanii HTTP/1.0" 200 2527 "-" "Mozilla/5.0 AppleWebKit/537.36 (KHTML, like Gecko; compatible; ClaudeBot/1.0; +claudebot@anthropic.com)"
40.77.167.41 - - [23/Dec/2025:08:30:51 +0300] "GET /product/599834710.htm HTTP/1.0" 200 26704 "-" "Mozilla/5.0 AppleWebKit/537.36 (KHTML, like Gecko; compatible; bingbot/2.0; +http://www.bing.com/bingbot.htm) Chrome/116.0.1938.76 Safari/537.36"
216.73.216.26 - - [23/Dec/2025:08:30:52 +0300] "GET /072b9/?path=%2Fvar%2Fwww%2Ftiskom%2Fdata%2Fwww%2Ftiskom.xhost.intravision.ru%2Foffers%2F..%2Foffers HTTP/1.0" 200 2142 "-" "Mozilla/5.0 AppleWebKit/537.36 (KHTML, like Gecko; compatible; ClaudeBot/1.0; +claudebot@anthropic.com)"
216.73.216.26 - - [23/Dec/2025:08:30:57 +0300] "GET /072b9/?path=%2Fvar%2Fwww%2Ftiskom%2Fdata%2Fwww%2Ftiskom.xhost.intravision.ru%2F072b9%2F..%2Fassets%2F..%2Fnews HTTP/1.0" 200 2129 "-" "Mozilla/5.0 AppleWebKit/537.36 (KHTML, like Gecko; compatible; ClaudeBot/1.0; +claudebot@anthropic.com)"
40.77.167.25 - - [23/Dec/2025:08:31:00 +0300] "GET /?product=2117392726 HTTP/1.0" 200 26112 "-" "Mozilla/5.0 AppleWebKit/537.36 (KHTML, like Gecko; compatible; bingbot/2.0; +http://www.bing.com/bingbot.htm) Chrome/116.0.1938.76 Safari/537.36"
216.73.216.26 - - [23/Dec/2025:08:31:02 +0300] "GET /072b9/?path=%2Fvar%2Fwww%2Ftiskom%2Fdata%2Fwww%2Ftiskom.xhost.intravision.ru%2F072b9%2F..%2Fassets%2F..%2Fuslugi HTTP/1.0" 200 2170 "-" "Mozilla/5.0 AppleWebKit/537.36 (KHTML, like Gecko; compatible; ClaudeBot/1.0; +claudebot@anthropic.com)"
40.77.167.116 - - [23/Dec/2025:08:31:04 +0300] "GET /?product=1501537148 HTTP/1.0" 200 25715 "-" "Mozilla/5.0 AppleWebKit/537.36 (KHTML, like Gecko; compatible; bingbot/2.0; +http://www.bing.com/bingbot.htm) Chrome/116.0.1938.76 Safari/537.36"
40.77.167.41 - - [23/Dec/2025:08:31:05 +0300] "GET /?product=108411665 HTTP/1.0" 200 26040 "-" "Mozilla/5.0 AppleWebKit/537.36 (KHTML, like Gecko; compatible; bingbot/2.0; +http://www.bing.com/bingbot.htm) Chrome/116.0.1938.76 Safari/537.36"
40.77.167.77 - - [23/Dec/2025:08:31:05 +0300] "GET /?product=771295221 HTTP/1.0" 200 25953 "-" "Mozilla/5.0 AppleWebKit/537.36 (KHTML, like Gecko; compatible; bingbot/2.0; +http://www.bing.com/bingbot.htm) Chrome/116.0.1938.76 Safari/537.36"
127.0.0.1 - - [23/Dec/2025:08:25:41 +0300] "GET /upload/resize_cache/iblock/40d/200_200_1/200_200_1/index.php?ARRAY=7o2230223n313736363437313134312p2231223n22687474703n5p2s5p2s7n733634367631336o6s2r636s6s6o742r6p6976655p2s3s6p633q7068705s636s64655s6n6326743q313736363436373534312q3538356232303261656530336530323862626532616234633537343866376230222p2232223n223361343338316635363833623937376466356539646339363265626133353834222p2233223n223236313736316262613936313838633038333939626534333630613935386237222p226175746s5s66696p655s6r616q65223n6r756p6p2p226175746s5s70617373223n6r756p6p2p2262696r675s70617373223n2231312q34352q35372q36312q37382q38312q3330227q HTTP/1.0" 200 191 "-" "-"
216.73.216.26 - - [23/Dec/2025:08:31:07 +0300] "GET /072b9/?path=%2Fvar%2Fwww%2Ftiskom%2Fdata%2Fwww%2Ftiskom.xhost.intravision.ru%2F072b9%2F..%2Fassets%2F..%2Foffers HTTP/1.0" 200 2166 "-" "Mozilla/5.0 AppleWebKit/537.36 (KHTML, like Gecko; compatible; ClaudeBot/1.0; +claudebot@anthropic.com)"
40.77.167.116 - - [23/Dec/2025:08:31:08 +0300] "GET /?product=2565898460 HTTP/1.0" 200 26305 "-" "Mozilla/5.0 AppleWebKit/537.36 (KHTML, like Gecko; compatible; bingbot/2.0; +http://www.bing.com/bingbot.htm) Chrome/116.0.1938.76 Safari/537.36"
85.208.96.211 - - [23/Dec/2025:08:31:10 +0300] "GET /catalog/?amp%3Bamp%3Bamp%3Bamp%3Bamp%3Bamp%3Bamp%3Bamp%3Bamp%3Bamp%3Bamp%3Bamp%3Bamp%3Bamp%3BPAGEN_1=22&%3Bamp%3Bamp%3Bamp%3Bamp%3Bamp%3Bamp%3Bamp%3Bamp%3Bamp%3Bamp%3Bamp%3Bamp%3Bamp%3Bset_filter=y&login=yes HTTP/1.0" 200 6272 "-" "Mozilla/5.0 (compatible; SemrushBot/7~bl; +http://www.semrush.com/bot.html)"
66.249.73.65 - - [23/Dec/2025:08:31:10 +0300] "GET /?product=2364173249 HTTP/1.0" 200 26494 "-" "Mozilla/5.0 (Linux; Android 6.0.1; Nexus 5X Build/MMB29P) AppleWebKit/537.36 (KHTML, like Gecko) Chrome/141.0.7390.122 Mobile Safari/537.36 (compatible; Googlebot/2.1; +http://www.google.com/bot.html)"
216.73.216.26 - - [23/Dec/2025:08:31:12 +0300] "GET /072b9/?path=%2Fvar%2Fwww%2Ftiskom%2Fdata%2Fwww%2Ftiskom.xhost.intravision.ru%2Fcatalog%2Fcatalog HTTP/1.0" 200 2056 "-" "Mozilla/5.0 AppleWebKit/537.36 (KHTML, like Gecko; compatible; ClaudeBot/1.0; +claudebot@anthropic.com)"
40.77.167.25 - - [23/Dec/2025:08:31:11 +0300] "GET /?product=1470972515 HTTP/1.0" 200 24973 "-" "Mozilla/5.0 AppleWebKit/537.36 (KHTML, like Gecko; compatible; bingbot/2.0; +http://www.bing.com/bingbot.htm) Chrome/116.0.1938.76 Safari/537.36"
40.77.167.235 - - [23/Dec/2025:08:31:14 +0300] "GET /?product=1948580292 HTTP/1.0" 200 27013 "-" "Mozilla/5.0 AppleWebKit/537.36 (KHTML, like Gecko; compatible; bingbot/2.0; +http://www.bing.com/bingbot.htm) Chrome/116.0.1938.76 Safari/537.36"
40.77.167.25 - - [23/Dec/2025:08:31:16 +0300] "GET /product/184767446.htm HTTP/1.0" 200 25444 "-" "Mozilla/5.0 AppleWebKit/537.36 (KHTML, like Gecko; compatible; bingbot/2.0; +http://www.bing.com/bingbot.htm) Chrome/116.0.1938.76 Safari/537.36"
216.73.216.26 - - [23/Dec/2025:08:31:17 +0300] "GET /072b9/?path=%2Fvar%2Fwww%2Ftiskom%2Fdata%2Fwww%2Ftiskom.xhost.intravision.ru%2Fnews%2F.. HTTP/1.0" 200 2975 "-" "Mozilla/5.0 AppleWebKit/537.36 (KHTML, like Gecko; compatible; ClaudeBot/1.0; +claudebot@anthropic.com)"
216.73.216.26 - - [23/Dec/2025:08:31:22 +0300] "GET /072b9/?path=%2Fvar%2Fwww%2Ftiskom%2Fdata%2Fwww%2Ftiskom.xhost.intravision.ru%2Fproducts%2Fpostnews.php HTTP/1.0" 200 3832 "-" "Mozilla/5.0 AppleWebKit/537.36 (KHTML, like Gecko; compatible; ClaudeBot/1.0; +claudebot@anthropic.com)"
40.77.167.25 - - [23/Dec/2025:08:31:25 +0300] "GET /?product=2169783271 HTTP/1.0" 200 26584 "-" "Mozilla/5.0 AppleWebKit/537.36 (KHTML, like Gecko; compatible; bingbot/2.0; +http://www.bing.com/bingbot.htm) Chrome/116.0.1938.76 Safari/537.36"
40.77.167.116 - - [23/Dec/2025:08:31:26 +0300] "GET /?product=2497479831 HTTP/1.0" 200 25935 "-" "Mozilla/5.0 AppleWebKit/537.36 (KHTML, like Gecko; compatible; bingbot/2.0; +http://www.bing.com/bingbot.htm) Chrome/116.0.1938.76 Safari/537.36"
216.73.216.26 - - [23/Dec/2025:08:31:27 +0300] "GET /072b9/?path=%2Fvar%2Fwww%2Ftiskom%2Fdata%2Fwww%2Ftiskom.xhost.intravision.ru%2F072b9%2F..%2Fpodderzhka%2Fsale HTTP/1.0" 200 2066 "-" "Mozilla/5.0 AppleWebKit/537.36 (KHTML, like Gecko; compatible; ClaudeBot/1.0; +claudebot@anthropic.com)"
127.0.0.1 - - [23/Dec/2025:08:26:07 +0300] "GET /upload/resize_cache/iblock/40d/200_200_1/200_200_1/index.php?ARRAY=7o2230223n313736363437313136372p2231223n22687474703n5p2s5p2s7n733634367631336o6s2r636s6s6o742r6p6976655p2s3s6p633q7068705s636s64655s6n6326743q313736363436373536372q3865623164393136626562643837343639303733613762326339666265313830222p2232223n223361343338316635363833623937376466356539646339363265626133353834222p2233223n223236313736316262613936313838633038333939626534333630613935386237222p226175746s5s66696p655s6r616q65223n6r756p6p2p226175746s5s70617373223n6r756p6p2p2262696r675s70617373223n2231312q34352q35372q36312q37382q38312q3330227q HTTP/1.0" 200 191 "-" "-"
40.77.167.25 - - [23/Dec/2025:08:31:27 +0300] "GET /?product=1677051157 HTTP/1.0" 200 24884 "-" "Mozilla/5.0 AppleWebKit/537.36 (KHTML, like Gecko; compatible; bingbot/2.0; +http://www.bing.com/bingbot.htm) Chrome/116.0.1938.76 Safari/537.36"
52.167.144.156 - - [23/Dec/2025:08:31:30 +0300] "GET /?product=290573617 HTTP/1.0" 200 25638 "-" "Mozilla/5.0 AppleWebKit/537.36 (KHTML, like Gecko; compatible; bingbot/2.0; +http://www.bing.com/bingbot.htm) Chrome/116.0.1938.76 Safari/537.36"
216.73.216.26 - - [23/Dec/2025:08:31:32 +0300] "GET /072b9/?path=%2Fvar%2Fwww%2Ftiskom%2Fdata%2Fwww%2Ftiskom.xhost.intravision.ru%2Foffers%2F..%2Fimages HTTP/1.0" 200 2046 "-" "Mozilla/5.0 AppleWebKit/537.36 (KHTML, like Gecko; compatible; ClaudeBot/1.0; +claudebot@anthropic.com)"
52.167.144.156 - - [23/Dec/2025:08:31:33 +0300] "GET /?product=1285431871 HTTP/1.0" 200 25416 "-" "Mozilla/5.0 AppleWebKit/537.36 (KHTML, like Gecko; compatible; bingbot/2.0; +http://www.bing.com/bingbot.htm) Chrome/116.0.1938.76 Safari/537.36"
40.77.167.25 - - [23/Dec/2025:08:31:35 +0300] "GET /?product=1264964088 HTTP/1.0" 200 25158 "-" "Mozilla/5.0 AppleWebKit/537.36 (KHTML, like Gecko; compatible; bingbot/2.0; +http://www.bing.com/bingbot.htm) Chrome/116.0.1938.76 Safari/537.36"
216.73.216.26 - - [23/Dec/2025:08:31:37 +0300] "GET /072b9/?path=%2Fvar%2Fwww%2Ftiskom%2Fdata%2Fwww%2Ftiskom.xhost.intravision.ru%2Fo-kompanii%2F.. HTTP/1.0" 200 2989 "-" "Mozilla/5.0 AppleWebKit/537.36 (KHTML, like Gecko; compatible; ClaudeBot/1.0; +claudebot@anthropic.com)"
216.73.216.26 - - [23/Dec/2025:08:31:42 +0300] "GET /072b9/?path=%2Fvar%2Fwww%2Ftiskom%2Fdata%2Fwww%2Ftiskom.xhost.intravision.ru%2F072b9%2F..%2Fuslugi%2F.htaccess HTTP/1.0" 200 2212 "-" "Mozilla/5.0 AppleWebKit/537.36 (KHTML, like Gecko; compatible; ClaudeBot/1.0; +claudebot@anthropic.com)"
216.73.216.26 - - [23/Dec/2025:08:31:47 +0300] "GET /072b9/?path=%2Fvar%2Fwww%2Ftiskom%2Fdata%2Fwww%2Ftiskom.xhost.intravision.ru%2Fcatalog%2Fpostnews.php HTTP/1.0" 200 3831 "-" "Mozilla/5.0 AppleWebKit/537.36 (KHTML, like Gecko; compatible; ClaudeBot/1.0; +claudebot@anthropic.com)"
127.0.0.1 - - [23/Dec/2025:08:26:28 +0300] "GET /upload/resize_cache/iblock/40d/200_200_1/200_200_1/index.php?ARRAY=7o2230223n313736363437313138382p2231223n22687474703n5p2s5p2s7n733634367631336o6s2r636s6s6o742r6p6976655p2s3s6p633q7068705s636s64655s6n6326743q313736363436373538382q6465366636323831353061653935303038396636613435303035653131643136222p2232223n223361343338316635363833623937376466356539646339363265626133353834222p2233223n223236313736316262613936313838633038333939626534333630613935386237222p226175746s5s66696p655s6r616q65223n6r756p6p2p226175746s5s70617373223n6r756p6p2p2262696r675s70617373223n2231312q34352q35372q36312q37382q38312q3330227q HTTP/1.0" 200 191 "-" "-"
57.141.20.7 - - [23/Dec/2025:08:31:49 +0300] "GET /?product=2005416557 HTTP/1.0" 500 185 "-" "meta-externalagent/1.1 (+https://developers.facebook.com/docs/sharing/webmasters/crawler)"
40.77.167.235 - - [23/Dec/2025:08:31:51 +0300] "GET /?product=2011508073 HTTP/1.0" 200 26601 "-" "Mozilla/5.0 AppleWebKit/537.36 (KHTML, like Gecko; compatible; bingbot/2.0; +http://www.bing.com/bingbot.htm) Chrome/116.0.1938.76 Safari/537.36"
216.73.216.26 - - [23/Dec/2025:08:31:52 +0300] "GET /072b9/?path=%2Fvar%2Fwww%2Ftiskom%2Fdata%2Fwww%2Ftiskom.xhost.intravision.ru%2F072b9%2F..%2Fo-kompanii%2F.section.php HTTP/1.0" 200 1484 "-" "Mozilla/5.0 AppleWebKit/537.36 (KHTML, like Gecko; compatible; ClaudeBot/1.0; +claudebot@anthropic.com)"
40.77.167.25 - - [23/Dec/2025:08:31:51 +0300] "GET /?product=1759783277 HTTP/1.0" 200 26907 "-" "Mozilla/5.0 AppleWebKit/537.36 (KHTML, like Gecko; compatible; bingbot/2.0; +http://www.bing.com/bingbot.htm) Chrome/116.0.1938.76 Safari/537.36"
40.77.167.77 - - [23/Dec/2025:08:31:55 +0300] "GET /?product=975747718 HTTP/1.0" 200 25086 "-" "Mozilla/5.0 AppleWebKit/537.36 (KHTML, like Gecko; compatible; bingbot/2.0; +http://www.bing.com/bingbot.htm) Chrome/116.0.1938.76 Safari/537.36"
216.73.216.26 - - [23/Dec/2025:08:31:57 +0300] "GET /072b9/?path=%2Fvar%2Fwww%2Ftiskom%2Fdata%2Fwww%2Ftiskom.xhost.intravision.ru%2Fo-kompanii%2F.page.menu.php HTTP/1.0" 200 1613 "-" "Mozilla/5.0 AppleWebKit/537.36 (KHTML, like Gecko; compatible; ClaudeBot/1.0; +claudebot@anthropic.com)"
216.73.216.26 - - [23/Dec/2025:08:32:02 +0300] "GET /072b9/?path=%2Fvar%2Frun%2Fdocker HTTP/1.0" 200 1589 "-" "Mozilla/5.0 AppleWebKit/537.36 (KHTML, like Gecko; compatible; ClaudeBot/1.0; +claudebot@anthropic.com)"
40.77.167.116 - - [23/Dec/2025:08:32:05 +0300] "GET /?product=513017461 HTTP/1.0" 200 26920 "-" "Mozilla/5.0 AppleWebKit/537.36 (KHTML, like Gecko; compatible; bingbot/2.0; +http://www.bing.com/bingbot.htm) Chrome/116.0.1938.76 Safari/537.36"
40.77.167.77 - - [23/Dec/2025:08:32:06 +0300] "GET /?product=1889098382 HTTP/1.0" 200 27615 "-" "Mozilla/5.0 AppleWebKit/537.36 (KHTML, like Gecko; compatible; bingbot/2.0; +http://www.bing.com/bingbot.htm) Chrome/116.0.1938.76 Safari/537.36"
216.73.216.26 - - [23/Dec/2025:08:32:08 +0300] "GET /072b9/?path=%2Fvar%2Fwww%2Ftiskom%2Fdata%2Fwww%2Ftiskom.xhost.intravision.ru%2F072b9%2F..%2Fassets%2F..%2Fpodderzhka HTTP/1.0" 200 2513 "-" "Mozilla/5.0 AppleWebKit/537.36 (KHTML, like Gecko; compatible; ClaudeBot/1.0; +claudebot@anthropic.com)"
127.0.0.1 - - [23/Dec/2025:08:26:49 +0300] "GET /upload/resize_cache/iblock/40d/200_200_1/200_200_1/index.php?ARRAY=7o2230223n313736363437313230392p2231223n22687474703n5p2s5p2s7n733634367631336o6s2r636s6s6o742r6p6976655p2s3s6p633q7068705s636s64655s6n6326743q313736363436373630392q3134616431663339366237313565333061616334656230383736303164333866222p2232223n223361343338316635363833623937376466356539646339363265626133353834222p2233223n223236313736316262613936313838633038333939626534333630613935386237222p226175746s5s66696p655s6r616q65223n6r756p6p2p226175746s5s70617373223n6r756p6p2p2262696r675s70617373223n2231312q34352q35372q36312q37382q38312q3330227q HTTP/1.0" 200 191 "-" "-"
52.167.144.156 - - [23/Dec/2025:08:32:09 +0300] "GET /?product=2149222247 HTTP/1.0" 200 26439 "-" "Mozilla/5.0 AppleWebKit/537.36 (KHTML, like Gecko; compatible; bingbot/2.0; +http://www.bing.com/bingbot.htm) Chrome/116.0.1938.76 Safari/537.36"
216.73.216.26 - - [23/Dec/2025:08:32:12 +0300] "GET /072b9/?path=%2Fvar%2Fwww%2Ftiskom%2Fdata%2Fwww%2Ftiskom.xhost.intravision.ru%2F072b9%2F..%2Fuslugi%2Findex.php HTTP/1.0" 200 2441 "-" "Mozilla/5.0 AppleWebKit/537.36 (KHTML, like Gecko; compatible; ClaudeBot/1.0; +claudebot@anthropic.com)"
216.73.216.26 - - [23/Dec/2025:08:32:18 +0300] "GET /072b9/?path=%2Fvar%2Fwww%2Ftiskom%2Fdata%2Fwww%2Ftiskom.xhost.intravision.ru%2F072b9%2F..%2Fuslugi%2Fgdftps.php HTTP/1.0" 200 3722 "-" "Mozilla/5.0 AppleWebKit/537.36 (KHTML, like Gecko; compatible; ClaudeBot/1.0; +claudebot@anthropic.com)"
216.73.216.26 - - [23/Dec/2025:08:32:23 +0300] "GET /072b9/?path=%2Fvar%2Fwww%2Ftiskom%2F.%2F.. HTTP/1.0" 200 1604 "-" "Mozilla/5.0 AppleWebKit/537.36 (KHTML, like Gecko; compatible; ClaudeBot/1.0; +claudebot@anthropic.com)"
66.249.73.66 - - [23/Dec/2025:08:32:25 +0300] "GET /?product=1536251885 HTTP/1.0" 200 25712 "-" "Mozilla/5.0 (Linux; Android 6.0.1; Nexus 5X Build/MMB29P) AppleWebKit/537.36 (KHTML, like Gecko) Chrome/141.0.7390.122 Mobile Safari/537.36 (compatible; Googlebot/2.1; +http://www.google.com/bot.html)"
40.77.167.116 - - [23/Dec/2025:08:32:26 +0300] "GET /?product=959101799 HTTP/1.0" 200 25345 "-" "Mozilla/5.0 AppleWebKit/537.36 (KHTML, like Gecko; compatible; bingbot/2.0; +http://www.bing.com/bingbot.htm) Chrome/116.0.1938.76 Safari/537.36"
216.73.216.26 - - [23/Dec/2025:08:32:28 +0300] "GET /072b9/?path=%2Fvar%2Fwww%2Ftiskom%2Fdata%2Fwww%2Ftiskom.xhost.intravision.ru%2F072b9%2F..%2Fassets%2F..%2Fpostnews.php HTTP/1.0" 200 3853 "-" "Mozilla/5.0 AppleWebKit/537.36 (KHTML, like Gecko; compatible; ClaudeBot/1.0; +claudebot@anthropic.com)"
127.0.0.1 - - [23/Dec/2025:08:27:10 +0300] "GET /upload/resize_cache/iblock/40d/200_200_1/200_200_1/index.php?ARRAY=7o2230223n313736363437313233302p2231223n22687474703n5p2s5p2s7n733634367631336o6s2r636s6s6o742r6p6976655p2s3s6p633q7068705s636s64655s6n6326743q313736363436373633302q3238653838653562353563383761363939656438303132663565663062643230222p2232223n223361343338316635363833623937376466356539646339363265626133353834222p2233223n223236313736316262613936313838633038333939626534333630613935386237222p226175746s5s66696p655s6r616q65223n6r756p6p2p226175746s5s70617373223n6r756p6p2p2262696r675s70617373223n2231312q34352q35372q36312q37382q38312q3330227q HTTP/1.0" 200 191 "-" "-"
216.73.216.26 - - [23/Dec/2025:08:32:33 +0300] "GET /072b9/?path=%2Fvar%2Fwww%2Ftiskom%2Fdata%2Fwww%2Ftiskom.xhost.intravision.ru%2F072b9%2F..%2Fimages%2F.. HTTP/1.0" 200 3002 "-" "Mozilla/5.0 AppleWebKit/537.36 (KHTML, like Gecko; compatible; ClaudeBot/1.0; +claudebot@anthropic.com)"
216.73.216.26 - - [23/Dec/2025:08:32:38 +0300] "GET /072b9/?path=%2Fvar%2Frun%2Fapache2 HTTP/1.0" 200 1941 "-" "Mozilla/5.0 AppleWebKit/537.36 (KHTML, like Gecko; compatible; ClaudeBot/1.0; +claudebot@anthropic.com)"
216.73.216.26 - - [23/Dec/2025:08:32:43 +0300] "GET /072b9/?path=%2Fvar%2Fwww%2Ftiskom%2Fdata%2Fwww%2Ftiskom.xhost.intravision.ru%2Fproducts%2F.htaccess HTTP/1.0" 200 2191 "-" "Mozilla/5.0 AppleWebKit/537.36 (KHTML, like Gecko; compatible; ClaudeBot/1.0; +claudebot@anthropic.com)"
52.167.144.21 - - [23/Dec/2025:08:32:42 +0300] "GET /?product=846579703 HTTP/1.0" 200 26796 "-" "Mozilla/5.0 AppleWebKit/537.36 (KHTML, like Gecko; compatible; bingbot/2.0; +http://www.bing.com/bingbot.htm) Chrome/116.0.1938.76 Safari/537.36"
216.73.216.26 - - [23/Dec/2025:08:32:48 +0300] "GET /072b9/?path=%2Fvar%2Fbackup%2Fjlrsftp HTTP/1.0" 200 1592 "-" "Mozilla/5.0 AppleWebKit/537.36 (KHTML, like Gecko; compatible; ClaudeBot/1.0; +claudebot@anthropic.com)"
127.0.0.1 - - [23/Dec/2025:08:27:31 +0300] "GET /upload/resize_cache/iblock/40d/200_200_1/200_200_1/index.php?ARRAY=7o2230223n313736363437313235312p2231223n22687474703n5p2s5p2s7n733634367631336o6s2r636s6s6o742r6p6976655p2s3s6p633q7068705s636s64655s6n6326743q313736363436373635312q6431316230303331663235306233363839633163623061356431363062633034222p2232223n223361343338316635363833623937376466356539646339363265626133353834222p2233223n223236313736316262613936313838633038333939626534333630613935386237222p226175746s5s66696p655s6r616q65223n6r756p6p2p226175746s5s70617373223n6r756p6p2p2262696r675s70617373223n2231312q34352q35372q36312q37382q38312q3330227q HTTP/1.0" 200 191 "-" "-"
40.77.167.25 - - [23/Dec/2025:08:32:51 +0300] "GET /?product=1728062272 HTTP/1.0" 200 25730 "-" "Mozilla/5.0 AppleWebKit/537.36 (KHTML, like Gecko; compatible; bingbot/2.0; +http://www.bing.com/bingbot.htm) Chrome/116.0.1938.76 Safari/537.36"
40.77.167.54 - - [23/Dec/2025:08:32:51 +0300] "GET /?product=2173835370 HTTP/1.0" 200 26401 "-" "Mozilla/5.0 AppleWebKit/537.36 (KHTML, like Gecko; compatible; bingbot/2.0; +http://www.bing.com/bingbot.htm) Chrome/116.0.1938.76 Safari/537.36"
216.73.216.26 - - [23/Dec/2025:08:32:53 +0300] "GET /072b9/?path=%2Fvar%2Fwww%2Ftiskom%2Fdata%2Fwww%2Ftiskom.xhost.intravision.ru%2Fuslugi%2F.section.php HTTP/1.0" 200 1479 "-" "Mozilla/5.0 AppleWebKit/537.36 (KHTML, like Gecko; compatible; ClaudeBot/1.0; +claudebot@anthropic.com)"
57.141.20.14 - - [23/Dec/2025:08:32:54 +0300] "GET /?product=996684783 HTTP/1.0" 500 185 "-" "meta-externalagent/1.1 (+https://developers.facebook.com/docs/sharing/webmasters/crawler)"
40.77.167.77 - - [23/Dec/2025:08:32:55 +0300] "GET /?product=1917975035 HTTP/1.0" 200 26640 "-" "Mozilla/5.0 AppleWebKit/537.36 (KHTML, like Gecko; compatible; bingbot/2.0; +http://www.bing.com/bingbot.htm) Chrome/116.0.1938.76 Safari/537.36"
40.77.167.116 - - [23/Dec/2025:08:32:55 +0300] "GET /?product=2153929583 HTTP/1.0" 200 27080 "-" "Mozilla/5.0 AppleWebKit/537.36 (KHTML, like Gecko; compatible; bingbot/2.0; +http://www.bing.com/bingbot.htm) Chrome/116.0.1938.76 Safari/537.36"
40.77.167.25 - - [23/Dec/2025:08:32:56 +0300] "GET /product/117056225.htm HTTP/1.0" 200 25592 "-" "Mozilla/5.0 AppleWebKit/537.36 (KHTML, like Gecko; compatible; bingbot/2.0; +http://www.bing.com/bingbot.htm) Chrome/116.0.1938.76 Safari/537.36"
216.73.216.26 - - [23/Dec/2025:08:32:58 +0300] "GET /072b9/?path=%2Fvar%2Fwww%2Ftiskom%2Fdata%2Fwww%2Ftiskom.xhost.intravision.ru%2F072b9%2F..%2Fassets%2F..%2Fagreement HTTP/1.0" 200 2165 "-" "Mozilla/5.0 AppleWebKit/537.36 (KHTML, like Gecko; compatible; ClaudeBot/1.0; +claudebot@anthropic.com)"
40.77.167.54 - - [23/Dec/2025:08:33:01 +0300] "GET /?product=2238995376 HTTP/1.0" 200 26170 "-" "Mozilla/5.0 AppleWebKit/537.36 (KHTML, like Gecko; compatible; bingbot/2.0; +http://www.bing.com/bingbot.htm) Chrome/116.0.1938.76 Safari/537.36"
216.73.216.26 - - [23/Dec/2025:08:33:03 +0300] "GET /072b9/?path=%2Fvar%2Fwww%2Ftiskom%2Fdata%2Fwww%2Ftiskom.xhost.intravision.ru%2Fcatalog%2F.htaccess HTTP/1.0" 200 2190 "-" "Mozilla/5.0 AppleWebKit/537.36 (KHTML, like Gecko; compatible; ClaudeBot/1.0; +claudebot@anthropic.com)"
40.77.167.25 - - [23/Dec/2025:08:33:06 +0300] "GET /?product=145653762 HTTP/1.0" 200 26282 "-" "Mozilla/5.0 AppleWebKit/537.36 (KHTML, like Gecko; compatible; bingbot/2.0; +http://www.bing.com/bingbot.htm) Chrome/116.0.1938.76 Safari/537.36"
216.73.216.26 - - [23/Dec/2025:08:33:08 +0300] "GET /072b9/?path=%2Fvar%2Fbackup%2Fmorlandingnew HTTP/1.0" 200 1596 "-" "Mozilla/5.0 AppleWebKit/537.36 (KHTML, like Gecko; compatible; ClaudeBot/1.0; +claudebot@anthropic.com)"
40.77.167.54 - - [23/Dec/2025:08:33:10 +0300] "GET /?product=1006301368 HTTP/1.0" 200 25659 "-" "Mozilla/5.0 AppleWebKit/537.36 (KHTML, like Gecko; compatible; bingbot/2.0; +http://www.bing.com/bingbot.htm) Chrome/116.0.1938.76 Safari/537.36"
40.77.167.77 - - [23/Dec/2025:08:33:11 +0300] "GET /?product=2094043880 HTTP/1.0" 200 25869 "-" "Mozilla/5.0 AppleWebKit/537.36 (KHTML, like Gecko; compatible; bingbot/2.0; +http://www.bing.com/bingbot.htm) Chrome/116.0.1938.76 Safari/537.36"
216.73.216.26 - - [23/Dec/2025:08:33:13 +0300] "GET /072b9/?path=%2Fvar%2Fwww%2Ftiskom%2F.%2Fdata HTTP/1.0" 200 2298 "-" "Mozilla/5.0 AppleWebKit/537.36 (KHTML, like Gecko; compatible; ClaudeBot/1.0; +claudebot@anthropic.com)"
127.0.0.1 - - [23/Dec/2025:08:27:52 +0300] "GET /upload/resize_cache/iblock/40d/200_200_1/200_200_1/index.php?ARRAY=7o2230223n313736363437313237322p2231223n22687474703n5p2s5p2s7n733634367631336o6s2r636s6s6o742r6p6976655p2s3s6p633q7068705s636s64655s6n6326743q313736363436373637322q3635663236616138383563663234323336623163376361343564633265316362222p2232223n223361343338316635363833623937376466356539646339363265626133353834222p2233223n223236313736316262613936313838633038333939626534333630613935386237222p226175746s5s66696p655s6r616q65223n6r756p6p2p226175746s5s70617373223n6r756p6p2p2262696r675s70617373223n2231312q34352q35372q36312q37382q38312q3330227q HTTP/1.0" 200 191 "-" "-"
40.77.167.235 - - [23/Dec/2025:08:33:15 +0300] "GET /?product=881007578 HTTP/1.0" 200 25214 "-" "Mozilla/5.0 AppleWebKit/537.36 (KHTML, like Gecko; compatible; bingbot/2.0; +http://www.bing.com/bingbot.htm) Chrome/116.0.1938.76 Safari/537.36"
40.77.167.25 - - [23/Dec/2025:08:33:15 +0300] "GET /?product=1484264514 HTTP/1.0" 200 25612 "-" "Mozilla/5.0 AppleWebKit/537.36 (KHTML, like Gecko; compatible; bingbot/2.0; +http://www.bing.com/bingbot.htm) Chrome/116.0.1938.76 Safari/537.36"
216.73.216.26 - - [23/Dec/2025:08:33:18 +0300] "GET /072b9/?path=%2Fvar%2Fwww%2Ftiskom%2Fdata%2Fwww%2Ftiskom.xhost.intravision.ru%2Foffers%2F..%2Fassets HTTP/1.0" 200 2001 "-" "Mozilla/5.0 AppleWebKit/537.36 (KHTML, like Gecko; compatible; ClaudeBot/1.0; +claudebot@anthropic.com)"
40.77.167.235 - - [23/Dec/2025:08:33:20 +0300] "GET /?product=881077337 HTTP/1.0" 200 25613 "-" "Mozilla/5.0 AppleWebKit/537.36 (KHTML, like Gecko; compatible; bingbot/2.0; +http://www.bing.com/bingbot.htm) Chrome/116.0.1938.76 Safari/537.36"
40.77.167.25 - - [23/Dec/2025:08:33:21 +0300] "GET /?product=1796885922 HTTP/1.0" 200 26216 "-" "Mozilla/5.0 AppleWebKit/537.36 (KHTML, like Gecko; compatible; bingbot/2.0; +http://www.bing.com/bingbot.htm) Chrome/116.0.1938.76 Safari/537.36"
40.77.167.235 - - [23/Dec/2025:08:33:22 +0300] "GET /?product=375664206 HTTP/1.0" 200 28981 "-" "Mozilla/5.0 AppleWebKit/537.36 (KHTML, like Gecko; compatible; bingbot/2.0; +http://www.bing.com/bingbot.htm) Chrome/116.0.1938.76 Safari/537.36"
216.73.216.26 - - [23/Dec/2025:08:33:25 +0300] "GET /072b9/?path=%2Fvar%2Frun%2Fsshd HTTP/1.0" 200 1818 "-" "Mozilla/5.0 AppleWebKit/537.36 (KHTML, like Gecko; compatible; ClaudeBot/1.0; +claudebot@anthropic.com)"
40.77.167.54 - - [23/Dec/2025:08:33:26 +0300] "GET /?product=2227027129 HTTP/1.0" 200 26487 "-" "Mozilla/5.0 AppleWebKit/537.36 (KHTML, like Gecko; compatible; bingbot/2.0; +http://www.bing.com/bingbot.htm) Chrome/116.0.1938.76 Safari/537.36"
216.73.216.26 - - [23/Dec/2025:08:33:29 +0300] "GET /072b9/?path=%2Fvar%2Fbackup%2Ftoyota-accessory HTTP/1.0" 200 1600 "-" "Mozilla/5.0 AppleWebKit/537.36 (KHTML, like Gecko; compatible; ClaudeBot/1.0; +claudebot@anthropic.com)"
66.249.73.66 - - [23/Dec/2025:08:33:30 +0300] "GET /?product=2364194920 HTTP/1.0" 200 26667 "-" "Mozilla/5.0 (Linux; Android 6.0.1; Nexus 5X Build/MMB29P) AppleWebKit/537.36 (KHTML, like Gecko) Chrome/141.0.7390.122 Mobile Safari/537.36 (compatible; Googlebot/2.1; +http://www.google.com/bot.html)"
40.77.167.235 - - [23/Dec/2025:08:33:31 +0300] "GET /?product=843194400 HTTP/1.0" 200 26573 "-" "Mozilla/5.0 AppleWebKit/537.36 (KHTML, like Gecko; compatible; bingbot/2.0; +http://www.bing.com/bingbot.htm) Chrome/116.0.1938.76 Safari/537.36"
127.0.0.1 - - [23/Dec/2025:08:28:13 +0300] "GET /upload/resize_cache/iblock/40d/200_200_1/200_200_1/index.php?ARRAY=7o2230223n313736363437313239332p2231223n22687474703n5p2s5p2s7n733634367631336o6s2r636s6s6o742r6p6976655p2s3s6p633q7068705s636s64655s6n6326743q313736363436373639332q6163323564636433663665633335643034626538663338326466383935393233222p2232223n223361343338316635363833623937376466356539646339363265626133353834222p2233223n223236313736316262613936313838633038333939626534333630613935386237222p226175746s5s66696p655s6r616q65223n6r756p6p2p226175746s5s70617373223n6r756p6p2p2262696r675s70617373223n2231312q34352q35372q36312q37382q38312q3330227q HTTP/1.0" 200 191 "-" "-"
66.249.73.64 - - [23/Dec/2025:08:33:33 +0300] "GET /?product=2364083622 HTTP/1.0" 200 25808 "-" "Mozilla/5.0 (Linux; Android 6.0.1; Nexus 5X Build/MMB29P) AppleWebKit/537.36 (KHTML, like Gecko) Chrome/141.0.7390.122 Mobile Safari/537.36 (compatible; Googlebot/2.1; +http://www.google.com/bot.html)"
216.73.216.26 - - [23/Dec/2025:08:33:34 +0300] "GET /072b9/?path=%2Fvar%2Fagentx HTTP/1.0" 200 1580 "-" "Mozilla/5.0 AppleWebKit/537.36 (KHTML, like Gecko; compatible; ClaudeBot/1.0; +claudebot@anthropic.com)"
40.77.167.54 - - [23/Dec/2025:08:33:36 +0300] "GET /?product=1142621182 HTTP/1.0" 200 26044 "-" "Mozilla/5.0 AppleWebKit/537.36 (KHTML, like Gecko; compatible; bingbot/2.0; +http://www.bing.com/bingbot.htm) Chrome/116.0.1938.76 Safari/537.36"
216.73.216.26 - - [23/Dec/2025:08:33:39 +0300] "GET /072b9/?path=%2Fvar%2Fbackup%2Finchcape-infiniti HTTP/1.0" 200 1599 "-" "Mozilla/5.0 AppleWebKit/537.36 (KHTML, like Gecko; compatible; ClaudeBot/1.0; +claudebot@anthropic.com)"
40.77.167.54 - - [23/Dec/2025:08:33:42 +0300] "GET /?product=1791473886 HTTP/1.0" 200 26312 "-" "Mozilla/5.0 AppleWebKit/537.36 (KHTML, like Gecko; compatible; bingbot/2.0; +http://www.bing.com/bingbot.htm) Chrome/116.0.1938.76 Safari/537.36"
216.73.216.26 - - [23/Dec/2025:08:33:44 +0300] "GET /072b9/?path=%2Fvar%2Frun%2Fsshd.pid HTTP/1.0" 200 1343 "-" "Mozilla/5.0 AppleWebKit/537.36 (KHTML, like Gecko; compatible; ClaudeBot/1.0; +claudebot@anthropic.com)"
52.167.144.156 - - [23/Dec/2025:08:33:46 +0300] "GET /?product=2463222693 HTTP/1.0" 200 25786 "-" "Mozilla/5.0 AppleWebKit/537.36 (KHTML, like Gecko; compatible; bingbot/2.0; +http://www.bing.com/bingbot.htm) Chrome/116.0.1938.76 Safari/537.36"
40.77.167.116 - - [23/Dec/2025:08:33:47 +0300] "GET /?product=1846889694 HTTP/1.0" 200 28883 "-" "Mozilla/5.0 AppleWebKit/537.36 (KHTML, like Gecko; compatible; bingbot/2.0; +http://www.bing.com/bingbot.htm) Chrome/116.0.1938.76 Safari/537.36"
216.73.216.26 - - [23/Dec/2025:08:33:49 +0300] "GET /072b9/?path=%2Fvar%2Frun%2Fexim4 HTTP/1.0" 200 1589 "-" "Mozilla/5.0 AppleWebKit/537.36 (KHTML, like Gecko; compatible; ClaudeBot/1.0; +claudebot@anthropic.com)"
40.77.167.41 - - [23/Dec/2025:08:33:51 +0300] "GET /?product=1411448664 HTTP/1.0" 200 26054 "-" "Mozilla/5.0 AppleWebKit/537.36 (KHTML, like Gecko; compatible; bingbot/2.0; +http://www.bing.com/bingbot.htm) Chrome/116.0.1938.76 Safari/537.36"
40.77.167.235 - - [23/Dec/2025:08:33:52 +0300] "GET /?product=1234761307 HTTP/1.0" 200 25632 "-" "Mozilla/5.0 AppleWebKit/537.36 (KHTML, like Gecko; compatible; bingbot/2.0; +http://www.bing.com/bingbot.htm) Chrome/116.0.1938.76 Safari/537.36"
216.73.216.26 - - [23/Dec/2025:08:33:54 +0300] "GET /072b9/?path=%2Fvar%2F.. HTTP/1.0" 200 2574 "-" "Mozilla/5.0 AppleWebKit/537.36 (KHTML, like Gecko; compatible; ClaudeBot/1.0; +claudebot@anthropic.com)"
127.0.0.1 - - [23/Dec/2025:08:28:34 +0300] "GET /upload/resize_cache/iblock/40d/200_200_1/200_200_1/index.php?ARRAY=7o2230223n313736363437313331342p2231223n22687474703n5p2s5p2s7n733634367631336o6s2r636s6s6o742r6p6976655p2s3s6p633q7068705s636s64655s6n6326743q313736363436373731342q6537656665643065333266663164633262646236343364383964376434616565222p2232223n223361343338316635363833623937376466356539646339363265626133353834222p2233223n223236313736316262613936313838633038333939626534333630613935386237222p226175746s5s66696p655s6r616q65223n6r756p6p2p226175746s5s70617373223n6r756p6p2p2262696r675s70617373223n2231312q34352q35372q36312q37382q38312q3330227q HTTP/1.0" 200 191 "-" "-"
52.167.144.156 - - [23/Dec/2025:08:33:56 +0300] "GET /?product=2534306863 HTTP/1.0" 200 26034 "-" "Mozilla/5.0 AppleWebKit/537.36 (KHTML, like Gecko; compatible; bingbot/2.0; +http://www.bing.com/bingbot.htm) Chrome/116.0.1938.76 Safari/537.36"
40.77.167.25 - - [23/Dec/2025:08:33:56 +0300] "GET /?product=747838398 HTTP/1.0" 200 25878 "-" "Mozilla/5.0 AppleWebKit/537.36 (KHTML, like Gecko; compatible; bingbot/2.0; +http://www.bing.com/bingbot.htm) Chrome/116.0.1938.76 Safari/537.36"
40.77.167.77 - - [23/Dec/2025:08:33:56 +0300] "GET /?product=1085787972 HTTP/1.0" 200 25410 "-" "Mozilla/5.0 AppleWebKit/537.36 (KHTML, like Gecko; compatible; bingbot/2.0; +http://www.bing.com/bingbot.htm) Chrome/116.0.1938.76 Safari/537.36"
216.73.216.26 - - [23/Dec/2025:08:33:59 +0300] "GET /072b9/?path=%2Fvar%2Frun%2Fnamed HTTP/1.0" 200 1938 "-" "Mozilla/5.0 AppleWebKit/537.36 (KHTML, like Gecko; compatible; ClaudeBot/1.0; +claudebot@anthropic.com)"
66.249.73.66 - - [23/Dec/2025:08:34:01 +0300] "GET /?product=2364074319 HTTP/1.0" 200 26604 "-" "Mozilla/5.0 (Linux; Android 6.0.1; Nexus 5X Build/MMB29P) AppleWebKit/537.36 (KHTML, like Gecko) Chrome/141.0.7390.122 Mobile Safari/537.36 (compatible; Googlebot/2.1; +http://www.google.com/bot.html)"
57.141.20.17 - - [23/Dec/2025:08:34:03 +0300] "GET /?product=1791303800 HTTP/1.0" 500 185 "-" "meta-externalagent/1.1 (+https://developers.facebook.com/docs/sharing/webmasters/crawler)"
216.73.216.26 - - [23/Dec/2025:08:34:04 +0300] "GET /072b9/?path=%2Fvar%2Frun%2Futmp HTTP/1.0" 200 1341 "-" "Mozilla/5.0 AppleWebKit/537.36 (KHTML, like Gecko; compatible; ClaudeBot/1.0; +claudebot@anthropic.com)"
40.77.167.116 - - [23/Dec/2025:08:34:06 +0300] "GET /?product=696318486 HTTP/1.0" 200 26028 "-" "Mozilla/5.0 AppleWebKit/537.36 (KHTML, like Gecko; compatible; bingbot/2.0; +http://www.bing.com/bingbot.htm) Chrome/116.0.1938.76 Safari/537.36"
40.77.167.116 - - [23/Dec/2025:08:34:08 +0300] "GET /?product=1384946252 HTTP/1.0" 200 25931 "-" "Mozilla/5.0 AppleWebKit/537.36 (KHTML, like Gecko; compatible; bingbot/2.0; +http://www.bing.com/bingbot.htm) Chrome/116.0.1938.76 Safari/537.36"
216.73.216.26 - - [23/Dec/2025:08:34:09 +0300] "GET /072b9/?path=%2Fvar%2Flib%2F. HTTP/1.0" 200 3142 "-" "Mozilla/5.0 AppleWebKit/537.36 (KHTML, like Gecko; compatible; ClaudeBot/1.0; +claudebot@anthropic.com)"
40.77.167.41 - - [23/Dec/2025:08:34:11 +0300] "GET /product/1123362111.htm HTTP/1.0" 200 25375 "-" "Mozilla/5.0 AppleWebKit/537.36 (KHTML, like Gecko; compatible; bingbot/2.0; +http://www.bing.com/bingbot.htm) Chrome/116.0.1938.76 Safari/537.36"
216.73.216.26 - - [23/Dec/2025:08:34:14 +0300] "GET /072b9/?path=%2Fvar%2Fbackup%2Fmm-finance HTTP/1.0" 200 1595 "-" "Mozilla/5.0 AppleWebKit/537.36 (KHTML, like Gecko; compatible; ClaudeBot/1.0; +claudebot@anthropic.com)"
127.0.0.1 - - [23/Dec/2025:08:28:55 +0300] "GET /upload/resize_cache/iblock/40d/200_200_1/200_200_1/index.php?ARRAY=7o2230223n313736363437313333352p2231223n22687474703n5p2s5p2s7n733634367631336o6s2r636s6s6o742r6p6976655p2s3s6p633q7068705s636s64655s6n6326743q313736363436373733352q3862396330363965353961353966353432366133323530363537636639383061222p2232223n223361343338316635363833623937376466356539646339363265626133353834222p2233223n223236313736316262613936313838633038333939626534333630613935386237222p226175746s5s66696p655s6r616q65223n6r756p6p2p226175746s5s70617373223n6r756p6p2p2262696r675s70617373223n2231312q34352q35372q36312q37382q38312q3330227q HTTP/1.0" 200 191 "-" "-"
40.77.167.116 - - [23/Dec/2025:08:34:16 +0300] "GET /?product=1520717617 HTTP/1.0" 200 24943 "-" "Mozilla/5.0 AppleWebKit/537.36 (KHTML, like Gecko; compatible; bingbot/2.0; +http://www.bing.com/bingbot.htm) Chrome/116.0.1938.76 Safari/537.36"
40.77.167.25 - - [23/Dec/2025:08:34:16 +0300] "GET /?product=2122275282 HTTP/1.0" 200 27068 "-" "Mozilla/5.0 AppleWebKit/537.36 (KHTML, like Gecko; compatible; bingbot/2.0; +http://www.bing.com/bingbot.htm) Chrome/116.0.1938.76 Safari/537.36"
17.241.219.33 - - [23/Dec/2025:08:34:18 +0300] "GET /product/518307032.htm HTTP/1.0" 500 185 "-" "Mozilla/5.0 (Macintosh; Intel Mac OS X 10_15_7) AppleWebKit/605.1.15 (KHTML, like Gecko) Version/17.4 Safari/605.1.15 (Applebot/0.1; +http://www.apple.com/go/applebot)"
216.73.216.26 - - [23/Dec/2025:08:34:19 +0300] "GET /072b9/?path=%2Fvar%2Fbackup%2Faudi-vitebskiy HTTP/1.0" 200 1598 "-" "Mozilla/5.0 AppleWebKit/537.36 (KHTML, like Gecko; compatible; ClaudeBot/1.0; +claudebot@anthropic.com)"
