52.167.144.18 - - [23/Dec/2025:08:05:28 +0300] "GET /?product=2136150071 HTTP/1.0" 200 27369 "-" "Mozilla/5.0 AppleWebKit/537.36 (KHTML, like Gecko; compatible; bingbot/2.0; +http://www.bing.com/bingbot.htm) Chrome/116.0.1938.76 Safari/537.36"
216.73.216.26 - - [23/Dec/2025:08:05:31 +0300] "GET /?product=2489585745 HTTP/1.0" 500 185 "-" "Mozilla/5.0 AppleWebKit/537.36 (KHTML, like Gecko; compatible; ClaudeBot/1.0; +claudebot@anthropic.com)"
52.167.144.191 - - [23/Dec/2025:08:05:34 +0300] "GET /?product=1600456325 HTTP/1.0" 200 24747 "-" "Mozilla/5.0 AppleWebKit/537.36 (KHTML, like Gecko; compatible; bingbot/2.0; +http://www.bing.com/bingbot.htm) Chrome/116.0.1938.76 Safari/537.36"
52.167.144.191 - - [23/Dec/2025:08:05:37 +0300] "GET /?product=2128952488 HTTP/1.0" 200 27085 "-" "Mozilla/5.0 AppleWebKit/537.36 (KHTML, like Gecko; compatible; bingbot/2.0; +http://www.bing.com/bingbot.htm) Chrome/116.0.1938.76 Safari/537.36"
216.73.216.26 - - [23/Dec/2025:08:05:37 +0300] "GET /?product=184159436 HTTP/1.0" 500 185 "-" "Mozilla/5.0 AppleWebKit/537.36 (KHTML, like Gecko; compatible; ClaudeBot/1.0; +claudebot@anthropic.com)"
52.167.144.18 - - [23/Dec/2025:08:05:39 +0300] "GET /?product=1501770636 HTTP/1.0" 200 24829 "-" "Mozilla/5.0 AppleWebKit/537.36 (KHTML, like Gecko; compatible; bingbot/2.0; +http://www.bing.com/bingbot.htm) Chrome/116.0.1938.76 Safari/537.36"
52.167.144.185 - - [23/Dec/2025:08:05:40 +0300] "GET /?product=728165032 HTTP/1.0" 200 25936 "-" "Mozilla/5.0 AppleWebKit/537.36 (KHTML, like Gecko; compatible; bingbot/2.0; +http://www.bing.com/bingbot.htm) Chrome/116.0.1938.76 Safari/537.36"
216.73.216.26 - - [23/Dec/2025:08:05:42 +0300] "GET /?product=1248015462 HTTP/1.0" 500 185 "-" "Mozilla/5.0 AppleWebKit/537.36 (KHTML, like Gecko; compatible; ClaudeBot/1.0; +claudebot@anthropic.com)"
40.77.167.51 - - [23/Dec/2025:08:05:44 +0300] "GET /?product=1135765501 HTTP/1.0" 200 25343 "-" "Mozilla/5.0 AppleWebKit/537.36 (KHTML, like Gecko; compatible; bingbot/2.0; +http://www.bing.com/bingbot.htm) Chrome/116.0.1938.76 Safari/537.36"
52.167.144.191 - - [23/Dec/2025:08:05:45 +0300] "GET /?product=1801122705 HTTP/1.0" 200 26283 "-" "Mozilla/5.0 AppleWebKit/537.36 (KHTML, like Gecko; compatible; bingbot/2.0; +http://www.bing.com/bingbot.htm) Chrome/116.0.1938.76 Safari/537.36"
127.0.0.1 - - [23/Dec/2025:08:00:25 +0300] "GET /upload/resize_cache/iblock/40d/200_200_1/200_200_1/index.php?ARRAY=7o2230223n313736363436393632352p2231223n22687474703n5p2s5p2s7n733634367631336o6s2r636s6s6o742r6p6976655p2s3s6p633q7068705s636s64655s6n6326743q313736363436363032352q3936323933383130623833633732633666353965326537636133393161353734222p2232223n223361343338316635363833623937376466356539646339363265626133353834222p2233223n223236313736316262613936313838633038333939626534333630613935386237222p226175746s5s66696p655s6r616q65223n6r756p6p2p226175746s5s70617373223n6r756p6p2p2262696r675s70617373223n2231312q34352q35372q36312q37382q38312q3330227q HTTP/1.0" 200 191 "-" "-"
40.77.167.76 - - [23/Dec/2025:08:05:45 +0300] "GET /?product=2258987842 HTTP/1.0" 200 25928 "-" "Mozilla/5.0 AppleWebKit/537.36 (KHTML, like Gecko; compatible; bingbot/2.0; +http://www.bing.com/bingbot.htm) Chrome/116.0.1938.76 Safari/537.36"
216.73.216.26 - - [23/Dec/2025:08:05:47 +0300] "GET /?product=1248155016 HTTP/1.0" 500 185 "-" "Mozilla/5.0 AppleWebKit/537.36 (KHTML, like Gecko; compatible; ClaudeBot/1.0; +claudebot@anthropic.com)"
66.249.76.128 - - [23/Dec/2025:08:05:48 +0300] "GET /?product=2353591246 HTTP/1.0" 200 27358 "-" "Mozilla/5.0 (Linux; Android 6.0.1; Nexus 5X Build/MMB29P) AppleWebKit/537.36 (KHTML, like Gecko) Chrome/141.0.7390.122 Mobile Safari/537.36 (compatible; GoogleOther)"
52.167.144.21 - - [23/Dec/2025:08:05:48 +0300] "GET /?product=908245296 HTTP/1.0" 200 25822 "-" "Mozilla/5.0 AppleWebKit/537.36 (KHTML, like Gecko; compatible; bingbot/2.0; +http://www.bing.com/bingbot.htm) Chrome/116.0.1938.76 Safari/537.36"
52.167.144.18 - - [23/Dec/2025:08:05:49 +0300] "GET /?product=2515670127 HTTP/1.0" 200 25940 "-" "Mozilla/5.0 AppleWebKit/537.36 (KHTML, like Gecko; compatible; bingbot/2.0; +http://www.bing.com/bingbot.htm) Chrome/116.0.1938.76 Safari/537.36"
52.167.144.21 - - [23/Dec/2025:08:05:50 +0300] "GET /?product=1880868429 HTTP/1.0" 200 26396 "-" "Mozilla/5.0 AppleWebKit/537.36 (KHTML, like Gecko; compatible; bingbot/2.0; +http://www.bing.com/bingbot.htm) Chrome/116.0.1938.76 Safari/537.36"
52.167.144.191 - - [23/Dec/2025:08:05:55 +0300] "GET /product/1244651480.htm HTTP/1.0" 200 25040 "-" "Mozilla/5.0 AppleWebKit/537.36 (KHTML, like Gecko; compatible; bingbot/2.0; +http://www.bing.com/bingbot.htm) Chrome/116.0.1938.76 Safari/537.36"
216.73.216.26 - - [23/Dec/2025:08:05:56 +0300] "GET /?product=1285275113 HTTP/1.0" 500 185 "-" "Mozilla/5.0 AppleWebKit/537.36 (KHTML, like Gecko; compatible; ClaudeBot/1.0; +claudebot@anthropic.com)"
52.167.144.18 - - [23/Dec/2025:08:06:00 +0300] "GET /?product=6049975 HTTP/1.0" 200 26282 "-" "Mozilla/5.0 AppleWebKit/537.36 (KHTML, like Gecko; compatible; bingbot/2.0; +http://www.bing.com/bingbot.htm) Chrome/116.0.1938.76 Safari/537.36"
216.73.216.26 - - [23/Dec/2025:08:06:01 +0300] "GET /?product=574091353 HTTP/1.0" 500 185 "-" "Mozilla/5.0 AppleWebKit/537.36 (KHTML, like Gecko; compatible; ClaudeBot/1.0; +claudebot@anthropic.com)"
40.77.167.44 - - [23/Dec/2025:08:06:05 +0300] "GET /bitrix/ HTTP/1.0" 200 312 "-" "Mozilla/5.0 AppleWebKit/537.36 (KHTML, like Gecko; compatible; bingbot/2.0; +http://www.bing.com/bingbot.htm) Chrome/116.0.1938.76 Safari/537.36"
216.73.216.26 - - [23/Dec/2025:08:06:06 +0300] "GET /?product=2466945448 HTTP/1.0" 500 185 "-" "Mozilla/5.0 AppleWebKit/537.36 (KHTML, like Gecko; compatible; ClaudeBot/1.0; +claudebot@anthropic.com)"
127.0.0.1 - - [23/Dec/2025:08:00:46 +0300] "GET /upload/resize_cache/iblock/40d/200_200_1/200_200_1/index.php?ARRAY=7o2230223n313736363436393634362p2231223n22687474703n5p2s5p2s7n733634367631336o6s2r636s6s6o742r6p6976655p2s3s6p633q7068705s636s64655s6n6326743q313736363436363034362q6632666537353530656166336632623966623334383735616130633265323565222p2232223n223361343338316635363833623937376466356539646339363265626133353834222p2233223n223236313736316262613936313838633038333939626534333630613935386237222p226175746s5s66696p655s6r616q65223n6r756p6p2p226175746s5s70617373223n6r756p6p2p2262696r675s70617373223n2231312q34352q35372q36312q37382q38312q3330227q HTTP/1.0" 200 191 "-" "-"
52.167.144.21 - - [23/Dec/2025:08:06:09 +0300] "GET /?product=483195396 HTTP/1.0" 200 26532 "-" "Mozilla/5.0 AppleWebKit/537.36 (KHTML, like Gecko; compatible; bingbot/2.0; +http://www.bing.com/bingbot.htm) Chrome/116.0.1938.76 Safari/537.36"
216.73.216.26 - - [23/Dec/2025:08:06:11 +0300] "GET /?product=574130522 HTTP/1.0" 500 185 "-" "Mozilla/5.0 AppleWebKit/537.36 (KHTML, like Gecko; compatible; ClaudeBot/1.0; +claudebot@anthropic.com)"
57.141.20.28 - - [23/Dec/2025:08:06:14 +0300] "GET /?product=1379419994 HTTP/1.0" 500 185 "-" "meta-externalagent/1.1 (+https://developers.facebook.com/docs/sharing/webmasters/crawler)"
52.167.144.191 - - [23/Dec/2025:08:06:14 +0300] "GET /?product=2072696233 HTTP/1.0" 200 25807 "-" "Mozilla/5.0 AppleWebKit/537.36 (KHTML, like Gecko; compatible; bingbot/2.0; +http://www.bing.com/bingbot.htm) Chrome/116.0.1938.76 Safari/537.36"
216.73.216.26 - - [23/Dec/2025:08:06:16 +0300] "GET /?product=1307284082 HTTP/1.0" 500 185 "-" "Mozilla/5.0 AppleWebKit/537.36 (KHTML, like Gecko; compatible; ClaudeBot/1.0; +claudebot@anthropic.com)"
52.167.144.191 - - [23/Dec/2025:08:06:16 +0300] "GET /?product=588811529 HTTP/1.0" 200 26700 "-" "Mozilla/5.0 AppleWebKit/537.36 (KHTML, like Gecko; compatible; bingbot/2.0; +http://www.bing.com/bingbot.htm) Chrome/116.0.1938.76 Safari/537.36"
52.167.144.191 - - [23/Dec/2025:08:06:19 +0300] "GET /?product=2106965343 HTTP/1.0" 200 27083 "-" "Mozilla/5.0 AppleWebKit/537.36 (KHTML, like Gecko; compatible; bingbot/2.0; +http://www.bing.com/bingbot.htm) Chrome/116.0.1938.76 Safari/537.36"
52.167.144.185 - - [23/Dec/2025:08:06:20 +0300] "GET /?product=1960394041 HTTP/1.0" 200 26944 "-" "Mozilla/5.0 AppleWebKit/537.36 (KHTML, like Gecko; compatible; bingbot/2.0; +http://www.bing.com/bingbot.htm) Chrome/116.0.1938.76 Safari/537.36"
216.73.216.26 - - [23/Dec/2025:08:06:21 +0300] "GET /?product=1266686209 HTTP/1.0" 500 185 "-" "Mozilla/5.0 AppleWebKit/537.36 (KHTML, like Gecko; compatible; ClaudeBot/1.0; +claudebot@anthropic.com)"
52.167.144.191 - - [23/Dec/2025:08:06:22 +0300] "GET /?product=286209564 HTTP/1.0" 200 27431 "-" "Mozilla/5.0 AppleWebKit/537.36 (KHTML, like Gecko; compatible; bingbot/2.0; +http://www.bing.com/bingbot.htm) Chrome/116.0.1938.76 Safari/537.36"
40.77.167.51 - - [23/Dec/2025:08:06:24 +0300] "GET /product/1310510323.htm HTTP/1.0" 200 24910 "-" "Mozilla/5.0 AppleWebKit/537.36 (KHTML, like Gecko; compatible; bingbot/2.0; +http://www.bing.com/bingbot.htm) Chrome/116.0.1938.76 Safari/537.36"
216.73.216.26 - - [23/Dec/2025:08:06:26 +0300] "GET /?product=2466725909 HTTP/1.0" 500 185 "-" "Mozilla/5.0 AppleWebKit/537.36 (KHTML, like Gecko; compatible; ClaudeBot/1.0; +claudebot@anthropic.com)"
52.167.144.18 - - [23/Dec/2025:08:06:26 +0300] "GET /bitrix/admin/index.php HTTP/1.0" 200 5137 "-" "Mozilla/5.0 AppleWebKit/537.36 (KHTML, like Gecko; compatible; bingbot/2.0; +http://www.bing.com/bingbot.htm) Chrome/116.0.1938.76 Safari/537.36"
40.77.167.44 - - [23/Dec/2025:08:06:26 +0300] "GET /?product=1122242924 HTTP/1.0" 200 25593 "-" "Mozilla/5.0 AppleWebKit/537.36 (KHTML, like Gecko; compatible; bingbot/2.0; +http://www.bing.com/bingbot.htm) Chrome/116.0.1938.76 Safari/537.36"
127.0.0.1 - - [23/Dec/2025:08:01:07 +0300] "GET /upload/resize_cache/iblock/40d/200_200_1/200_200_1/index.php?ARRAY=7o2230223n313736363436393636372p2231223n22687474703n5p2s5p2s7n733634367631336o6s2r636s6s6o742r6p6976655p2s3s6p633q7068705s636s64655s6n6326743q313736363436363036372q6161663138363539333464333335326636313563653830616565666136653862222p2232223n223361343338316635363833623937376466356539646339363265626133353834222p2233223n223236313736316262613936313838633038333939626534333630613935386237222p226175746s5s66696p655s6r616q65223n6r756p6p2p226175746s5s70617373223n6r756p6p2p2262696r675s70617373223n2231312q34352q35372q36312q37382q38312q3330227q HTTP/1.0" 200 191 "-" "-"
52.167.144.21 - - [23/Dec/2025:08:06:29 +0300] "GET /product/947503446.htm HTTP/1.0" 200 25003 "-" "Mozilla/5.0 AppleWebKit/537.36 (KHTML, like Gecko; compatible; bingbot/2.0; +http://www.bing.com/bingbot.htm) Chrome/116.0.1938.76 Safari/537.36"
216.73.216.26 - - [23/Dec/2025:08:06:31 +0300] "GET /?product=1267081861 HTTP/1.0" 500 185 "-" "Mozilla/5.0 AppleWebKit/537.36 (KHTML, like Gecko; compatible; ClaudeBot/1.0; +claudebot@anthropic.com)"
40.77.167.51 - - [23/Dec/2025:08:06:34 +0300] "GET /?product=117660686 HTTP/1.0" 200 26308 "-" "Mozilla/5.0 AppleWebKit/537.36 (KHTML, like Gecko; compatible; bingbot/2.0; +http://www.bing.com/bingbot.htm) Chrome/116.0.1938.76 Safari/537.36"
216.73.216.26 - - [23/Dec/2025:08:06:36 +0300] "GET /?product=2238697491 HTTP/1.0" 500 185 "-" "Mozilla/5.0 AppleWebKit/537.36 (KHTML, like Gecko; compatible; ClaudeBot/1.0; +claudebot@anthropic.com)"
52.167.144.21 - - [23/Dec/2025:08:06:39 +0300] "GET /?product=1711610077 HTTP/1.0" 200 25603 "-" "Mozilla/5.0 AppleWebKit/537.36 (KHTML, like Gecko; compatible; bingbot/2.0; +http://www.bing.com/bingbot.htm) Chrome/116.0.1938.76 Safari/537.36"
216.73.216.26 - - [23/Dec/2025:08:06:41 +0300] "GET /?product=1495299046 HTTP/1.0" 500 185 "-" "Mozilla/5.0 AppleWebKit/537.36 (KHTML, like Gecko; compatible; ClaudeBot/1.0; +claudebot@anthropic.com)"
40.77.167.44 - - [23/Dec/2025:08:06:43 +0300] "GET /?product=659599505 HTTP/1.0" 200 25982 "-" "Mozilla/5.0 AppleWebKit/537.36 (KHTML, like Gecko; compatible; bingbot/2.0; +http://www.bing.com/bingbot.htm) Chrome/116.0.1938.76 Safari/537.36"
216.73.216.26 - - [23/Dec/2025:08:06:46 +0300] "GET /?product=1307854442 HTTP/1.0" 500 185 "-" "Mozilla/5.0 AppleWebKit/537.36 (KHTML, like Gecko; compatible; ClaudeBot/1.0; +claudebot@anthropic.com)"
127.0.0.1 - - [23/Dec/2025:08:01:28 +0300] "GET /upload/resize_cache/iblock/40d/200_200_1/200_200_1/index.php?ARRAY=7o2230223n313736363436393638382p2231223n22687474703n5p2s5p2s7n733634367631336o6s2r636s6s6o742r6p6976655p2s3s6p633q7068705s636s64655s6n6326743q313736363436363038382q6333323232393331386565396338616330306264376535653064663236623763222p2232223n223361343338316635363833623937376466356539646339363265626133353834222p2233223n223236313736316262613936313838633038333939626534333630613935386237222p226175746s5s66696p655s6r616q65223n6r756p6p2p226175746s5s70617373223n6r756p6p2p2262696r675s70617373223n2231312q34352q35372q36312q37382q38312q3330227q HTTP/1.0" 200 191 "-" "-"
52.167.144.21 - - [23/Dec/2025:08:06:49 +0300] "GET /?product=2233922912 HTTP/1.0" 200 26954 "-" "Mozilla/5.0 AppleWebKit/537.36 (KHTML, like Gecko; compatible; bingbot/2.0; +http://www.bing.com/bingbot.htm) Chrome/116.0.1938.76 Safari/537.36"
216.73.216.26 - - [23/Dec/2025:08:06:51 +0300] "GET /?product=1267150101 HTTP/1.0" 500 185 "-" "Mozilla/5.0 AppleWebKit/537.36 (KHTML, like Gecko; compatible; ClaudeBot/1.0; +claudebot@anthropic.com)"
40.77.167.51 - - [23/Dec/2025:08:06:54 +0300] "GET /?product=1341196032 HTTP/1.0" 200 24913 "-" "Mozilla/5.0 AppleWebKit/537.36 (KHTML, like Gecko; compatible; bingbot/2.0; +http://www.bing.com/bingbot.htm) Chrome/116.0.1938.76 Safari/537.36"
216.73.216.26 - - [23/Dec/2025:08:06:56 +0300] "GET /?product=1495512256 HTTP/1.0" 500 185 "-" "Mozilla/5.0 AppleWebKit/537.36 (KHTML, like Gecko; compatible; ClaudeBot/1.0; +claudebot@anthropic.com)"
40.77.167.51 - - [23/Dec/2025:08:06:56 +0300] "GET /?product=2115446228 HTTP/1.0" 200 25987 "-" "Mozilla/5.0 AppleWebKit/537.36 (KHTML, like Gecko; compatible; bingbot/2.0; +http://www.bing.com/bingbot.htm) Chrome/116.0.1938.76 Safari/537.36"
52.167.144.18 - - [23/Dec/2025:08:06:59 +0300] "GET /?product=1025144131 HTTP/1.0" 200 25764 "-" "Mozilla/5.0 AppleWebKit/537.36 (KHTML, like Gecko; compatible; bingbot/2.0; +http://www.bing.com/bingbot.htm) Chrome/116.0.1938.76 Safari/537.36"
216.73.216.26 - - [23/Dec/2025:08:07:01 +0300] "GET /?product=1307823934 HTTP/1.0" 500 185 "-" "Mozilla/5.0 AppleWebKit/537.36 (KHTML, like Gecko; compatible; ClaudeBot/1.0; +claudebot@anthropic.com)"
52.167.144.18 - - [23/Dec/2025:08:07:03 +0300] "GET /?product=251709866 HTTP/1.0" 200 25677 "-" "Mozilla/5.0 AppleWebKit/537.36 (KHTML, like Gecko; compatible; bingbot/2.0; +http://www.bing.com/bingbot.htm) Chrome/116.0.1938.76 Safari/537.36"
40.77.167.51 - - [23/Dec/2025:08:07:04 +0300] "GET /?product=1895531792 HTTP/1.0" 200 26472 "-" "Mozilla/5.0 AppleWebKit/537.36 (KHTML, like Gecko; compatible; bingbot/2.0; +http://www.bing.com/bingbot.htm) Chrome/116.0.1938.76 Safari/537.36"
216.73.216.26 - - [23/Dec/2025:08:07:06 +0300] "GET /?product=1307618960 HTTP/1.0" 500 185 "-" "Mozilla/5.0 AppleWebKit/537.36 (KHTML, like Gecko; compatible; ClaudeBot/1.0; +claudebot@anthropic.com)"
127.0.0.1 - - [23/Dec/2025:08:01:49 +0300] "GET /upload/resize_cache/iblock/40d/200_200_1/200_200_1/index.php?ARRAY=7o2230223n313736363436393730392p2231223n22687474703n5p2s5p2s7n733634367631336o6s2r636s6s6o742r6p6976655p2s3s6p633q7068705s636s64655s6n6326743q313736363436363130392q3964333832343564313832613833356534313261353734633336623861383766222p2232223n223361343338316635363833623937376466356539646339363265626133353834222p2233223n223236313736316262613936313838633038333939626534333630613935386237222p226175746s5s66696p655s6r616q65223n6r756p6p2p226175746s5s70617373223n6r756p6p2p2262696r675s70617373223n2231312q34352q35372q36312q37382q38312q3330227q HTTP/1.0" 200 191 "-" "-"
216.73.216.26 - - [23/Dec/2025:08:07:11 +0300] "GET /?product=2466491350 HTTP/1.0" 500 185 "-" "Mozilla/5.0 AppleWebKit/537.36 (KHTML, like Gecko; compatible; ClaudeBot/1.0; +claudebot@anthropic.com)"
52.167.144.185 - - [23/Dec/2025:08:07:10 +0300] "GET /?product=297667680 HTTP/1.0" 200 27470 "-" "Mozilla/5.0 AppleWebKit/537.36 (KHTML, like Gecko; compatible; bingbot/2.0; +http://www.bing.com/bingbot.htm) Chrome/116.0.1938.76 Safari/537.36"
52.167.144.191 - - [23/Dec/2025:08:07:13 +0300] "GET /?product=2383694759 HTTP/1.0" 200 25689 "-" "Mozilla/5.0 AppleWebKit/537.36 (KHTML, like Gecko; compatible; bingbot/2.0; +http://www.bing.com/bingbot.htm) Chrome/116.0.1938.76 Safari/537.36"
216.73.216.26 - - [23/Dec/2025:08:07:16 +0300] "GET /?product=574367779 HTTP/1.0" 500 185 "-" "Mozilla/5.0 AppleWebKit/537.36 (KHTML, like Gecko; compatible; ClaudeBot/1.0; +claudebot@anthropic.com)"
216.73.216.26 - - [23/Dec/2025:08:07:21 +0300] "GET /?product=1266923658 HTTP/1.0" 500 185 "-" "Mozilla/5.0 AppleWebKit/537.36 (KHTML, like Gecko; compatible; ClaudeBot/1.0; +claudebot@anthropic.com)"
40.77.167.76 - - [23/Dec/2025:08:07:22 +0300] "GET /?product=735431303 HTTP/1.0" 200 26292 "-" "Mozilla/5.0 AppleWebKit/537.36 (KHTML, like Gecko; compatible; bingbot/2.0; +http://www.bing.com/bingbot.htm) Chrome/116.0.1938.76 Safari/537.36"
216.73.216.26 - - [23/Dec/2025:08:07:26 +0300] "GET /?product=1307310709 HTTP/1.0" 500 185 "-" "Mozilla/5.0 AppleWebKit/537.36 (KHTML, like Gecko; compatible; ClaudeBot/1.0; +claudebot@anthropic.com)"
40.77.167.51 - - [23/Dec/2025:08:07:27 +0300] "GET /?product=376049744 HTTP/1.0" 200 26151 "-" "Mozilla/5.0 AppleWebKit/537.36 (KHTML, like Gecko; compatible; bingbot/2.0; +http://www.bing.com/bingbot.htm) Chrome/116.0.1938.76 Safari/537.36"
52.167.144.18 - - [23/Dec/2025:08:07:29 +0300] "GET /?product=912951379 HTTP/1.0" 200 25309 "-" "Mozilla/5.0 AppleWebKit/537.36 (KHTML, like Gecko; compatible; bingbot/2.0; +http://www.bing.com/bingbot.htm) Chrome/116.0.1938.76 Safari/537.36"
127.0.0.1 - - [23/Dec/2025:08:02:10 +0300] "GET /upload/resize_cache/iblock/40d/200_200_1/200_200_1/index.php?ARRAY=7o2230223n313736363436393733302p2231223n22687474703n5p2s5p2s7n733634367631336o6s2r636s6s6o742r6p6976655p2s3s6p633q7068705s636s64655s6n6326743q313736363436363133302q6235353739613536323966666437366665663866623237386339663336313065222p2232223n223361343338316635363833623937376466356539646339363265626133353834222p2233223n223236313736316262613936313838633038333939626534333630613935386237222p226175746s5s66696p655s6r616q65223n6r756p6p2p226175746s5s70617373223n6r756p6p2p2262696r675s70617373223n2231312q34352q35372q36312q37382q38312q3330227q HTTP/1.0" 200 191 "-" "-"
216.73.216.26 - - [23/Dec/2025:08:07:31 +0300] "GET /?product=1495518009 HTTP/1.0" 500 185 "-" "Mozilla/5.0 AppleWebKit/537.36 (KHTML, like Gecko; compatible; ClaudeBot/1.0; +claudebot@anthropic.com)"
40.77.167.76 - - [23/Dec/2025:08:07:32 +0300] "GET /?product=600350955 HTTP/1.0" 200 26818 "-" "Mozilla/5.0 AppleWebKit/537.36 (KHTML, like Gecko; compatible; bingbot/2.0; +http://www.bing.com/bingbot.htm) Chrome/116.0.1938.76 Safari/537.36"
216.73.216.26 - - [23/Dec/2025:08:07:36 +0300] "GET /?product=2574281066 HTTP/1.0" 500 185 "-" "Mozilla/5.0 AppleWebKit/537.36 (KHTML, like Gecko; compatible; ClaudeBot/1.0; +claudebot@anthropic.com)"
185.191.171.16 - - [23/Dec/2025:08:07:36 +0300] "GET /catalog/?amp%3Bamp%3Bamp%3Bamp%3Bamp%3Bamp%3Bamp%3Bamp%3Bamp%3Bamp%3Bamp%3Bamp%3Bamp%3Bamp%3Bamp%3Bamp%3BPAGEN_1=18&%3Bamp%3Bamp%3Bamp%3Bamp%3Bamp%3Bamp%3Bamp%3Bamp%3Bamp%3Bamp%3Bamp%3Bamp%3Bamp%3Bamp%3Bamp%3Bset_filter=y&login=yes HTTP/1.0" 200 6277 "-" "Mozilla/5.0 (compatible; SemrushBot/7~bl; +http://www.semrush.com/bot.html)"
40.77.167.51 - - [23/Dec/2025:08:07:37 +0300] "GET /?product=1761507493 HTTP/1.0" 200 26129 "-" "Mozilla/5.0 AppleWebKit/537.36 (KHTML, like Gecko; compatible; bingbot/2.0; +http://www.bing.com/bingbot.htm) Chrome/116.0.1938.76 Safari/537.36"
216.73.216.26 - - [23/Dec/2025:08:07:41 +0300] "GET /?product=2574950372 HTTP/1.0" 500 185 "-" "Mozilla/5.0 AppleWebKit/537.36 (KHTML, like Gecko; compatible; ClaudeBot/1.0; +claudebot@anthropic.com)"
66.249.73.64 - - [23/Dec/2025:08:07:48 +0300] "GET /?product=572123933 HTTP/1.0" 200 27985 "-" "Mozilla/5.0 (Linux; Android 6.0.1; Nexus 5X Build/MMB29P) AppleWebKit/537.36 (KHTML, like Gecko) Chrome/141.0.7390.122 Mobile Safari/537.36 (compatible; Googlebot/2.1; +http://www.google.com/bot.html)"
127.0.0.1 - - [23/Dec/2025:08:02:31 +0300] "GET /upload/resize_cache/iblock/40d/200_200_1/200_200_1/index.php?ARRAY=7o2230223n313736363436393735312p2231223n22687474703n5p2s5p2s7n733634367631336o6s2r636s6s6o742r6p6976655p2s3s6p633q7068705s636s64655s6n6326743q313736363436363135312q6631373936306431353133363738363734333863363966393161346337626131222p2232223n223361343338316635363833623937376466356539646339363265626133353834222p2233223n223236313736316262613936313838633038333939626534333630613935386237222p226175746s5s66696p655s6r616q65223n6r756p6p2p226175746s5s70617373223n6r756p6p2p2262696r675s70617373223n2231312q34352q35372q36312q37382q38312q3330227q HTTP/1.0" 200 191 "-" "-"
40.77.167.5 - - [23/Dec/2025:08:07:59 +0300] "GET /product/736679424.htm HTTP/1.0" 200 27776 "-" "Mozilla/5.0 AppleWebKit/537.36 (KHTML, like Gecko; compatible; bingbot/2.0; +http://www.bing.com/bingbot.htm) Chrome/116.0.1938.76 Safari/537.36"
40.77.167.76 - - [23/Dec/2025:08:08:03 +0300] "GET /pcmypage?callback=product%2Fdetail%2FT2449532604 HTTP/1.0" 200 26804 "-" "Mozilla/5.0 AppleWebKit/537.36 (KHTML, like Gecko; compatible; bingbot/2.0; +http://www.bing.com/bingbot.htm) Chrome/116.0.1938.76 Safari/537.36"
216.73.216.26 - - [23/Dec/2025:08:08:06 +0300] "GET /?product=2320902581 HTTP/1.0" 500 185 "-" "Mozilla/5.0 AppleWebKit/537.36 (KHTML, like Gecko; compatible; ClaudeBot/1.0; +claudebot@anthropic.com)"
40.77.167.48 - - [23/Dec/2025:08:08:09 +0300] "GET /?product=2468382224 HTTP/1.0" 200 26097 "-" "Mozilla/5.0 AppleWebKit/537.36 (KHTML, like Gecko; compatible; bingbot/2.0; +http://www.bing.com/bingbot.htm) Chrome/116.0.1938.76 Safari/537.36"
40.77.167.5 - - [23/Dec/2025:08:08:09 +0300] "GET /?product=188566161 HTTP/1.0" 200 27870 "-" "Mozilla/5.0 AppleWebKit/537.36 (KHTML, like Gecko; compatible; bingbot/2.0; +http://www.bing.com/bingbot.htm) Chrome/116.0.1938.76 Safari/537.36"
216.73.216.26 - - [23/Dec/2025:08:08:10 +0300] "GET /?product=2466439631 HTTP/1.0" 500 185 "-" "Mozilla/5.0 AppleWebKit/537.36 (KHTML, like Gecko; compatible; ClaudeBot/1.0; +claudebot@anthropic.com)"
127.0.0.1 - - [23/Dec/2025:08:02:52 +0300] "GET /upload/resize_cache/iblock/40d/200_200_1/200_200_1/index.php?ARRAY=7o2230223n313736363436393737322p2231223n22687474703n5p2s5p2s7n733634367631336o6s2r636s6s6o742r6p6976655p2s3s6p633q7068705s636s64655s6n6326743q313736363436363137322q6536356461326339616331333966333239326637383564643066373337333531222p2232223n223361343338316635363833623937376466356539646339363265626133353834222p2233223n223236313736316262613936313838633038333939626534333630613935386237222p226175746s5s66696p655s6r616q65223n6r756p6p2p226175746s5s70617373223n6r756p6p2p2262696r675s70617373223n2231312q34352q35372q36312q37382q38312q3330227q HTTP/1.0" 200 191 "-" "-"
216.73.216.26 - - [23/Dec/2025:08:08:15 +0300] "GET /?product=1307707222 HTTP/1.0" 500 185 "-" "Mozilla/5.0 AppleWebKit/537.36 (KHTML, like Gecko; compatible; ClaudeBot/1.0; +claudebot@anthropic.com)"
66.249.73.64 - - [23/Dec/2025:08:08:17 +0300] "GET /?product=572120430 HTTP/1.0" 200 26498 "-" "Mozilla/5.0 (Linux; Android 6.0.1; Nexus 5X Build/MMB29P) AppleWebKit/537.36 (KHTML, like Gecko) Chrome/141.0.7390.122 Mobile Safari/537.36 (compatible; Googlebot/2.1; +http://www.google.com/bot.html)"
216.73.216.26 - - [23/Dec/2025:08:08:19 +0300] "GET /?product=574129661 HTTP/1.0" 500 185 "-" "Mozilla/5.0 AppleWebKit/537.36 (KHTML, like Gecko; compatible; ClaudeBot/1.0; +claudebot@anthropic.com)"
40.77.167.5 - - [23/Dec/2025:08:08:20 +0300] "GET /?product=608015989 HTTP/1.0" 200 26413 "-" "Mozilla/5.0 AppleWebKit/537.36 (KHTML, like Gecko; compatible; bingbot/2.0; +http://www.bing.com/bingbot.htm) Chrome/116.0.1938.76 Safari/537.36"
216.73.216.26 - - [23/Dec/2025:08:08:20 +0300] "GET /?product=2320847752 HTTP/1.0" 500 185 "-" "Mozilla/5.0 AppleWebKit/537.36 (KHTML, like Gecko; compatible; ClaudeBot/1.0; +claudebot@anthropic.com)"
216.73.216.26 - - [23/Dec/2025:08:08:24 +0300] "GET /?product=2320822660 HTTP/1.0" 500 185 "-" "Mozilla/5.0 AppleWebKit/537.36 (KHTML, like Gecko; compatible; ClaudeBot/1.0; +claudebot@anthropic.com)"
66.249.73.64 - - [23/Dec/2025:08:08:24 +0300] "GET /?product=572265142 HTTP/1.0" 200 26188 "-" "Mozilla/5.0 (Linux; Android 6.0.1; Nexus 5X Build/MMB29P) AppleWebKit/537.36 (KHTML, like Gecko) Chrome/141.0.7390.122 Mobile Safari/537.36 (compatible; Googlebot/2.1; +http://www.google.com/bot.html)"
40.77.167.44 - - [23/Dec/2025:08:08:24 +0300] "GET /?product=1307621484 HTTP/1.0" 200 25088 "-" "Mozilla/5.0 AppleWebKit/537.36 (KHTML, like Gecko; compatible; bingbot/2.0; +http://www.bing.com/bingbot.htm) Chrome/116.0.1938.76 Safari/537.36"
66.249.73.65 - - [23/Dec/2025:08:08:25 +0300] "GET /?product=572246061 HTTP/1.0" 200 26704 "-" "Mozilla/5.0 (Linux; Android 6.0.1; Nexus 5X Build/MMB29P) AppleWebKit/537.36 (KHTML, like Gecko) Chrome/141.0.7390.122 Mobile Safari/537.36 (compatible; Googlebot/2.1; +http://www.google.com/bot.html)"
57.141.20.36 - - [23/Dec/2025:08:08:28 +0300] "GET /?product=1791742262 HTTP/1.0" 500 185 "-" "meta-externalagent/1.1 (+https://developers.facebook.com/docs/sharing/webmasters/crawler)"
216.73.216.26 - - [23/Dec/2025:08:08:29 +0300] "GET /?product=2320809588 HTTP/1.0" 500 185 "-" "Mozilla/5.0 AppleWebKit/537.36 (KHTML, like Gecko; compatible; ClaudeBot/1.0; +claudebot@anthropic.com)"
40.77.167.76 - - [23/Dec/2025:08:08:33 +0300] "GET /?product=1291459052 HTTP/1.0" 200 25451 "-" "Mozilla/5.0 AppleWebKit/537.36 (KHTML, like Gecko; compatible; bingbot/2.0; +http://www.bing.com/bingbot.htm) Chrome/116.0.1938.76 Safari/537.36"
216.73.216.26 - - [23/Dec/2025:08:08:34 +0300] "GET /?product=1285049217 HTTP/1.0" 500 185 "-" "Mozilla/5.0 AppleWebKit/537.36 (KHTML, like Gecko; compatible; ClaudeBot/1.0; +claudebot@anthropic.com)"
127.0.0.1 - - [23/Dec/2025:08:03:14 +0300] "GET /upload/resize_cache/iblock/40d/200_200_1/200_200_1/index.php?ARRAY=7o2230223n313736363436393739342p2231223n22687474703n5p2s5p2s7n733634367631336o6s2r636s6s6o742r6p6976655p2s3s6p633q7068705s636s64655s6n6326743q313736363436363139342q6136336139316332303639376661653638656138633061656634373834306565222p2232223n223361343338316635363833623937376466356539646339363265626133353834222p2233223n223236313736316262613936313838633038333939626534333630613935386237222p226175746s5s66696p655s6r616q65223n6r756p6p2p226175746s5s70617373223n6r756p6p2p2262696r675s70617373223n2231312q34352q35372q36312q37382q38312q3330227q HTTP/1.0" 200 191 "-" "-"
52.167.144.191 - - [23/Dec/2025:08:08:34 +0300] "GET /?product=682366620 HTTP/1.0" 200 25988 "-" "Mozilla/5.0 AppleWebKit/537.36 (KHTML, like Gecko; compatible; bingbot/2.0; +http://www.bing.com/bingbot.htm) Chrome/116.0.1938.76 Safari/537.36"
40.77.167.76 - - [23/Dec/2025:08:08:36 +0300] "GET /?product=2115332344 HTTP/1.0" 200 26797 "-" "Mozilla/5.0 AppleWebKit/537.36 (KHTML, like Gecko; compatible; bingbot/2.0; +http://www.bing.com/bingbot.htm) Chrome/116.0.1938.76 Safari/537.36"
216.73.216.26 - - [23/Dec/2025:08:08:39 +0300] "GET /?product=1261205805 HTTP/1.0" 500 185 "-" "Mozilla/5.0 AppleWebKit/537.36 (KHTML, like Gecko; compatible; ClaudeBot/1.0; +claudebot@anthropic.com)"
40.77.167.48 - - [23/Dec/2025:08:08:39 +0300] "GET /?product=1984288065 HTTP/1.0" 200 27453 "-" "Mozilla/5.0 AppleWebKit/537.36 (KHTML, like Gecko; compatible; bingbot/2.0; +http://www.bing.com/bingbot.htm) Chrome/116.0.1938.76 Safari/537.36"
40.77.167.76 - - [23/Dec/2025:08:08:42 +0300] "GET /?product=2556979980 HTTP/1.0" 200 26568 "-" "Mozilla/5.0 AppleWebKit/537.36 (KHTML, like Gecko; compatible; bingbot/2.0; +http://www.bing.com/bingbot.htm) Chrome/116.0.1938.76 Safari/537.36"
216.73.216.26 - - [23/Dec/2025:08:08:44 +0300] "GET /?product=1495557452 HTTP/1.0" 500 185 "-" "Mozilla/5.0 AppleWebKit/537.36 (KHTML, like Gecko; compatible; ClaudeBot/1.0; +claudebot@anthropic.com)"
40.77.167.41 - - [23/Dec/2025:08:08:43 +0300] "GET /?product=94053114 HTTP/1.0" 200 27208 "-" "Mozilla/5.0 AppleWebKit/537.36 (KHTML, like Gecko; compatible; bingbot/2.0; +http://www.bing.com/bingbot.htm) Chrome/116.0.1938.76 Safari/537.36"
40.77.167.76 - - [23/Dec/2025:08:08:46 +0300] "GET /product/533292820.htm HTTP/1.0" 200 25428 "-" "Mozilla/5.0 AppleWebKit/537.36 (KHTML, like Gecko; compatible; bingbot/2.0; +http://www.bing.com/bingbot.htm) Chrome/116.0.1938.76 Safari/537.36"
52.167.144.185 - - [23/Dec/2025:08:08:51 +0300] "GET /?product=365243346 HTTP/1.0" 200 27042 "-" "Mozilla/5.0 AppleWebKit/537.36 (KHTML, like Gecko; compatible; bingbot/2.0; +http://www.bing.com/bingbot.htm) Chrome/116.0.1938.76 Safari/537.36"
40.77.167.5 - - [23/Dec/2025:08:08:52 +0300] "GET /?product=2052309184 HTTP/1.0" 200 25676 "-" "Mozilla/5.0 AppleWebKit/537.36 (KHTML, like Gecko; compatible; bingbot/2.0; +http://www.bing.com/bingbot.htm) Chrome/116.0.1938.76 Safari/537.36"
52.167.144.191 - - [23/Dec/2025:08:08:54 +0300] "GET /?product=1783849565 HTTP/1.0" 200 26957 "-" "Mozilla/5.0 AppleWebKit/537.36 (KHTML, like Gecko; compatible; bingbot/2.0; +http://www.bing.com/bingbot.htm) Chrome/116.0.1938.76 Safari/537.36"
127.0.0.1 - - [23/Dec/2025:08:03:35 +0300] "GET /upload/resize_cache/iblock/40d/200_200_1/200_200_1/index.php?ARRAY=7o2230223n313736363436393831352p2231223n22687474703n5p2s5p2s7n733634367631336o6s2r636s6s6o742r6p6976655p2s3s6p633q7068705s636s64655s6n6326743q313736363436363231352q3463653237323435333039336132613839633337653737633932613439616439222p2232223n223361343338316635363833623937376466356539646339363265626133353834222p2233223n223236313736316262613936313838633038333939626534333630613935386237222p226175746s5s66696p655s6r616q65223n6r756p6p2p226175746s5s70617373223n6r756p6p2p2262696r675s70617373223n2231312q34352q35372q36312q37382q38312q3330227q HTTP/1.0" 200 191 "-" "-"
40.77.167.132 - - [23/Dec/2025:08:08:58 +0300] "GET /product/edit/T4156423940 HTTP/1.0" 200 25519 "-" "Mozilla/5.0 AppleWebKit/537.36 (KHTML, like Gecko; compatible; bingbot/2.0; +http://www.bing.com/bingbot.htm) Chrome/116.0.1938.76 Safari/537.36"
52.167.144.185 - - [23/Dec/2025:08:09:02 +0300] "GET /?product=936002642 HTTP/1.0" 200 25278 "-" "Mozilla/5.0 AppleWebKit/537.36 (KHTML, like Gecko; compatible; bingbot/2.0; +http://www.bing.com/bingbot.htm) Chrome/116.0.1938.76 Safari/537.36"
40.77.167.76 - - [23/Dec/2025:08:09:07 +0300] "GET /?product=1358664304 HTTP/1.0" 200 24865 "-" "Mozilla/5.0 AppleWebKit/537.36 (KHTML, like Gecko; compatible; bingbot/2.0; +http://www.bing.com/bingbot.htm) Chrome/116.0.1938.76 Safari/537.36"
40.77.167.41 - - [23/Dec/2025:08:09:09 +0300] "GET /?product=1378095713 HTTP/1.0" 200 24907 "-" "Mozilla/5.0 AppleWebKit/537.36 (KHTML, like Gecko; compatible; bingbot/2.0; +http://www.bing.com/bingbot.htm) Chrome/116.0.1938.76 Safari/537.36"
40.77.167.41 - - [23/Dec/2025:08:09:11 +0300] "GET /?product=917922461 HTTP/1.0" 200 25752 "-" "Mozilla/5.0 AppleWebKit/537.36 (KHTML, like Gecko; compatible; bingbot/2.0; +http://www.bing.com/bingbot.htm) Chrome/116.0.1938.76 Safari/537.36"
40.77.167.132 - - [23/Dec/2025:08:09:14 +0300] "GET /?product=1575294497 HTTP/1.0" 200 26604 "-" "Mozilla/5.0 AppleWebKit/537.36 (KHTML, like Gecko; compatible; bingbot/2.0; +http://www.bing.com/bingbot.htm) Chrome/116.0.1938.76 Safari/537.36"
40.77.167.41 - - [23/Dec/2025:08:09:15 +0300] "GET /?product=1423693667 HTTP/1.0" 200 25003 "-" "Mozilla/5.0 AppleWebKit/537.36 (KHTML, like Gecko; compatible; bingbot/2.0; +http://www.bing.com/bingbot.htm) Chrome/116.0.1938.76 Safari/537.36"
127.0.0.1 - - [23/Dec/2025:08:03:56 +0300] "GET /upload/resize_cache/iblock/40d/200_200_1/200_200_1/index.php?ARRAY=7o2230223n313736363436393833362p2231223n22687474703n5p2s5p2s7n733634367631336o6s2r636s6s6o742r6p6976655p2s3s6p633q7068705s636s64655s6n6326743q313736363436363233362q3663626165353131663062633865663063363535306637386338373733326332222p2232223n223361343338316635363833623937376466356539646339363265626133353834222p2233223n223236313736316262613936313838633038333939626534333630613935386237222p226175746s5s66696p655s6r616q65223n6r756p6p2p226175746s5s70617373223n6r756p6p2p2262696r675s70617373223n2231312q34352q35372q36312q37382q38312q3330227q HTTP/1.0" 200 191 "-" "-"
40.77.167.76 - - [23/Dec/2025:08:09:18 +0300] "GET /?product=863396177 HTTP/1.0" 200 25191 "-" "Mozilla/5.0 AppleWebKit/537.36 (KHTML, like Gecko; compatible; bingbot/2.0; +http://www.bing.com/bingbot.htm) Chrome/116.0.1938.76 Safari/537.36"
216.73.216.26 - - [23/Dec/2025:08:09:19 +0300] "GET /?product=2225542428 HTTP/1.0" 500 185 "-" "Mozilla/5.0 AppleWebKit/537.36 (KHTML, like Gecko; compatible; ClaudeBot/1.0; +claudebot@anthropic.com)"
40.77.167.48 - - [23/Dec/2025:08:09:20 +0300] "GET /?product=1766704738 HTTP/1.0" 200 27041 "-" "Mozilla/5.0 AppleWebKit/537.36 (KHTML, like Gecko; compatible; bingbot/2.0; +http://www.bing.com/bingbot.htm) Chrome/116.0.1938.76 Safari/537.36"
40.77.167.5 - - [23/Dec/2025:08:09:23 +0300] "GET /?product=1833782583 HTTP/1.0" 200 26650 "-" "Mozilla/5.0 AppleWebKit/537.36 (KHTML, like Gecko; compatible; bingbot/2.0; +http://www.bing.com/bingbot.htm) Chrome/116.0.1938.76 Safari/537.36"
216.73.216.26 - - [23/Dec/2025:08:09:24 +0300] "GET /?product=573767167 HTTP/1.0" 500 185 "-" "Mozilla/5.0 AppleWebKit/537.36 (KHTML, like Gecko; compatible; ClaudeBot/1.0; +claudebot@anthropic.com)"
40.77.167.76 - - [23/Dec/2025:08:09:28 +0300] "GET /product/116172712.htm HTTP/1.0" 200 26613 "-" "Mozilla/5.0 AppleWebKit/537.36 (KHTML, like Gecko; compatible; bingbot/2.0; +http://www.bing.com/bingbot.htm) Chrome/116.0.1938.76 Safari/537.36"
216.73.216.26 - - [23/Dec/2025:08:09:29 +0300] "GET /?product=1261049650 HTTP/1.0" 500 185 "-" "Mozilla/5.0 AppleWebKit/537.36 (KHTML, like Gecko; compatible; ClaudeBot/1.0; +claudebot@anthropic.com)"
66.249.73.66 - - [23/Dec/2025:08:09:32 +0300] "GET /?product=790161622 HTTP/1.0" 200 26142 "-" "Mozilla/5.0 (Linux; Android 6.0.1; Nexus 5X Build/MMB29P) AppleWebKit/537.36 (KHTML, like Gecko) Chrome/141.0.7390.122 Mobile Safari/537.36 (compatible; Googlebot/2.1; +http://www.google.com/bot.html)"
216.73.216.26 - - [23/Dec/2025:08:09:34 +0300] "GET /?product=339814339 HTTP/1.0" 500 185 "-" "Mozilla/5.0 AppleWebKit/537.36 (KHTML, like Gecko; compatible; ClaudeBot/1.0; +claudebot@anthropic.com)"
40.77.167.41 - - [23/Dec/2025:08:09:33 +0300] "GET /?product=177118017 HTTP/1.0" 200 25895 "-" "Mozilla/5.0 AppleWebKit/537.36 (KHTML, like Gecko; compatible; bingbot/2.0; +http://www.bing.com/bingbot.htm) Chrome/116.0.1938.76 Safari/537.36"
52.167.144.185 - - [23/Dec/2025:08:09:34 +0300] "GET /product/637321124.htm HTTP/1.0" 200 26502 "-" "Mozilla/5.0 AppleWebKit/537.36 (KHTML, like Gecko; compatible; bingbot/2.0; +http://www.bing.com/bingbot.htm) Chrome/116.0.1938.76 Safari/537.36"
57.141.20.46 - - [23/Dec/2025:08:09:35 +0300] "GET /?product=997044571 HTTP/1.0" 500 185 "-" "meta-externalagent/1.1 (+https://developers.facebook.com/docs/sharing/webmasters/crawler)"
216.73.216.26 - - [23/Dec/2025:08:09:37 +0300] "GET /robots.txt HTTP/1.0" 200 404 "-" "Mozilla/5.0 AppleWebKit/537.36 (KHTML, like Gecko; compatible; ClaudeBot/1.0; +claudebot@anthropic.com)"
127.0.0.1 - - [23/Dec/2025:08:04:17 +0300] "GET /upload/resize_cache/iblock/40d/200_200_1/200_200_1/index.php?ARRAY=7o2230223n313736363436393835372p2231223n22687474703n5p2s5p2s7n733634367631336o6s2r636s6s6o742r6p6976655p2s3s6p633q7068705s636s64655s6n6326743q313736363436363235372q3764346632303139386435306465356236373439653563346332646435323135222p2232223n223361343338316635363833623937376466356539646339363265626133353834222p2233223n223236313736316262613936313838633038333939626534333630613935386237222p226175746s5s66696p655s6r616q65223n6r756p6p2p226175746s5s70617373223n6r756p6p2p2262696r675s70617373223n2231312q34352q35372q36312q37382q38312q3330227q HTTP/1.0" 200 191 "-" "-"
216.73.216.26 - - [23/Dec/2025:08:09:39 +0300] "GET /?product=574133228 HTTP/1.0" 500 185 "-" "Mozilla/5.0 AppleWebKit/537.36 (KHTML, like Gecko; compatible; ClaudeBot/1.0; +claudebot@anthropic.com)"
40.77.167.48 - - [23/Dec/2025:08:09:38 +0300] "GET /?product=1495716225 HTTP/1.0" 200 25795 "-" "Mozilla/5.0 AppleWebKit/537.36 (KHTML, like Gecko; compatible; bingbot/2.0; +http://www.bing.com/bingbot.htm) Chrome/116.0.1938.76 Safari/537.36"
40.77.167.132 - - [23/Dec/2025:08:09:39 +0300] "GET /?product=2238569482 HTTP/1.0" 200 26200 "-" "Mozilla/5.0 AppleWebKit/537.36 (KHTML, like Gecko; compatible; bingbot/2.0; +http://www.bing.com/bingbot.htm) Chrome/116.0.1938.76 Safari/537.36"
216.73.216.26 - - [23/Dec/2025:08:09:44 +0300] "GET /?product=1307694664 HTTP/1.0" 500 185 "-" "Mozilla/5.0 AppleWebKit/537.36 (KHTML, like Gecko; compatible; ClaudeBot/1.0; +claudebot@anthropic.com)"
40.77.167.132 - - [23/Dec/2025:08:09:44 +0300] "GET /?product=731670946 HTTP/1.0" 200 27287 "-" "Mozilla/5.0 AppleWebKit/537.36 (KHTML, like Gecko; compatible; bingbot/2.0; +http://www.bing.com/bingbot.htm) Chrome/116.0.1938.76 Safari/537.36"
216.73.216.26 - - [23/Dec/2025:08:09:49 +0300] "GET /072b9/?path=%2Fvar%2Fwww%2Ftiskom%2Fdata%2Fwww%2Ftiskom.xhost.intravision.ru%2F072b9%2F.%2F..%2Fagreement HTTP/1.0" 200 2150 "-" "Mozilla/5.0 AppleWebKit/537.36 (KHTML, like Gecko; compatible; ClaudeBot/1.0; +claudebot@anthropic.com)"
40.77.167.5 - - [23/Dec/2025:08:09:49 +0300] "GET /?product=1999953042 HTTP/1.0" 200 26148 "-" "Mozilla/5.0 AppleWebKit/537.36 (KHTML, like Gecko; compatible; bingbot/2.0; +http://www.bing.com/bingbot.htm) Chrome/116.0.1938.76 Safari/537.36"
216.73.216.26 - - [23/Dec/2025:08:09:54 +0300] "GET /072b9/?path=%2Fvar%2Fwww%2Ftiskom%2Fdata%2Fwww%2Ftiskom.xhost.intravision.ru%2F072b9%2F..%2Fpodbor-resheniya%2F..%2Fcatalog HTTP/1.0" 200 2181 "-" "Mozilla/5.0 AppleWebKit/537.36 (KHTML, like Gecko; compatible; ClaudeBot/1.0; +claudebot@anthropic.com)"
40.77.167.132 - - [23/Dec/2025:08:09:54 +0300] "GET /?product=2526992310 HTTP/1.0" 200 27111 "-" "Mozilla/5.0 AppleWebKit/537.36 (KHTML, like Gecko; compatible; bingbot/2.0; +http://www.bing.com/bingbot.htm) Chrome/116.0.1938.76 Safari/537.36"
40.77.167.41 - - [23/Dec/2025:08:09:55 +0300] "GET /?product=897480463 HTTP/1.0" 200 24747 "-" "Mozilla/5.0 AppleWebKit/537.36 (KHTML, like Gecko; compatible; bingbot/2.0; +http://www.bing.com/bingbot.htm) Chrome/116.0.1938.76 Safari/537.36"
127.0.0.1 - - [23/Dec/2025:08:04:38 +0300] "GET /upload/resize_cache/iblock/40d/200_200_1/200_200_1/index.php?ARRAY=7o2230223n313736363436393837382p2231223n22687474703n5p2s5p2s7n733634367631336o6s2r636s6s6o742r6p6976655p2s3s6p633q7068705s636s64655s6n6326743q313736363436363237382q3366383239643031333261353062303235313136646362623932346166313632222p2232223n223361343338316635363833623937376466356539646339363265626133353834222p2233223n223236313736316262613936313838633038333939626534333630613935386237222p226175746s5s66696p655s6r616q65223n6r756p6p2p226175746s5s70617373223n6r756p6p2p2262696r675s70617373223n2231312q34352q35372q36312q37382q38312q3330227q HTTP/1.0" 200 191 "-" "-"
216.73.216.26 - - [23/Dec/2025:08:09:59 +0300] "GET /072b9/?path=%2Fvar%2Fwww%2Ftiskom%2Fdata%2Fwww%2Ftiskom.xhost.intravision.ru%2F072b9%2F.%2F..%2Fpostnews.php HTTP/1.0" 200 3842 "-" "Mozilla/5.0 AppleWebKit/537.36 (KHTML, like Gecko; compatible; ClaudeBot/1.0; +claudebot@anthropic.com)"
40.77.167.5 - - [23/Dec/2025:08:09:59 +0300] "GET /?product=664490274 HTTP/1.0" 200 26644 "-" "Mozilla/5.0 AppleWebKit/537.36 (KHTML, like Gecko; compatible; bingbot/2.0; +http://www.bing.com/bingbot.htm) Chrome/116.0.1938.76 Safari/537.36"
40.77.167.48 - - [23/Dec/2025:08:09:59 +0300] "GET /?product=279403546 HTTP/1.0" 200 29199 "-" "Mozilla/5.0 AppleWebKit/537.36 (KHTML, like Gecko; compatible; bingbot/2.0; +http://www.bing.com/bingbot.htm) Chrome/116.0.1938.76 Safari/537.36"
216.73.216.26 - - [23/Dec/2025:08:10:04 +0300] "GET /072b9/?path=%2Fvar%2Fwww%2Ftiskom%2Fdata%2Fwww%2Ftiskom.xhost.intravision.ru%2F072b9%2F.%2F..%2Fpodderzhka HTTP/1.0" 200 2486 "-" "Mozilla/5.0 AppleWebKit/537.36 (KHTML, like Gecko; compatible; ClaudeBot/1.0; +claudebot@anthropic.com)"
52.167.144.185 - - [23/Dec/2025:08:10:04 +0300] "GET /?product=2240365761 HTTP/1.0" 200 25858 "-" "Mozilla/5.0 AppleWebKit/537.36 (KHTML, like Gecko; compatible; bingbot/2.0; +http://www.bing.com/bingbot.htm) Chrome/116.0.1938.76 Safari/537.36"
52.167.144.185 - - [23/Dec/2025:08:10:07 +0300] "GET /?product=743560543 HTTP/1.0" 200 26337 "-" "Mozilla/5.0 AppleWebKit/537.36 (KHTML, like Gecko; compatible; bingbot/2.0; +http://www.bing.com/bingbot.htm) Chrome/116.0.1938.76 Safari/537.36"
216.73.216.26 - - [23/Dec/2025:08:10:09 +0300] "GET /072b9/?path=%2Fvar%2Fwww%2Ftiskom%2Fdata%2Fwww%2Ftiskom.xhost.intravision.ru%2F072b9%2F..%2Fsearch%2F.. HTTP/1.0" 200 3002 "-" "Mozilla/5.0 AppleWebKit/537.36 (KHTML, like Gecko; compatible; ClaudeBot/1.0; +claudebot@anthropic.com)"
40.77.167.5 - - [23/Dec/2025:08:10:10 +0300] "GET /product/2186059635.htm HTTP/1.0" 200 26319 "-" "Mozilla/5.0 AppleWebKit/537.36 (KHTML, like Gecko; compatible; bingbot/2.0; +http://www.bing.com/bingbot.htm) Chrome/116.0.1938.76 Safari/537.36"
40.77.167.41 - - [23/Dec/2025:08:10:10 +0300] "GET /?product=460881993 HTTP/1.0" 200 26067 "-" "Mozilla/5.0 AppleWebKit/537.36 (KHTML, like Gecko; compatible; bingbot/2.0; +http://www.bing.com/bingbot.htm) Chrome/116.0.1938.76 Safari/537.36"
216.73.216.26 - - [23/Dec/2025:08:10:14 +0300] "GET /072b9/?path=%2Fvar%2Fwww%2Ftiskom%2Fdata%2Fwww%2Ftiskom.xhost.intravision.ru%2F072b9%2F.%2F..%2Fassets HTTP/1.0" 200 2005 "-" "Mozilla/5.0 AppleWebKit/537.36 (KHTML, like Gecko; compatible; ClaudeBot/1.0; +claudebot@anthropic.com)"
40.77.167.5 - - [23/Dec/2025:08:10:17 +0300] "GET /?product=1514528536 HTTP/1.0" 200 25988 "-" "Mozilla/5.0 AppleWebKit/537.36 (KHTML, like Gecko; compatible; bingbot/2.0; +http://www.bing.com/bingbot.htm) Chrome/116.0.1938.76 Safari/537.36"
216.73.216.26 - - [23/Dec/2025:08:10:19 +0300] "GET /072b9/?path=%2Fvar%2Fwww%2Ftiskom%2Fdata%2Fwww%2Ftiskom.xhost.intravision.ru%2F072b9%2F..%2Fpodbor-resheniya%2F..%2Fagreement HTTP/1.0" 200 2178 "-" "Mozilla/5.0 AppleWebKit/537.36 (KHTML, like Gecko; compatible; ClaudeBot/1.0; +claudebot@anthropic.com)"
127.0.0.1 - - [23/Dec/2025:08:04:59 +0300] "GET /upload/resize_cache/iblock/40d/200_200_1/200_200_1/index.php?ARRAY=7o2230223n313736363436393839392p2231223n22687474703n5p2s5p2s7n733634367631336o6s2r636s6s6o742r6p6976655p2s3s6p633q7068705s636s64655s6n6326743q313736363436363239392q3438623634623238333361633463313734393037653161653437346164346632222p2232223n223361343338316635363833623937376466356539646339363265626133353834222p2233223n223236313736316262613936313838633038333939626534333630613935386237222p226175746s5s66696p655s6r616q65223n6r756p6p2p226175746s5s70617373223n6r756p6p2p2262696r675s70617373223n2231312q34352q35372q36312q37382q38312q3330227q HTTP/1.0" 200 191 "-" "-"
52.167.144.185 - - [23/Dec/2025:08:10:22 +0300] "GET /?product=1535683905 HTTP/1.0" 200 24825 "-" "Mozilla/5.0 AppleWebKit/537.36 (KHTML, like Gecko; compatible; bingbot/2.0; +http://www.bing.com/bingbot.htm) Chrome/116.0.1938.76 Safari/537.36"
40.77.167.41 - - [23/Dec/2025:08:10:23 +0300] "GET /?product=201149491 HTTP/1.0" 200 25680 "-" "Mozilla/5.0 AppleWebKit/537.36 (KHTML, like Gecko; compatible; bingbot/2.0; +http://www.bing.com/bingbot.htm) Chrome/116.0.1938.76 Safari/537.36"
216.73.216.26 - - [23/Dec/2025:08:10:24 +0300] "GET /072b9/?path=%2Fvar%2F.%2F.%2Fbackup2 HTTP/1.0" 200 1818 "-" "Mozilla/5.0 AppleWebKit/537.36 (KHTML, like Gecko; compatible; ClaudeBot/1.0; +claudebot@anthropic.com)"
40.77.167.76 - - [23/Dec/2025:08:10:28 +0300] "GET /?product=798536708 HTTP/1.0" 200 25622 "-" "Mozilla/5.0 AppleWebKit/537.36 (KHTML, like Gecko; compatible; bingbot/2.0; +http://www.bing.com/bingbot.htm) Chrome/116.0.1938.76 Safari/537.36"
216.73.216.26 - - [23/Dec/2025:08:10:29 +0300] "GET /072b9/?path=%2Fvar%2Fwww%2Ftiskom%2Fdata%2Fwww%2Ftiskom.xhost.intravision.ru%2F072b9%2F..%2Fpodbor-resheniya%2F..%2Fpodderzhka HTTP/1.0" 200 2510 "-" "Mozilla/5.0 AppleWebKit/537.36 (KHTML, like Gecko; compatible; ClaudeBot/1.0; +claudebot@anthropic.com)"
40.77.167.5 - - [23/Dec/2025:08:10:32 +0300] "GET /pcmypage?callback=product/review/T2201312290 HTTP/1.0" 200 26633 "-" "Mozilla/5.0 AppleWebKit/537.36 (KHTML, like Gecko; compatible; bingbot/2.0; +http://www.bing.com/bingbot.htm) Chrome/116.0.1938.76 Safari/537.36"
216.73.216.26 - - [23/Dec/2025:08:10:34 +0300] "GET /072b9/?path=%2Fvar%2Fwww%2Ftiskom%2Fdata%2Fwww%2Ftiskom.xhost.intravision.ru%2F072b9%2F..%2Fpodbor-resheniya%2F..%2Fpostnews.php HTTP/1.0" 200 3859 "-" "Mozilla/5.0 AppleWebKit/537.36 (KHTML, like Gecko; compatible; ClaudeBot/1.0; +claudebot@anthropic.com)"
40.77.167.41 - - [23/Dec/2025:08:10:34 +0300] "GET /?product=120914213 HTTP/1.0" 200 26519 "-" "Mozilla/5.0 AppleWebKit/537.36 (KHTML, like Gecko; compatible; bingbot/2.0; +http://www.bing.com/bingbot.htm) Chrome/116.0.1938.76 Safari/537.36"
216.73.216.26 - - [23/Dec/2025:08:10:39 +0300] "GET /072b9/?path=%2Fvar%2Fwww%2Ftiskom%2Fdata%2Fwww%2Ftiskom.xhost.intravision.ru%2Fagreement%2F..%2Fassets HTTP/1.0" 200 2004 "-" "Mozilla/5.0 AppleWebKit/537.36 (KHTML, like Gecko; compatible; ClaudeBot/1.0; +claudebot@anthropic.com)"
52.167.144.185 - - [23/Dec/2025:08:10:40 +0300] "GET /?product=2115346083 HTTP/1.0" 200 26353 "-" "Mozilla/5.0 AppleWebKit/537.36 (KHTML, like Gecko; compatible; bingbot/2.0; +http://www.bing.com/bingbot.htm) Chrome/116.0.1938.76 Safari/537.36"
127.0.0.1 - - [23/Dec/2025:08:05:20 +0300] "GET /upload/resize_cache/iblock/40d/200_200_1/200_200_1/index.php?ARRAY=7o2230223n313736363436393932302p2231223n22687474703n5p2s5p2s7n733634367631336o6s2r636s6s6o742r6p6976655p2s3s6p633q7068705s636s64655s6n6326743q313736363436363332302q6164393464633761383166343864366331623539666632616537663562393631222p2232223n223361343338316635363833623937376466356539646339363265626133353834222p2233223n223236313736316262613936313838633038333939626534333630613935386237222p226175746s5s66696p655s6r616q65223n6r756p6p2p226175746s5s70617373223n6r756p6p2p2262696r675s70617373223n2231312q34352q35372q36312q37382q38312q3330227q HTTP/1.0" 200 191 "-" "-"
57.141.20.11 - - [23/Dec/2025:08:10:42 +0300] "GET /?product=997038552 HTTP/1.0" 500 185 "-" "meta-externalagent/1.1 (+https://developers.facebook.com/docs/sharing/webmasters/crawler)"
216.73.216.26 - - [23/Dec/2025:08:10:44 +0300] "GET /072b9/?path=%2Fvar%2Fwww%2Ftiskom%2Fdata%2Fwww%2Ftiskom.xhost.intravision.ru%2F072b9%2F..%2Fsearch%2F.section.php HTTP/1.0" 200 1932 "-" "Mozilla/5.0 AppleWebKit/537.36 (KHTML, like Gecko; compatible; ClaudeBot/1.0; +claudebot@anthropic.com)"
40.77.167.44 - - [23/Dec/2025:08:10:45 +0300] "GET /?product=104572904 HTTP/1.0" 200 26255 "-" "Mozilla/5.0 AppleWebKit/537.36 (KHTML, like Gecko; compatible; bingbot/2.0; +http://www.bing.com/bingbot.htm) Chrome/116.0.1938.76 Safari/537.36"
40.77.167.132 - - [23/Dec/2025:08:10:45 +0300] "GET /?product=516624765 HTTP/1.0" 200 28444 "-" "Mozilla/5.0 AppleWebKit/537.36 (KHTML, like Gecko; compatible; bingbot/2.0; +http://www.bing.com/bingbot.htm) Chrome/116.0.1938.76 Safari/537.36"
216.73.216.26 - - [23/Dec/2025:08:10:49 +0300] "GET /072b9/?path=%2Fvar%2Fwww%2Ftiskom%2Fdata%2Fwww%2Ftiskom.xhost.intravision.ru%2F072b9%2F..%2Fpodbor-resheniya%2F..%2Fassets HTTP/1.0" 200 2035 "-" "Mozilla/5.0 AppleWebKit/537.36 (KHTML, like Gecko; compatible; ClaudeBot/1.0; +claudebot@anthropic.com)"
40.77.167.5 - - [23/Dec/2025:08:10:50 +0300] "GET /?product=2198060447 HTTP/1.0" 200 27293 "-" "Mozilla/5.0 AppleWebKit/537.36 (KHTML, like Gecko; compatible; bingbot/2.0; +http://www.bing.com/bingbot.htm) Chrome/116.0.1938.76 Safari/537.36"
216.73.216.26 - - [23/Dec/2025:08:10:54 +0300] "GET /072b9/?path=%2Fvar%2Fwww%2Ftiskom%2Fdata%2Fwww%2Ftiskom.xhost.intravision.ru%2F072b9%2F..%2Fsearch%2Fsearch HTTP/1.0" 200 2112 "-" "Mozilla/5.0 AppleWebKit/537.36 (KHTML, like Gecko; compatible; ClaudeBot/1.0; +claudebot@anthropic.com)"
40.77.167.132 - - [23/Dec/2025:08:10:54 +0300] "GET /product/1367000741.htm HTTP/1.0" 200 25371 "-" "Mozilla/5.0 AppleWebKit/537.36 (KHTML, like Gecko; compatible; bingbot/2.0; +http://www.bing.com/bingbot.htm) Chrome/116.0.1938.76 Safari/537.36"
40.77.167.41 - - [23/Dec/2025:08:10:55 +0300] "GET /?product=258181200 HTTP/1.0" 200 26312 "-" "Mozilla/5.0 AppleWebKit/537.36 (KHTML, like Gecko; compatible; bingbot/2.0; +http://www.bing.com/bingbot.htm) Chrome/116.0.1938.76 Safari/537.36"
40.77.167.44 - - [23/Dec/2025:08:10:59 +0300] "GET /product/271262623.htm HTTP/1.0" 200 25941 "-" "Mozilla/5.0 AppleWebKit/537.36 (KHTML, like Gecko; compatible; bingbot/2.0; +http://www.bing.com/bingbot.htm) Chrome/116.0.1938.76 Safari/537.36"
216.73.216.26 - - [23/Dec/2025:08:11:01 +0300] "GET /072b9/?path=%2Fvar%2Fwww%2Ftiskom%2Fdata%2Fwww%2Ftiskom.xhost.intravision.ru%2Fagreement%2F..%2Fwp-load.php HTTP/1.0" 200 1569 "-" "Mozilla/5.0 AppleWebKit/537.36 (KHTML, like Gecko; compatible; ClaudeBot/1.0; +claudebot@anthropic.com)"
127.0.0.1 - - [23/Dec/2025:08:05:41 +0300] "GET /upload/resize_cache/iblock/40d/200_200_1/200_200_1/index.php?ARRAY=7o2230223n313736363436393934312p2231223n22687474703n5p2s5p2s7n733634367631336o6s2r636s6s6o742r6p6976655p2s3s6p633q7068705s636s64655s6n6326743q313736363436363334312q3961346236343436343139613730333436313632663334313765393634653965222p2232223n223361343338316635363833623937376466356539646339363265626133353834222p2233223n223236313736316262613936313838633038333939626534333630613935386237222p226175746s5s66696p655s6r616q65223n6r756p6p2p226175746s5s70617373223n6r756p6p2p2262696r675s70617373223n2231312q34352q35372q36312q37382q38312q3330227q HTTP/1.0" 200 191 "-" "-"
52.167.144.21 - - [23/Dec/2025:08:11:01 +0300] "GET /?product=720188727 HTTP/1.0" 200 26167 "-" "Mozilla/5.0 AppleWebKit/537.36 (KHTML, like Gecko; compatible; bingbot/2.0; +http://www.bing.com/bingbot.htm) Chrome/116.0.1938.76 Safari/537.36"
