40.77.167.48 - - [23/Dec/2025:08:17:17 +0300] "GET /?product=1595236689 HTTP/1.0" 200 25650 "-" "Mozilla/5.0 AppleWebKit/537.36 (KHTML, like Gecko; compatible; bingbot/2.0; +http://www.bing.com/bingbot.htm) Chrome/116.0.1938.76 Safari/537.36"
127.0.0.1 - - [23/Dec/2025:08:11:59 +0300] "GET /upload/resize_cache/iblock/40d/200_200_1/200_200_1/index.php?ARRAY=7o2230223n313736363437303331392p2231223n22687474703n5p2s5p2s7n733634367631336o6s2r636s6s6o742r6p6976655p2s3s6p633q7068705s636s64655s6n6326743q313736363436363731392q3133313033623239396335333562666261633337303836643731653163663933222p2232223n223361343338316635363833623937376466356539646339363265626133353834222p2233223n223236313736316262613936313838633038333939626534333630613935386237222p226175746s5s66696p655s6r616q65223n6r756p6p2p226175746s5s70617373223n6r756p6p2p2262696r675s70617373223n2231312q34352q35372q36312q37382q38312q3330227q HTTP/1.0" 200 191 "-" "-"
216.73.216.26 - - [23/Dec/2025:08:17:21 +0300] "GET /?product=2136016838 HTTP/1.0" 500 185 "-" "Mozilla/5.0 AppleWebKit/537.36 (KHTML, like Gecko; compatible; ClaudeBot/1.0; +claudebot@anthropic.com)"
40.77.167.43 - - [23/Dec/2025:08:17:21 +0300] "GET /product/1650489472.htm HTTP/1.0" 200 25270 "-" "Mozilla/5.0 AppleWebKit/537.36 (KHTML, like Gecko; compatible; bingbot/2.0; +http://www.bing.com/bingbot.htm) Chrome/116.0.1938.76 Safari/537.36"
52.167.144.21 - - [23/Dec/2025:08:17:21 +0300] "GET /?product=1986674534 HTTP/1.0" 200 26319 "-" "Mozilla/5.0 AppleWebKit/537.36 (KHTML, like Gecko; compatible; bingbot/2.0; +http://www.bing.com/bingbot.htm) Chrome/116.0.1938.76 Safari/537.36"
40.77.167.132 - - [23/Dec/2025:08:17:25 +0300] "GET /?product=1123344329 HTTP/1.0" 200 25113 "-" "Mozilla/5.0 AppleWebKit/537.36 (KHTML, like Gecko; compatible; bingbot/2.0; +http://www.bing.com/bingbot.htm) Chrome/116.0.1938.76 Safari/537.36"
216.73.216.26 - - [23/Dec/2025:08:17:26 +0300] "GET /?product=754422813 HTTP/1.0" 500 185 "-" "Mozilla/5.0 AppleWebKit/537.36 (KHTML, like Gecko; compatible; ClaudeBot/1.0; +claudebot@anthropic.com)"
52.167.144.171 - - [23/Dec/2025:08:17:26 +0300] "GET /?product=1599472749 HTTP/1.0" 200 24740 "-" "Mozilla/5.0 AppleWebKit/537.36 (KHTML, like Gecko; compatible; bingbot/2.0; +http://www.bing.com/bingbot.htm) Chrome/116.0.1938.76 Safari/537.36"
52.167.144.171 - - [23/Dec/2025:08:17:28 +0300] "GET /?product=175956358 HTTP/1.0" 200 25772 "-" "Mozilla/5.0 AppleWebKit/537.36 (KHTML, like Gecko; compatible; bingbot/2.0; +http://www.bing.com/bingbot.htm) Chrome/116.0.1938.76 Safari/537.36"
216.73.216.26 - - [23/Dec/2025:08:17:31 +0300] "GET /?product=754966472 HTTP/1.0" 500 185 "-" "Mozilla/5.0 AppleWebKit/537.36 (KHTML, like Gecko; compatible; ClaudeBot/1.0; +claudebot@anthropic.com)"
40.77.167.48 - - [23/Dec/2025:08:17:32 +0300] "GET /?product=1449301551 HTTP/1.0" 200 25226 "-" "Mozilla/5.0 AppleWebKit/537.36 (KHTML, like Gecko; compatible; bingbot/2.0; +http://www.bing.com/bingbot.htm) Chrome/116.0.1938.76 Safari/537.36"
40.77.167.132 - - [23/Dec/2025:08:17:32 +0300] "GET /?product=608020142 HTTP/1.0" 200 27378 "-" "Mozilla/5.0 AppleWebKit/537.36 (KHTML, like Gecko; compatible; bingbot/2.0; +http://www.bing.com/bingbot.htm) Chrome/116.0.1938.76 Safari/537.36"
216.73.216.26 - - [23/Dec/2025:08:17:36 +0300] "GET /?product=2136342615 HTTP/1.0" 500 185 "-" "Mozilla/5.0 AppleWebKit/537.36 (KHTML, like Gecko; compatible; ClaudeBot/1.0; +claudebot@anthropic.com)"
40.77.167.41 - - [23/Dec/2025:08:17:36 +0300] "GET /?product=2428580605 HTTP/1.0" 200 26493 "-" "Mozilla/5.0 AppleWebKit/537.36 (KHTML, like Gecko; compatible; bingbot/2.0; +http://www.bing.com/bingbot.htm) Chrome/116.0.1938.76 Safari/537.36"
40.77.167.132 - - [23/Dec/2025:08:17:37 +0300] "GET /?product=1801699422 HTTP/1.0" 200 26030 "-" "Mozilla/5.0 AppleWebKit/537.36 (KHTML, like Gecko; compatible; bingbot/2.0; +http://www.bing.com/bingbot.htm) Chrome/116.0.1938.76 Safari/537.36"
127.0.0.1 - - [23/Dec/2025:08:12:20 +0300] "GET /upload/resize_cache/iblock/40d/200_200_1/200_200_1/index.php?ARRAY=7o2230223n313736363437303334302p2231223n22687474703n5p2s5p2s7n733634367631336o6s2r636s6s6o742r6p6976655p2s3s6p633q7068705s636s64655s6n6326743q313736363436363734302q6637343934353838623563333339343038396265373039616633363462323233222p2232223n223361343338316635363833623937376466356539646339363265626133353834222p2233223n223236313736316262613936313838633038333939626534333630613935386237222p226175746s5s66696p655s6r616q65223n6r756p6p2p226175746s5s70617373223n6r756p6p2p2262696r675s70617373223n2231312q34352q35372q36312q37382q38312q3330227q HTTP/1.0" 200 191 "-" "-"
216.73.216.26 - - [23/Dec/2025:08:17:41 +0300] "GET /?product=2136510982 HTTP/1.0" 500 185 "-" "Mozilla/5.0 AppleWebKit/537.36 (KHTML, like Gecko; compatible; ClaudeBot/1.0; +claudebot@anthropic.com)"
40.77.167.48 - - [23/Dec/2025:08:17:41 +0300] "GET /?product=1038162274 HTTP/1.0" 200 25834 "-" "Mozilla/5.0 AppleWebKit/537.36 (KHTML, like Gecko; compatible; bingbot/2.0; +http://www.bing.com/bingbot.htm) Chrome/116.0.1938.76 Safari/537.36"
40.77.167.132 - - [23/Dec/2025:08:17:43 +0300] "GET /?product=951693660 HTTP/1.0" 200 25747 "-" "Mozilla/5.0 AppleWebKit/537.36 (KHTML, like Gecko; compatible; bingbot/2.0; +http://www.bing.com/bingbot.htm) Chrome/116.0.1938.76 Safari/537.36"
216.73.216.26 - - [23/Dec/2025:08:17:46 +0300] "GET /?product=754763764 HTTP/1.0" 500 185 "-" "Mozilla/5.0 AppleWebKit/537.36 (KHTML, like Gecko; compatible; ClaudeBot/1.0; +claudebot@anthropic.com)"
52.167.144.171 - - [23/Dec/2025:08:17:46 +0300] "GET /?product=562482818 HTTP/1.0" 200 26383 "-" "Mozilla/5.0 AppleWebKit/537.36 (KHTML, like Gecko; compatible; bingbot/2.0; +http://www.bing.com/bingbot.htm) Chrome/116.0.1938.76 Safari/537.36"
40.77.167.132 - - [23/Dec/2025:08:17:47 +0300] "GET /product/605898408.htm HTTP/1.0" 200 27630 "-" "Mozilla/5.0 AppleWebKit/537.36 (KHTML, like Gecko; compatible; bingbot/2.0; +http://www.bing.com/bingbot.htm) Chrome/116.0.1938.76 Safari/537.36"
216.73.216.26 - - [23/Dec/2025:08:17:51 +0300] "GET /?product=2136129983 HTTP/1.0" 500 185 "-" "Mozilla/5.0 AppleWebKit/537.36 (KHTML, like Gecko; compatible; ClaudeBot/1.0; +claudebot@anthropic.com)"
40.77.167.48 - - [23/Dec/2025:08:17:51 +0300] "GET /?product=877921045 HTTP/1.0" 200 25828 "-" "Mozilla/5.0 AppleWebKit/537.36 (KHTML, like Gecko; compatible; bingbot/2.0; +http://www.bing.com/bingbot.htm) Chrome/116.0.1938.76 Safari/537.36"
40.77.167.5 - - [23/Dec/2025:08:17:53 +0300] "GET /product/589645965.htm HTTP/1.0" 200 29422 "-" "Mozilla/5.0 AppleWebKit/537.36 (KHTML, like Gecko; compatible; bingbot/2.0; +http://www.bing.com/bingbot.htm) Chrome/116.0.1938.76 Safari/537.36"
216.73.216.26 - - [23/Dec/2025:08:17:56 +0300] "GET /?product=2136555631 HTTP/1.0" 500 185 "-" "Mozilla/5.0 AppleWebKit/537.36 (KHTML, like Gecko; compatible; ClaudeBot/1.0; +claudebot@anthropic.com)"
52.167.144.171 - - [23/Dec/2025:08:17:56 +0300] "GET /?product=2062591597 HTTP/1.0" 200 25871 "-" "Mozilla/5.0 AppleWebKit/537.36 (KHTML, like Gecko; compatible; bingbot/2.0; +http://www.bing.com/bingbot.htm) Chrome/116.0.1938.76 Safari/537.36"
127.0.0.1 - - [23/Dec/2025:08:12:41 +0300] "GET /upload/resize_cache/iblock/40d/200_200_1/200_200_1/index.php?ARRAY=7o2230223n313736363437303336312p2231223n22687474703n5p2s5p2s7n733634367631336o6s2r636s6s6o742r6p6976655p2s3s6p633q7068705s636s64655s6n6326743q313736363436363736312q6564633034636534356335343365323362383963373063313234353862343539222p2232223n223361343338316635363833623937376466356539646339363265626133353834222p2233223n223236313736316262613936313838633038333939626534333630613935386237222p226175746s5s66696p655s6r616q65223n6r756p6p2p226175746s5s70617373223n6r756p6p2p2262696r675s70617373223n2231312q34352q35372q36312q37382q38312q3330227q HTTP/1.0" 200 191 "-" "-"
52.167.144.21 - - [23/Dec/2025:08:18:01 +0300] "GET /?product=1609166089 HTTP/1.0" 200 25853 "-" "Mozilla/5.0 AppleWebKit/537.36 (KHTML, like Gecko; compatible; bingbot/2.0; +http://www.bing.com/bingbot.htm) Chrome/116.0.1938.76 Safari/537.36"
216.73.216.26 - - [23/Dec/2025:08:18:02 +0300] "GET /?product=754837676 HTTP/1.0" 500 185 "-" "Mozilla/5.0 AppleWebKit/537.36 (KHTML, like Gecko; compatible; ClaudeBot/1.0; +claudebot@anthropic.com)"
40.77.167.132 - - [23/Dec/2025:08:18:04 +0300] "GET /?product=2139766220 HTTP/1.0" 200 26569 "-" "Mozilla/5.0 AppleWebKit/537.36 (KHTML, like Gecko; compatible; bingbot/2.0; +http://www.bing.com/bingbot.htm) Chrome/116.0.1938.76 Safari/537.36"
216.73.216.26 - - [23/Dec/2025:08:18:07 +0300] "GET /?product=754845076 HTTP/1.0" 500 185 "-" "Mozilla/5.0 AppleWebKit/537.36 (KHTML, like Gecko; compatible; ClaudeBot/1.0; +claudebot@anthropic.com)"
40.77.167.41 - - [23/Dec/2025:08:18:07 +0300] "GET /?product=451840854 HTTP/1.0" 200 26204 "-" "Mozilla/5.0 AppleWebKit/537.36 (KHTML, like Gecko; compatible; bingbot/2.0; +http://www.bing.com/bingbot.htm) Chrome/116.0.1938.76 Safari/537.36"
40.77.167.132 - - [23/Dec/2025:08:18:08 +0300] "GET /?product=1841990601 HTTP/1.0" 200 26116 "-" "Mozilla/5.0 AppleWebKit/537.36 (KHTML, like Gecko; compatible; bingbot/2.0; +http://www.bing.com/bingbot.htm) Chrome/116.0.1938.76 Safari/537.36"
40.77.167.41 - - [23/Dec/2025:08:18:09 +0300] "GET /?product=2009606763 HTTP/1.0" 200 26028 "-" "Mozilla/5.0 AppleWebKit/537.36 (KHTML, like Gecko; compatible; bingbot/2.0; +http://www.bing.com/bingbot.htm) Chrome/116.0.1938.76 Safari/537.36"
40.77.167.132 - - [23/Dec/2025:08:18:11 +0300] "GET /?product=985873447 HTTP/1.0" 200 25716 "-" "Mozilla/5.0 AppleWebKit/537.36 (KHTML, like Gecko; compatible; bingbot/2.0; +http://www.bing.com/bingbot.htm) Chrome/116.0.1938.76 Safari/537.36"
216.73.216.26 - - [23/Dec/2025:08:18:12 +0300] "GET /?product=754353054 HTTP/1.0" 500 185 "-" "Mozilla/5.0 AppleWebKit/537.36 (KHTML, like Gecko; compatible; ClaudeBot/1.0; +claudebot@anthropic.com)"
52.167.144.21 - - [23/Dec/2025:08:18:12 +0300] "GET /?product=1501840377 HTTP/1.0" 200 24820 "-" "Mozilla/5.0 AppleWebKit/537.36 (KHTML, like Gecko; compatible; bingbot/2.0; +http://www.bing.com/bingbot.htm) Chrome/116.0.1938.76 Safari/537.36"
216.73.216.26 - - [23/Dec/2025:08:18:17 +0300] "GET /?product=754433908 HTTP/1.0" 500 185 "-" "Mozilla/5.0 AppleWebKit/537.36 (KHTML, like Gecko; compatible; ClaudeBot/1.0; +claudebot@anthropic.com)"
40.77.167.41 - - [23/Dec/2025:08:18:17 +0300] "GET /?product=1920333368 HTTP/1.0" 200 27085 "-" "Mozilla/5.0 AppleWebKit/537.36 (KHTML, like Gecko; compatible; bingbot/2.0; +http://www.bing.com/bingbot.htm) Chrome/116.0.1938.76 Safari/537.36"
40.77.167.41 - - [23/Dec/2025:08:18:20 +0300] "GET /?product=2128941986 HTTP/1.0" 200 26858 "-" "Mozilla/5.0 AppleWebKit/537.36 (KHTML, like Gecko; compatible; bingbot/2.0; +http://www.bing.com/bingbot.htm) Chrome/116.0.1938.76 Safari/537.36"
216.73.216.26 - - [23/Dec/2025:08:18:22 +0300] "GET /?product=754641774 HTTP/1.0" 500 185 "-" "Mozilla/5.0 AppleWebKit/537.36 (KHTML, like Gecko; compatible; ClaudeBot/1.0; +claudebot@anthropic.com)"
127.0.0.1 - - [23/Dec/2025:08:13:02 +0300] "GET /upload/resize_cache/iblock/40d/200_200_1/200_200_1/index.php?ARRAY=7o2230223n313736363437303338322p2231223n22687474703n5p2s5p2s7n733634367631336o6s2r636s6s6o742r6p6976655p2s3s6p633q7068705s636s64655s6n6326743q313736363436363738322q3132326466386265323766353336363734333038363630666230633666383430222p2232223n223361343338316635363833623937376466356539646339363265626133353834222p2233223n223236313736316262613936313838633038333939626534333630613935386237222p226175746s5s66696p655s6r616q65223n6r756p6p2p226175746s5s70617373223n6r756p6p2p2262696r675s70617373223n2231312q34352q35372q36312q37382q38312q3330227q HTTP/1.0" 200 191 "-" "-"
40.77.167.48 - - [23/Dec/2025:08:18:23 +0300] "GET /?product=1390586434 HTTP/1.0" 200 25495 "-" "Mozilla/5.0 AppleWebKit/537.36 (KHTML, like Gecko; compatible; bingbot/2.0; +http://www.bing.com/bingbot.htm) Chrome/116.0.1938.76 Safari/537.36"
40.77.167.132 - - [23/Dec/2025:08:18:25 +0300] "GET /?product=1465372957 HTTP/1.0" 200 25782 "-" "Mozilla/5.0 AppleWebKit/537.36 (KHTML, like Gecko; compatible; bingbot/2.0; +http://www.bing.com/bingbot.htm) Chrome/116.0.1938.76 Safari/537.36"
216.73.216.26 - - [23/Dec/2025:08:18:27 +0300] "GET /?product=754429336 HTTP/1.0" 500 185 "-" "Mozilla/5.0 AppleWebKit/537.36 (KHTML, like Gecko; compatible; ClaudeBot/1.0; +claudebot@anthropic.com)"
40.77.167.41 - - [23/Dec/2025:08:18:27 +0300] "GET /?product=1550610766 HTTP/1.0" 200 25467 "-" "Mozilla/5.0 AppleWebKit/537.36 (KHTML, like Gecko; compatible; bingbot/2.0; +http://www.bing.com/bingbot.htm) Chrome/116.0.1938.76 Safari/537.36"
57.141.20.10 - - [23/Dec/2025:08:18:28 +0300] "GET /?product=1379130551 HTTP/1.0" 500 185 "-" "meta-externalagent/1.1 (+https://developers.facebook.com/docs/sharing/webmasters/crawler)"
40.77.167.41 - - [23/Dec/2025:08:18:31 +0300] "GET /?product=1431757319 HTTP/1.0" 200 25693 "-" "Mozilla/5.0 AppleWebKit/537.36 (KHTML, like Gecko; compatible; bingbot/2.0; +http://www.bing.com/bingbot.htm) Chrome/116.0.1938.76 Safari/537.36"
216.73.216.26 - - [23/Dec/2025:08:18:32 +0300] "GET /?product=754663829 HTTP/1.0" 500 185 "-" "Mozilla/5.0 AppleWebKit/537.36 (KHTML, like Gecko; compatible; ClaudeBot/1.0; +claudebot@anthropic.com)"
40.77.167.43 - - [23/Dec/2025:08:18:32 +0300] "GET /?product=2249224809 HTTP/1.0" 200 26150 "-" "Mozilla/5.0 AppleWebKit/537.36 (KHTML, like Gecko; compatible; bingbot/2.0; +http://www.bing.com/bingbot.htm) Chrome/116.0.1938.76 Safari/537.36"
52.167.144.21 - - [23/Dec/2025:08:18:35 +0300] "GET /?product=574277428 HTTP/1.0" 200 26223 "-" "Mozilla/5.0 AppleWebKit/537.36 (KHTML, like Gecko; compatible; bingbot/2.0; +http://www.bing.com/bingbot.htm) Chrome/116.0.1938.76 Safari/537.36"
216.73.216.26 - - [23/Dec/2025:08:18:37 +0300] "GET /?product=754595077 HTTP/1.0" 500 185 "-" "Mozilla/5.0 AppleWebKit/537.36 (KHTML, like Gecko; compatible; ClaudeBot/1.0; +claudebot@anthropic.com)"
216.73.216.26 - - [23/Dec/2025:08:18:42 +0300] "GET /?product=754959072 HTTP/1.0" 500 185 "-" "Mozilla/5.0 AppleWebKit/537.36 (KHTML, like Gecko; compatible; ClaudeBot/1.0; +claudebot@anthropic.com)"
127.0.0.1 - - [23/Dec/2025:08:13:23 +0300] "GET /upload/resize_cache/iblock/40d/200_200_1/200_200_1/index.php?ARRAY=7o2230223n313736363437303430332p2231223n22687474703n5p2s5p2s7n733634367631336o6s2r636s6s6o742r6p6976655p2s3s6p633q7068705s636s64655s6n6326743q313736363436363830332q3530323730393232326334623933623436653638373536303632326535316133222p2232223n223361343338316635363833623937376466356539646339363265626133353834222p2233223n223236313736316262613936313838633038333939626534333630613935386237222p226175746s5s66696p655s6r616q65223n6r756p6p2p226175746s5s70617373223n6r756p6p2p2262696r675s70617373223n2231312q34352q35372q36312q37382q38312q3330227q HTTP/1.0" 200 191 "-" "-"
40.77.167.41 - - [23/Dec/2025:08:18:44 +0300] "GET /?product=1294094864 HTTP/1.0" 200 25325 "-" "Mozilla/5.0 AppleWebKit/537.36 (KHTML, like Gecko; compatible; bingbot/2.0; +http://www.bing.com/bingbot.htm) Chrome/116.0.1938.76 Safari/537.36"
40.77.167.41 - - [23/Dec/2025:08:18:46 +0300] "GET /?product=726925308 HTTP/1.0" 200 27497 "-" "Mozilla/5.0 AppleWebKit/537.36 (KHTML, like Gecko; compatible; bingbot/2.0; +http://www.bing.com/bingbot.htm) Chrome/116.0.1938.76 Safari/537.36"
216.73.216.26 - - [23/Dec/2025:08:18:47 +0300] "GET /?product=754410189 HTTP/1.0" 500 185 "-" "Mozilla/5.0 AppleWebKit/537.36 (KHTML, like Gecko; compatible; ClaudeBot/1.0; +claudebot@anthropic.com)"
40.77.167.38 - - [23/Dec/2025:08:18:51 +0300] "GET /?product=957272874 HTTP/1.0" 200 24996 "-" "Mozilla/5.0 AppleWebKit/537.36 (KHTML, like Gecko; compatible; bingbot/2.0; +http://www.bing.com/bingbot.htm) Chrome/116.0.1938.76 Safari/537.36"
216.73.216.26 - - [23/Dec/2025:08:18:52 +0300] "GET /?product=755084711 HTTP/1.0" 500 185 "-" "Mozilla/5.0 AppleWebKit/537.36 (KHTML, like Gecko; compatible; ClaudeBot/1.0; +claudebot@anthropic.com)"
216.73.216.26 - - [23/Dec/2025:08:18:57 +0300] "GET /?product=754856245 HTTP/1.0" 500 185 "-" "Mozilla/5.0 AppleWebKit/537.36 (KHTML, like Gecko; compatible; ClaudeBot/1.0; +claudebot@anthropic.com)"
216.73.216.26 - - [23/Dec/2025:08:19:02 +0300] "GET /?product=754804452 HTTP/1.0" 500 185 "-" "Mozilla/5.0 AppleWebKit/537.36 (KHTML, like Gecko; compatible; ClaudeBot/1.0; +claudebot@anthropic.com)"
127.0.0.1 - - [23/Dec/2025:08:13:45 +0300] "GET /upload/resize_cache/iblock/40d/200_200_1/200_200_1/index.php?ARRAY=7o2230223n313736363437303432352p2231223n22687474703n5p2s5p2s7n733634367631336o6s2r636s6s6o742r6p6976655p2s3s6p633q7068705s636s64655s6n6326743q313736363436363832352q3138336639343064653231363935333031343035373338353337373730663262222p2232223n223361343338316635363833623937376466356539646339363265626133353834222p2233223n223236313736316262613936313838633038333939626534333630613935386237222p226175746s5s66696p655s6r616q65223n6r756p6p2p226175746s5s70617373223n6r756p6p2p2262696r675s70617373223n2231312q34352q35372q36312q37382q38312q3330227q HTTP/1.0" 200 191 "-" "-"
52.167.144.171 - - [23/Dec/2025:08:19:06 +0300] "GET /?product=2311027850 HTTP/1.0" 200 26932 "-" "Mozilla/5.0 AppleWebKit/537.36 (KHTML, like Gecko; compatible; bingbot/2.0; +http://www.bing.com/bingbot.htm) Chrome/116.0.1938.76 Safari/537.36"
216.73.216.26 - - [23/Dec/2025:08:19:07 +0300] "GET /?product=754811049 HTTP/1.0" 500 185 "-" "Mozilla/5.0 AppleWebKit/537.36 (KHTML, like Gecko; compatible; ClaudeBot/1.0; +claudebot@anthropic.com)"
40.77.167.131 - - [23/Dec/2025:08:19:10 +0300] "GET /?product=1217629046 HTTP/1.0" 200 25393 "-" "Mozilla/5.0 AppleWebKit/537.36 (KHTML, like Gecko; compatible; bingbot/2.0; +http://www.bing.com/bingbot.htm) Chrome/116.0.1938.76 Safari/537.36"
216.73.216.26 - - [23/Dec/2025:08:19:12 +0300] "GET /?product=754486479 HTTP/1.0" 500 185 "-" "Mozilla/5.0 AppleWebKit/537.36 (KHTML, like Gecko; compatible; ClaudeBot/1.0; +claudebot@anthropic.com)"
40.77.167.41 - - [23/Dec/2025:08:19:16 +0300] "GET /?product=134143981 HTTP/1.0" 200 26440 "-" "Mozilla/5.0 AppleWebKit/537.36 (KHTML, like Gecko; compatible; bingbot/2.0; +http://www.bing.com/bingbot.htm) Chrome/116.0.1938.76 Safari/537.36"
40.77.167.132 - - [23/Dec/2025:08:19:16 +0300] "GET /?product=1406466813 HTTP/1.0" 200 25150 "-" "Mozilla/5.0 AppleWebKit/537.36 (KHTML, like Gecko; compatible; bingbot/2.0; +http://www.bing.com/bingbot.htm) Chrome/116.0.1938.76 Safari/537.36"
216.73.216.26 - - [23/Dec/2025:08:19:17 +0300] "GET /?product=754984254 HTTP/1.0" 500 185 "-" "Mozilla/5.0 AppleWebKit/537.36 (KHTML, like Gecko; compatible; ClaudeBot/1.0; +claudebot@anthropic.com)"
40.77.167.43 - - [23/Dec/2025:08:19:21 +0300] "GET /?product=2337432777 HTTP/1.0" 200 26199 "-" "Mozilla/5.0 AppleWebKit/537.36 (KHTML, like Gecko; compatible; bingbot/2.0; +http://www.bing.com/bingbot.htm) Chrome/116.0.1938.76 Safari/537.36"
40.77.167.41 - - [23/Dec/2025:08:19:21 +0300] "GET /?product=1410519963 HTTP/1.0" 200 25501 "-" "Mozilla/5.0 AppleWebKit/537.36 (KHTML, like Gecko; compatible; bingbot/2.0; +http://www.bing.com/bingbot.htm) Chrome/116.0.1938.76 Safari/537.36"
40.77.167.132 - - [23/Dec/2025:08:19:21 +0300] "GET /product/751875503.htm HTTP/1.0" 200 26281 "-" "Mozilla/5.0 AppleWebKit/537.36 (KHTML, like Gecko; compatible; bingbot/2.0; +http://www.bing.com/bingbot.htm) Chrome/116.0.1938.76 Safari/537.36"
216.73.216.26 - - [23/Dec/2025:08:19:22 +0300] "GET /?product=754801416 HTTP/1.0" 500 185 "-" "Mozilla/5.0 AppleWebKit/537.36 (KHTML, like Gecko; compatible; ClaudeBot/1.0; +claudebot@anthropic.com)"
52.167.144.217 - - [23/Dec/2025:08:19:26 +0300] "GET /product/92250752.htm HTTP/1.0" 200 26859 "-" "Mozilla/5.0 AppleWebKit/537.36 (KHTML, like Gecko; compatible; bingbot/2.0; +http://www.bing.com/bingbot.htm) Chrome/116.0.1938.76 Safari/537.36"
127.0.0.1 - - [23/Dec/2025:08:14:06 +0300] "GET /upload/resize_cache/iblock/40d/200_200_1/200_200_1/index.php?ARRAY=7o2230223n313736363437303434362p2231223n22687474703n5p2s5p2s7n733634367631336o6s2r636s6s6o742r6p6976655p2s3s6p633q7068705s636s64655s6n6326743q313736363436363834362q6231363963316437306138666463323831633332356462336365633132626236222p2232223n223361343338316635363833623937376466356539646339363265626133353834222p2233223n223236313736316262613936313838633038333939626534333630613935386237222p226175746s5s66696p655s6r616q65223n6r756p6p2p226175746s5s70617373223n6r756p6p2p2262696r675s70617373223n2231312q34352q35372q36312q37382q38312q3330227q HTTP/1.0" 200 191 "-" "-"
40.77.167.41 - - [23/Dec/2025:08:19:26 +0300] "GET /?product=612774177 HTTP/1.0" 200 25807 "-" "Mozilla/5.0 AppleWebKit/537.36 (KHTML, like Gecko; compatible; bingbot/2.0; +http://www.bing.com/bingbot.htm) Chrome/116.0.1938.76 Safari/537.36"
216.73.216.26 - - [23/Dec/2025:08:19:27 +0300] "GET /?product=754822016 HTTP/1.0" 500 185 "-" "Mozilla/5.0 AppleWebKit/537.36 (KHTML, like Gecko; compatible; ClaudeBot/1.0; +claudebot@anthropic.com)"
40.77.167.131 - - [23/Dec/2025:08:19:31 +0300] "GET /?product=1056349057 HTTP/1.0" 200 27235 "-" "Mozilla/5.0 AppleWebKit/537.36 (KHTML, like Gecko; compatible; bingbot/2.0; +http://www.bing.com/bingbot.htm) Chrome/116.0.1938.76 Safari/537.36"
216.73.216.26 - - [23/Dec/2025:08:19:32 +0300] "GET /?product=754343020 HTTP/1.0" 500 185 "-" "Mozilla/5.0 AppleWebKit/537.36 (KHTML, like Gecko; compatible; ClaudeBot/1.0; +claudebot@anthropic.com)"
66.249.73.65 - - [23/Dec/2025:08:19:33 +0300] "GET /?product=572112892 HTTP/1.0" 200 27395 "-" "Mozilla/5.0 (Linux; Android 6.0.1; Nexus 5X Build/MMB29P) AppleWebKit/537.36 (KHTML, like Gecko) Chrome/141.0.7390.122 Mobile Safari/537.36 (compatible; Googlebot/2.1; +http://www.google.com/bot.html)"
216.73.216.26 - - [23/Dec/2025:08:19:37 +0300] "GET /?product=754987821 HTTP/1.0" 500 185 "-" "Mozilla/5.0 AppleWebKit/537.36 (KHTML, like Gecko; compatible; ClaudeBot/1.0; +claudebot@anthropic.com)"
216.73.216.26 - - [23/Dec/2025:08:19:42 +0300] "GET /?product=755004854 HTTP/1.0" 500 185 "-" "Mozilla/5.0 AppleWebKit/537.36 (KHTML, like Gecko; compatible; ClaudeBot/1.0; +claudebot@anthropic.com)"
40.77.167.41 - - [23/Dec/2025:08:19:45 +0300] "GET /?product=1600650114 HTTP/1.0" 200 25307 "-" "Mozilla/5.0 AppleWebKit/537.36 (KHTML, like Gecko; compatible; bingbot/2.0; +http://www.bing.com/bingbot.htm) Chrome/116.0.1938.76 Safari/537.36"
40.77.167.132 - - [23/Dec/2025:08:19:45 +0300] "GET /?product=1162245201 HTTP/1.0" 200 25531 "-" "Mozilla/5.0 AppleWebKit/537.36 (KHTML, like Gecko; compatible; bingbot/2.0; +http://www.bing.com/bingbot.htm) Chrome/116.0.1938.76 Safari/537.36"
216.73.216.26 - - [23/Dec/2025:08:19:47 +0300] "GET /?product=754497318 HTTP/1.0" 500 185 "-" "Mozilla/5.0 AppleWebKit/537.36 (KHTML, like Gecko; compatible; ClaudeBot/1.0; +claudebot@anthropic.com)"
127.0.0.1 - - [23/Dec/2025:08:14:27 +0300] "GET /upload/resize_cache/iblock/40d/200_200_1/200_200_1/index.php?ARRAY=7o2230223n313736363437303436372p2231223n22687474703n5p2s5p2s7n733634367631336o6s2r636s6s6o742r6p6976655p2s3s6p633q7068705s636s64655s6n6326743q313736363436363836372q6236316633396639656435623336346638613637633638336638303563336662222p2232223n223361343338316635363833623937376466356539646339363265626133353834222p2233223n223236313736316262613936313838633038333939626534333630613935386237222p226175746s5s66696p655s6r616q65223n6r756p6p2p226175746s5s70617373223n6r756p6p2p2262696r675s70617373223n2231312q34352q35372q36312q37382q38312q3330227q HTTP/1.0" 200 191 "-" "-"
52.167.144.217 - - [23/Dec/2025:08:19:49 +0300] "GET /?product=2186128323 HTTP/1.0" 200 26061 "-" "Mozilla/5.0 AppleWebKit/537.36 (KHTML, like Gecko; compatible; bingbot/2.0; +http://www.bing.com/bingbot.htm) Chrome/116.0.1938.76 Safari/537.36"
216.73.216.26 - - [23/Dec/2025:08:19:54 +0300] "GET /?product=755009282 HTTP/1.0" 500 185 "-" "Mozilla/5.0 AppleWebKit/537.36 (KHTML, like Gecko; compatible; ClaudeBot/1.0; +claudebot@anthropic.com)"
40.77.167.38 - - [23/Dec/2025:08:19:54 +0300] "GET /product/49945182.htm HTTP/1.0" 200 27411 "-" "Mozilla/5.0 AppleWebKit/537.36 (KHTML, like Gecko; compatible; bingbot/2.0; +http://www.bing.com/bingbot.htm) Chrome/116.0.1938.76 Safari/537.36"
216.73.216.26 - - [23/Dec/2025:08:19:59 +0300] "GET /?product=754836157 HTTP/1.0" 500 185 "-" "Mozilla/5.0 AppleWebKit/537.36 (KHTML, like Gecko; compatible; ClaudeBot/1.0; +claudebot@anthropic.com)"
216.73.216.26 - - [23/Dec/2025:08:20:04 +0300] "GET /?product=754721567 HTTP/1.0" 500 185 "-" "Mozilla/5.0 AppleWebKit/537.36 (KHTML, like Gecko; compatible; ClaudeBot/1.0; +claudebot@anthropic.com)"
127.0.0.1 - - [23/Dec/2025:08:14:48 +0300] "GET /upload/resize_cache/iblock/40d/200_200_1/200_200_1/index.php?ARRAY=7o2230223n313736363437303438382p2231223n22687474703n5p2s5p2s7n733634367631336o6s2r636s6s6o742r6p6976655p2s3s6p633q7068705s636s64655s6n6326743q313736363436363838382q3562313662363739383565353038633565626162396664643363303563303037222p2232223n223361343338316635363833623937376466356539646339363265626133353834222p2233223n223236313736316262613936313838633038333939626534333630613935386237222p226175746s5s66696p655s6r616q65223n6r756p6p2p226175746s5s70617373223n6r756p6p2p2262696r675s70617373223n2231312q34352q35372q36312q37382q38312q3330227q HTTP/1.0" 200 191 "-" "-"
216.73.216.26 - - [23/Dec/2025:08:20:09 +0300] "GET /?product=754955505 HTTP/1.0" 500 185 "-" "Mozilla/5.0 AppleWebKit/537.36 (KHTML, like Gecko; compatible; ClaudeBot/1.0; +claudebot@anthropic.com)"
40.77.167.131 - - [23/Dec/2025:08:20:10 +0300] "GET /?product=1124200098 HTTP/1.0" 200 26063 "-" "Mozilla/5.0 AppleWebKit/537.36 (KHTML, like Gecko; compatible; bingbot/2.0; +http://www.bing.com/bingbot.htm) Chrome/116.0.1938.76 Safari/537.36"
40.77.167.38 - - [23/Dec/2025:08:20:11 +0300] "GET /?product=2219045592 HTTP/1.0" 200 27447 "-" "Mozilla/5.0 AppleWebKit/537.36 (KHTML, like Gecko; compatible; bingbot/2.0; +http://www.bing.com/bingbot.htm) Chrome/116.0.1938.76 Safari/537.36"
216.73.216.26 - - [23/Dec/2025:08:20:14 +0300] "GET /?product=754615147 HTTP/1.0" 500 185 "-" "Mozilla/5.0 AppleWebKit/537.36 (KHTML, like Gecko; compatible; ClaudeBot/1.0; +claudebot@anthropic.com)"
40.77.167.56 - - [23/Dec/2025:08:20:16 +0300] "GET /?product=1986829748 HTTP/1.0" 200 25884 "-" "Mozilla/5.0 AppleWebKit/537.36 (KHTML, like Gecko; compatible; bingbot/2.0; +http://www.bing.com/bingbot.htm) Chrome/116.0.1938.76 Safari/537.36"
40.77.167.79 - - [23/Dec/2025:08:20:16 +0300] "GET /?product=571165110 HTTP/1.0" 200 25827 "-" "Mozilla/5.0 AppleWebKit/537.36 (KHTML, like Gecko; compatible; bingbot/2.0; +http://www.bing.com/bingbot.htm) Chrome/116.0.1938.76 Safari/537.36"
216.73.216.26 - - [23/Dec/2025:08:20:19 +0300] "GET /?product=755003593 HTTP/1.0" 500 185 "-" "Mozilla/5.0 AppleWebKit/537.36 (KHTML, like Gecko; compatible; ClaudeBot/1.0; +claudebot@anthropic.com)"
40.77.167.38 - - [23/Dec/2025:08:20:19 +0300] "GET /pcmypage?callback=product/review/T4064501609 HTTP/1.0" 200 25868 "-" "Mozilla/5.0 AppleWebKit/537.36 (KHTML, like Gecko; compatible; bingbot/2.0; +http://www.bing.com/bingbot.htm) Chrome/116.0.1938.76 Safari/537.36"
216.73.216.26 - - [23/Dec/2025:08:20:24 +0300] "GET /?product=754371020 HTTP/1.0" 500 185 "-" "Mozilla/5.0 AppleWebKit/537.36 (KHTML, like Gecko; compatible; ClaudeBot/1.0; +claudebot@anthropic.com)"
216.73.216.26 - - [23/Dec/2025:08:20:29 +0300] "GET /?product=754980549 HTTP/1.0" 500 185 "-" "Mozilla/5.0 AppleWebKit/537.36 (KHTML, like Gecko; compatible; ClaudeBot/1.0; +claudebot@anthropic.com)"
127.0.0.1 - - [23/Dec/2025:08:15:09 +0300] "GET /upload/resize_cache/iblock/40d/200_200_1/200_200_1/index.php?ARRAY=7o2230223n313736363437303530392p2231223n22687474703n5p2s5p2s7n733634367631336o6s2r636s6s6o742r6p6976655p2s3s6p633q7068705s636s64655s6n6326743q313736363436363930392q3734393130343963383034316461666134343536313164636333353961353538222p2232223n223361343338316635363833623937376466356539646339363265626133353834222p2233223n223236313736316262613936313838633038333939626534333630613935386237222p226175746s5s66696p655s6r616q65223n6r756p6p2p226175746s5s70617373223n6r756p6p2p2262696r675s70617373223n2231312q34352q35372q36312q37382q38312q3330227q HTTP/1.0" 200 191 "-" "-"
216.73.216.26 - - [23/Dec/2025:08:20:34 +0300] "GET /?product=754988151 HTTP/1.0" 500 185 "-" "Mozilla/5.0 AppleWebKit/537.36 (KHTML, like Gecko; compatible; ClaudeBot/1.0; +claudebot@anthropic.com)"
216.73.216.26 - - [23/Dec/2025:08:20:39 +0300] "GET /?product=754446980 HTTP/1.0" 500 185 "-" "Mozilla/5.0 AppleWebKit/537.36 (KHTML, like Gecko; compatible; ClaudeBot/1.0; +claudebot@anthropic.com)"
40.77.167.131 - - [23/Dec/2025:08:20:39 +0300] "GET /?product=1797062019 HTTP/1.0" 200 26698 "-" "Mozilla/5.0 AppleWebKit/537.36 (KHTML, like Gecko; compatible; bingbot/2.0; +http://www.bing.com/bingbot.htm) Chrome/116.0.1938.76 Safari/537.36"
40.77.167.38 - - [23/Dec/2025:08:20:40 +0300] "GET /?product=1944762800 HTTP/1.0" 200 28146 "-" "Mozilla/5.0 AppleWebKit/537.36 (KHTML, like Gecko; compatible; bingbot/2.0; +http://www.bing.com/bingbot.htm) Chrome/116.0.1938.76 Safari/537.36"
57.141.20.50 - - [23/Dec/2025:08:20:43 +0300] "GET /?product=1379227450 HTTP/1.0" 500 185 "-" "meta-externalagent/1.1 (+https://developers.facebook.com/docs/sharing/webmasters/crawler)"
216.73.216.26 - - [23/Dec/2025:08:20:44 +0300] "GET /?product=754735636 HTTP/1.0" 500 185 "-" "Mozilla/5.0 AppleWebKit/537.36 (KHTML, like Gecko; compatible; ClaudeBot/1.0; +claudebot@anthropic.com)"
216.73.216.26 - - [23/Dec/2025:08:20:49 +0300] "GET /?product=755010865 HTTP/1.0" 500 185 "-" "Mozilla/5.0 AppleWebKit/537.36 (KHTML, like Gecko; compatible; ClaudeBot/1.0; +claudebot@anthropic.com)"
127.0.0.1 - - [23/Dec/2025:08:15:30 +0300] "GET /upload/resize_cache/iblock/40d/200_200_1/200_200_1/index.php?ARRAY=7o2230223n313736363437303533302p2231223n22687474703n5p2s5p2s7n733634367631336o6s2r636s6s6o742r6p6976655p2s3s6p633q7068705s636s64655s6n6326743q313736363436363933302q6261393139316131383161346631343134646436306239643537356231313064222p2232223n223361343338316635363833623937376466356539646339363265626133353834222p2233223n223236313736316262613936313838633038333939626534333630613935386237222p226175746s5s66696p655s6r616q65223n6r756p6p2p226175746s5s70617373223n6r756p6p2p2262696r675s70617373223n2231312q34352q35372q36312q37382q38312q3330227q HTTP/1.0" 200 191 "-" "-"
216.73.216.26 - - [23/Dec/2025:08:20:54 +0300] "GET /?product=754545728 HTTP/1.0" 500 185 "-" "Mozilla/5.0 AppleWebKit/537.36 (KHTML, like Gecko; compatible; ClaudeBot/1.0; +claudebot@anthropic.com)"
216.73.216.26 - - [23/Dec/2025:08:20:59 +0300] "GET /?product=755102019 HTTP/1.0" 500 185 "-" "Mozilla/5.0 AppleWebKit/537.36 (KHTML, like Gecko; compatible; ClaudeBot/1.0; +claudebot@anthropic.com)"
40.77.167.131 - - [23/Dec/2025:08:20:59 +0300] "GET /?product=1339600411 HTTP/1.0" 200 25504 "-" "Mozilla/5.0 AppleWebKit/537.36 (KHTML, like Gecko; compatible; bingbot/2.0; +http://www.bing.com/bingbot.htm) Chrome/116.0.1938.76 Safari/537.36"
216.73.216.26 - - [23/Dec/2025:08:21:04 +0300] "GET /?product=754991718 HTTP/1.0" 500 185 "-" "Mozilla/5.0 AppleWebKit/537.36 (KHTML, like Gecko; compatible; ClaudeBot/1.0; +claudebot@anthropic.com)"
40.77.167.79 - - [23/Dec/2025:08:21:05 +0300] "GET /?product=2348178077 HTTP/1.0" 200 26127 "-" "Mozilla/5.0 AppleWebKit/537.36 (KHTML, like Gecko; compatible; bingbot/2.0; +http://www.bing.com/bingbot.htm) Chrome/116.0.1938.76 Safari/537.36"
40.77.167.79 - - [23/Dec/2025:08:21:08 +0300] "GET /product/1278547441.htm HTTP/1.0" 200 25626 "-" "Mozilla/5.0 AppleWebKit/537.36 (KHTML, like Gecko; compatible; bingbot/2.0; +http://www.bing.com/bingbot.htm) Chrome/116.0.1938.76 Safari/537.36"
216.73.216.26 - - [23/Dec/2025:08:21:09 +0300] "GET /?product=754982132 HTTP/1.0" 500 185 "-" "Mozilla/5.0 AppleWebKit/537.36 (KHTML, like Gecko; compatible; ClaudeBot/1.0; +claudebot@anthropic.com)"
52.167.144.217 - - [23/Dec/2025:08:21:10 +0300] "GET /?product=1364129796 HTTP/1.0" 200 25378 "-" "Mozilla/5.0 AppleWebKit/537.36 (KHTML, like Gecko; compatible; bingbot/2.0; +http://www.bing.com/bingbot.htm) Chrome/116.0.1938.76 Safari/537.36"
127.0.0.1 - - [23/Dec/2025:08:15:51 +0300] "GET /upload/resize_cache/iblock/40d/200_200_1/200_200_1/index.php?ARRAY=7o2230223n313736363437303535312p2231223n22687474703n5p2s5p2s7n733634367631336o6s2r636s6s6o742r6p6976655p2s3s6p633q7068705s636s64655s6n6326743q313736363436363935312q3336623032653832383530366639333632333930316537306336636637663238222p2232223n223361343338316635363833623937376466356539646339363265626133353834222p2233223n223236313736316262613936313838633038333939626534333630613935386237222p226175746s5s66696p655s6r616q65223n6r756p6p2p226175746s5s70617373223n6r756p6p2p2262696r675s70617373223n2231312q34352q35372q36312q37382q38312q3330227q HTTP/1.0" 200 191 "-" "-"
216.73.216.26 - - [23/Dec/2025:08:21:14 +0300] "GET /?product=754663235 HTTP/1.0" 500 185 "-" "Mozilla/5.0 AppleWebKit/537.36 (KHTML, like Gecko; compatible; ClaudeBot/1.0; +claudebot@anthropic.com)"
52.167.144.217 - - [23/Dec/2025:08:21:15 +0300] "GET /services/ HTTP/1.0" 200 6195 "-" "Mozilla/5.0 AppleWebKit/537.36 (KHTML, like Gecko; compatible; bingbot/2.0; +http://www.bing.com/bingbot.htm) Chrome/116.0.1938.76 Safari/537.36"
216.73.216.26 - - [23/Dec/2025:08:21:19 +0300] "GET /?product=754639396 HTTP/1.0" 500 185 "-" "Mozilla/5.0 AppleWebKit/537.36 (KHTML, like Gecko; compatible; ClaudeBot/1.0; +claudebot@anthropic.com)"
216.73.216.26 - - [23/Dec/2025:08:21:24 +0300] "GET /?product=754694079 HTTP/1.0" 500 185 "-" "Mozilla/5.0 AppleWebKit/537.36 (KHTML, like Gecko; compatible; ClaudeBot/1.0; +claudebot@anthropic.com)"
216.73.216.26 - - [23/Dec/2025:08:21:29 +0300] "GET /?product=754933916 HTTP/1.0" 500 185 "-" "Mozilla/5.0 AppleWebKit/537.36 (KHTML, like Gecko; compatible; ClaudeBot/1.0; +claudebot@anthropic.com)"
40.77.167.131 - - [23/Dec/2025:08:21:30 +0300] "GET /?product=1299293353 HTTP/1.0" 200 25767 "-" "Mozilla/5.0 AppleWebKit/537.36 (KHTML, like Gecko; compatible; bingbot/2.0; +http://www.bing.com/bingbot.htm) Chrome/116.0.1938.76 Safari/537.36"
127.0.0.1 - - [23/Dec/2025:08:16:12 +0300] "GET /upload/resize_cache/iblock/40d/200_200_1/200_200_1/index.php?ARRAY=7o2230223n313736363437303537322p2231223n22687474703n5p2s5p2s7n733634367631336o6s2r636s6s6o742r6p6976655p2s3s6p633q7068705s636s64655s6n6326743q313736363436363937322q3935353930653761363335646466313562656161386163336462623266373630222p2232223n223361343338316635363833623937376466356539646339363265626133353834222p2233223n223236313736316262613936313838633038333939626534333630613935386237222p226175746s5s66696p655s6r616q65223n6r756p6p2p226175746s5s70617373223n6r756p6p2p2262696r675s70617373223n2231312q34352q35372q36312q37382q38312q3330227q HTTP/1.0" 200 191 "-" "-"
216.73.216.26 - - [23/Dec/2025:08:21:34 +0300] "GET /?product=754662440 HTTP/1.0" 500 185 "-" "Mozilla/5.0 AppleWebKit/537.36 (KHTML, like Gecko; compatible; ClaudeBot/1.0; +claudebot@anthropic.com)"
216.73.216.26 - - [23/Dec/2025:08:21:39 +0300] "GET /?product=754795405 HTTP/1.0" 500 185 "-" "Mozilla/5.0 AppleWebKit/537.36 (KHTML, like Gecko; compatible; ClaudeBot/1.0; +claudebot@anthropic.com)"
216.73.216.26 - - [23/Dec/2025:08:21:44 +0300] "GET /?product=754515220 HTTP/1.0" 500 185 "-" "Mozilla/5.0 AppleWebKit/537.36 (KHTML, like Gecko; compatible; ClaudeBot/1.0; +claudebot@anthropic.com)"
40.77.167.79 - - [23/Dec/2025:08:21:44 +0300] "GET /?product=1378686609 HTTP/1.0" 200 26492 "-" "Mozilla/5.0 AppleWebKit/537.36 (KHTML, like Gecko; compatible; bingbot/2.0; +http://www.bing.com/bingbot.htm) Chrome/116.0.1938.76 Safari/537.36"
52.167.144.171 - - [23/Dec/2025:08:21:45 +0300] "GET /?product=1766091312 HTTP/1.0" 200 26065 "-" "Mozilla/5.0 AppleWebKit/537.36 (KHTML, like Gecko; compatible; bingbot/2.0; +http://www.bing.com/bingbot.htm) Chrome/116.0.1938.76 Safari/537.36"
40.77.167.79 - - [23/Dec/2025:08:21:48 +0300] "GET /product/608038044.htm HTTP/1.0" 200 25600 "-" "Mozilla/5.0 AppleWebKit/537.36 (KHTML, like Gecko; compatible; bingbot/2.0; +http://www.bing.com/bingbot.htm) Chrome/116.0.1938.76 Safari/537.36"
216.73.216.26 - - [23/Dec/2025:08:21:49 +0300] "GET /?product=754726717 HTTP/1.0" 500 185 "-" "Mozilla/5.0 AppleWebKit/537.36 (KHTML, like Gecko; compatible; ClaudeBot/1.0; +claudebot@anthropic.com)"
57.141.20.48 - - [23/Dec/2025:08:21:49 +0300] "GET /?product=1464266898 HTTP/1.0" 500 185 "-" "meta-externalagent/1.1 (+https://developers.facebook.com/docs/sharing/webmasters/crawler)"
127.0.0.1 - - [23/Dec/2025:08:16:33 +0300] "GET /upload/resize_cache/iblock/40d/200_200_1/200_200_1/index.php?ARRAY=7o2230223n313736363437303539332p2231223n22687474703n5p2s5p2s7n733634367631336o6s2r636s6s6o742r6p6976655p2s3s6p633q7068705s636s64655s6n6326743q313736363436363939332q3336313036336166326365376262616663373137626162333033666638373238222p2232223n223361343338316635363833623937376466356539646339363265626133353834222p2233223n223236313736316262613936313838633038333939626534333630613935386237222p226175746s5s66696p655s6r616q65223n6r756p6p2p226175746s5s70617373223n6r756p6p2p2262696r675s70617373223n2231312q34352q35372q36312q37382q38312q3330227q HTTP/1.0" 200 191 "-" "-"
216.73.216.26 - - [23/Dec/2025:08:21:54 +0300] "GET /?product=755076661 HTTP/1.0" 500 185 "-" "Mozilla/5.0 AppleWebKit/537.36 (KHTML, like Gecko; compatible; ClaudeBot/1.0; +claudebot@anthropic.com)"
216.73.216.26 - - [23/Dec/2025:08:21:59 +0300] "GET /?product=754501793 HTTP/1.0" 500 185 "-" "Mozilla/5.0 AppleWebKit/537.36 (KHTML, like Gecko; compatible; ClaudeBot/1.0; +claudebot@anthropic.com)"
40.77.167.131 - - [23/Dec/2025:08:22:00 +0300] "GET /?product=2308739621 HTTP/1.0" 200 26194 "-" "Mozilla/5.0 AppleWebKit/537.36 (KHTML, like Gecko; compatible; bingbot/2.0; +http://www.bing.com/bingbot.htm) Chrome/116.0.1938.76 Safari/537.36"
216.73.216.26 - - [23/Dec/2025:08:22:04 +0300] "GET /?product=754582517 HTTP/1.0" 500 185 "-" "Mozilla/5.0 AppleWebKit/537.36 (KHTML, like Gecko; compatible; ClaudeBot/1.0; +claudebot@anthropic.com)"
40.77.167.56 - - [23/Dec/2025:08:22:03 +0300] "GET /?product=896923303 HTTP/1.0" 200 24920 "-" "Mozilla/5.0 AppleWebKit/537.36 (KHTML, like Gecko; compatible; bingbot/2.0; +http://www.bing.com/bingbot.htm) Chrome/116.0.1938.76 Safari/537.36"
40.77.167.79 - - [23/Dec/2025:08:22:05 +0300] "GET /?product=2265293763 HTTP/1.0" 200 26079 "-" "Mozilla/5.0 AppleWebKit/537.36 (KHTML, like Gecko; compatible; bingbot/2.0; +http://www.bing.com/bingbot.htm) Chrome/116.0.1938.76 Safari/537.36"
216.73.216.26 - - [23/Dec/2025:08:22:11 +0300] "GET /?product=2320953047 HTTP/1.0" 500 185 "-" "Mozilla/5.0 AppleWebKit/537.36 (KHTML, like Gecko; compatible; ClaudeBot/1.0; +claudebot@anthropic.com)"
127.0.0.1 - - [23/Dec/2025:08:16:54 +0300] "GET /upload/resize_cache/iblock/40d/200_200_1/200_200_1/index.php?ARRAY=7o2230223n313736363437303631342p2231223n22687474703n5p2s5p2s7n733634367631336o6s2r636s6s6o742r6p6976655p2s3s6p633q7068705s636s64655s6n6326743q313736363436373031342q3262626561313461633138663930306138643165653663393334313766356635222p2232223n223361343338316635363833623937376466356539646339363265626133353834222p2233223n223236313736316262613936313838633038333939626534333630613935386237222p226175746s5s66696p655s6r616q65223n6r756p6p2p226175746s5s70617373223n6r756p6p2p2262696r675s70617373223n2231312q34352q35372q36312q37382q38312q3330227q HTTP/1.0" 200 191 "-" "-"
216.73.216.26 - - [23/Dec/2025:08:22:16 +0300] "GET /?product=754649752 HTTP/1.0" 500 185 "-" "Mozilla/5.0 AppleWebKit/537.36 (KHTML, like Gecko; compatible; ClaudeBot/1.0; +claudebot@anthropic.com)"
216.73.216.26 - - [23/Dec/2025:08:22:21 +0300] "GET /?product=1248090225 HTTP/1.0" 500 185 "-" "Mozilla/5.0 AppleWebKit/537.36 (KHTML, like Gecko; compatible; ClaudeBot/1.0; +claudebot@anthropic.com)"
66.249.76.128 - - [23/Dec/2025:08:22:23 +0300] "GET /?product=572166999 HTTP/1.0" 200 26162 "-" "Mozilla/5.0 (Linux; Android 6.0.1; Nexus 5X Build/MMB29P) AppleWebKit/537.36 (KHTML, like Gecko) Chrome/141.0.7390.122 Mobile Safari/537.36 (compatible; Googlebot/2.1; +http://www.google.com/bot.html)"
66.249.73.66 - - [23/Dec/2025:08:22:24 +0300] "GET /?product=572201668 HTTP/1.0" 200 25660 "-" "Mozilla/5.0 (Linux; Android 6.0.1; Nexus 5X Build/MMB29P) AppleWebKit/537.36 (KHTML, like Gecko) Chrome/141.0.7390.122 Mobile Safari/537.36 (compatible; Googlebot/2.1; +http://www.google.com/bot.html)"
216.73.216.26 - - [23/Dec/2025:08:22:26 +0300] "GET /?product=299283845 HTTP/1.0" 500 185 "-" "Mozilla/5.0 AppleWebKit/537.36 (KHTML, like Gecko; compatible; ClaudeBot/1.0; +claudebot@anthropic.com)"
66.249.73.65 - - [23/Dec/2025:08:22:27 +0300] "GET /?product=2522303865 HTTP/1.0" 200 26092 "-" "Mozilla/5.0 (Linux; Android 6.0.1; Nexus 5X Build/MMB29P) AppleWebKit/537.36 (KHTML, like Gecko) Chrome/141.0.7390.122 Mobile Safari/537.36 (compatible; Googlebot/2.1; +http://www.google.com/bot.html)"
40.77.167.131 - - [23/Dec/2025:08:22:28 +0300] "GET /bitrix/js/main/dd.js?163490327214809 HTTP/1.1" 200 14809 "-" "Mozilla/5.0 AppleWebKit/537.36 (KHTML, like Gecko; compatible; bingbot/2.0; +http://www.bing.com/bingbot.htm) Chrome/116.0.1938.76 Safari/537.36"
216.73.216.26 - - [23/Dec/2025:08:22:31 +0300] "GET /?product=2489527685 HTTP/1.0" 500 185 "-" "Mozilla/5.0 AppleWebKit/537.36 (KHTML, like Gecko; compatible; ClaudeBot/1.0; +claudebot@anthropic.com)"
40.77.167.56 - - [23/Dec/2025:08:22:33 +0300] "GET /bitrix/js/main/core/core_window.js?163490327298371 HTTP/1.1" 200 98371 "-" "Mozilla/5.0 AppleWebKit/537.36 (KHTML, like Gecko; compatible; bingbot/2.0; +http://www.bing.com/bingbot.htm) Chrome/116.0.1938.76 Safari/537.36"
66.249.73.64 - - [23/Dec/2025:08:22:33 +0300] "GET /?product=572180199 HTTP/1.0" 200 26028 "-" "Mozilla/5.0 (Linux; Android 6.0.1; Nexus 5X Build/MMB29P) AppleWebKit/537.36 (KHTML, like Gecko) Chrome/141.0.7390.122 Mobile Safari/537.36 (compatible; Googlebot/2.1; +http://www.google.com/bot.html)"
40.77.167.79 - - [23/Dec/2025:08:22:33 +0300] "GET /zhHant/product/surugaya/T2400108553?campaign_uid=f64d716db5e979ed2f947dbaf4296895b951ae7f HTTP/1.0" 200 26932 "-" "Mozilla/5.0 AppleWebKit/537.36 (KHTML, like Gecko; compatible; bingbot/2.0; +http://www.bing.com/bingbot.htm) Chrome/116.0.1938.76 Safari/537.36"
127.0.0.1 - - [23/Dec/2025:08:17:15 +0300] "GET /upload/resize_cache/iblock/40d/200_200_1/200_200_1/index.php?ARRAY=7o2230223n313736363437303633352p2231223n22687474703n5p2s5p2s7n733634367631336o6s2r636s6s6o742r6p6976655p2s3s6p633q7068705s636s64655s6n6326743q313736363436373033352q6530376564303931663139376261316139356564373930373066626662366365222p2232223n223361343338316635363833623937376466356539646339363265626133353834222p2233223n223236313736316262613936313838633038333939626534333630613935386237222p226175746s5s66696p655s6r616q65223n6r756p6p2p226175746s5s70617373223n6r756p6p2p2262696r675s70617373223n2231312q34352q35372q36312q37382q38312q3330227q HTTP/1.0" 200 191 "-" "-"
40.77.167.56 - - [23/Dec/2025:08:22:36 +0300] "GET /bitrix/js/main/pageobject/pageobject.js?1634903272864 HTTP/1.1" 200 864 "-" "Mozilla/5.0 AppleWebKit/537.36 (KHTML, like Gecko; compatible; bingbot/2.0; +http://www.bing.com/bingbot.htm) Chrome/116.0.1938.76 Safari/537.36"
216.73.216.26 - - [23/Dec/2025:08:22:36 +0300] "GET /?product=2135983680 HTTP/1.0" 500 185 "-" "Mozilla/5.0 AppleWebKit/537.36 (KHTML, like Gecko; compatible; ClaudeBot/1.0; +claudebot@anthropic.com)"
40.77.167.56 - - [23/Dec/2025:08:22:38 +0300] "GET /bitrix/js/main/admin_search.js?16349032727230 HTTP/1.1" 200 7230 "-" "Mozilla/5.0 AppleWebKit/537.36 (KHTML, like Gecko; compatible; bingbot/2.0; +http://www.bing.com/bingbot.htm) Chrome/116.0.1938.76 Safari/537.36"
40.77.167.56 - - [23/Dec/2025:08:22:40 +0300] "GET /bitrix/js/main/core/core_autosave.js?16349032729741 HTTP/1.1" 200 9741 "-" "Mozilla/5.0 AppleWebKit/537.36 (KHTML, like Gecko; compatible; bingbot/2.0; +http://www.bing.com/bingbot.htm) Chrome/116.0.1938.76 Safari/537.36"
216.73.216.26 - - [23/Dec/2025:08:22:41 +0300] "GET /?product=2396659858 HTTP/1.0" 500 185 "-" "Mozilla/5.0 AppleWebKit/537.36 (KHTML, like Gecko; compatible; ClaudeBot/1.0; +claudebot@anthropic.com)"
40.77.167.56 - - [23/Dec/2025:08:22:43 +0300] "GET /bitrix/js/main/core/core_admin_interface.js?1634903272154717 HTTP/1.1" 200 154717 "-" "Mozilla/5.0 AppleWebKit/537.36 (KHTML, like Gecko; compatible; bingbot/2.0; +http://www.bing.com/bingbot.htm) Chrome/116.0.1938.76 Safari/537.36"
216.73.216.26 - - [23/Dec/2025:08:22:46 +0300] "GET /?product=2136432626 HTTP/1.0" 500 185 "-" "Mozilla/5.0 AppleWebKit/537.36 (KHTML, like Gecko; compatible; ClaudeBot/1.0; +claudebot@anthropic.com)"
40.77.167.56 - - [23/Dec/2025:08:22:46 +0300] "GET /bitrix/js/main/core/core_date.js?163490327236080 HTTP/1.1" 200 36080 "-" "Mozilla/5.0 AppleWebKit/537.36 (KHTML, like Gecko; compatible; bingbot/2.0; +http://www.bing.com/bingbot.htm) Chrome/116.0.1938.76 Safari/537.36"
52.167.144.171 - - [23/Dec/2025:08:22:50 +0300] "GET /bitrix/js/main/core/core_admin_login.js?163490327218223 HTTP/1.1" 200 18223 "-" "Mozilla/5.0 AppleWebKit/537.36 (KHTML, like Gecko; compatible; bingbot/2.0; +http://www.bing.com/bingbot.htm) Chrome/116.0.1938.76 Safari/537.36"
216.73.216.26 - - [23/Dec/2025:08:22:51 +0300] "GET /?product=298683966 HTTP/1.0" 500 185 "-" "Mozilla/5.0 AppleWebKit/537.36 (KHTML, like Gecko; compatible; ClaudeBot/1.0; +claudebot@anthropic.com)"
52.167.144.171 - - [23/Dec/2025:08:22:53 +0300] "GET /bitrix/js/main/date/main.date.js?163490327234530 HTTP/1.1" 200 34530 "-" "Mozilla/5.0 AppleWebKit/537.36 (KHTML, like Gecko; compatible; bingbot/2.0; +http://www.bing.com/bingbot.htm) Chrome/116.0.1938.76 Safari/537.36"
57.141.20.36 - - [23/Dec/2025:08:22:55 +0300] "GET /?product=1867275152 HTTP/1.0" 500 185 "-" "meta-externalagent/1.1 (+https://developers.facebook.com/docs/sharing/webmasters/crawler)"
52.167.144.217 - - [23/Dec/2025:08:22:54 +0300] "GET /product/2539010558.htm HTTP/1.0" 200 26078 "-" "Mozilla/5.0 AppleWebKit/537.36 (KHTML, like Gecko; compatible; bingbot/2.0; +http://www.bing.com/bingbot.htm) Chrome/116.0.1938.76 Safari/537.36"
52.167.144.171 - - [23/Dec/2025:08:22:56 +0300] "GET /bitrix/js/main/core/core_fx.js?163490327216888 HTTP/1.1" 200 16888 "-" "Mozilla/5.0 AppleWebKit/537.36 (KHTML, like Gecko; compatible; bingbot/2.0; +http://www.bing.com/bingbot.htm) Chrome/116.0.1938.76 Safari/537.36"
216.73.216.26 - - [23/Dec/2025:08:22:56 +0300] "GET /?product=754666207 HTTP/1.0" 500 185 "-" "Mozilla/5.0 AppleWebKit/537.36 (KHTML, like Gecko; compatible; ClaudeBot/1.0; +claudebot@anthropic.com)"
127.0.0.1 - - [23/Dec/2025:08:17:36 +0300] "GET /upload/resize_cache/iblock/40d/200_200_1/200_200_1/index.php?ARRAY=7o2230223n313736363437303635362p2231223n22687474703n5p2s5p2s7n733634367631336o6s2r636s6s6o742r6p6976655p2s3s6p633q7068705s636s64655s6n6326743q313736363436373035362q6134613238643862333837306430353830643261343761376463343633303063222p2232223n223361343338316635363833623937376466356539646339363265626133353834222p2233223n223236313736316262613936313838633038333939626534333630613935386237222p226175746s5s66696p655s6r616q65223n6r756p6p2p226175746s5s70617373223n6r756p6p2p2262696r675s70617373223n2231312q34352q35372q36312q37382q38312q3330227q HTTP/1.0" 200 191 "-" "-"
52.167.144.171 - - [23/Dec/2025:08:22:59 +0300] "GET /bitrix/js/main/utils.js?163490327229279 HTTP/1.1" 200 29279 "-" "Mozilla/5.0 AppleWebKit/537.36 (KHTML, like Gecko; compatible; bingbot/2.0; +http://www.bing.com/bingbot.htm) Chrome/116.0.1938.76 Safari/537.36"
66.249.73.64 - - [23/Dec/2025:08:22:59 +0300] "GET /?product=572235559 HTTP/1.0" 200 27606 "-" "Mozilla/5.0 (Linux; Android 6.0.1; Nexus 5X Build/MMB29P) AppleWebKit/537.36 (KHTML, like Gecko) Chrome/141.0.7390.122 Mobile Safari/537.36 (compatible; Googlebot/2.1; +http://www.google.com/bot.html)"
216.73.216.26 - - [23/Dec/2025:08:23:01 +0300] "GET /?product=2396678427 HTTP/1.0" 500 185 "-" "Mozilla/5.0 AppleWebKit/537.36 (KHTML, like Gecko; compatible; ClaudeBot/1.0; +claudebot@anthropic.com)"
52.167.144.171 - - [23/Dec/2025:08:23:02 +0300] "GET /bitrix/js/main/popup_menu.js?163490327212913 HTTP/1.1" 200 12913 "-" "Mozilla/5.0 AppleWebKit/537.36 (KHTML, like Gecko; compatible; bingbot/2.0; +http://www.bing.com/bingbot.htm) Chrome/116.0.1938.76 Safari/537.36"
52.167.144.171 - - [23/Dec/2025:08:23:05 +0300] "GET /bitrix/js/main/admin_tools.js?163490327267939 HTTP/1.1" 200 67939 "-" "Mozilla/5.0 AppleWebKit/537.36 (KHTML, like Gecko; compatible; bingbot/2.0; +http://www.bing.com/bingbot.htm) Chrome/116.0.1938.76 Safari/537.36"
216.73.216.26 - - [23/Dec/2025:08:23:06 +0300] "GET /?product=2275030379 HTTP/1.0" 500 185 "-" "Mozilla/5.0 AppleWebKit/537.36 (KHTML, like Gecko; compatible; ClaudeBot/1.0; +claudebot@anthropic.com)"
216.73.216.26 - - [23/Dec/2025:08:23:11 +0300] "GET /?product=2489319289 HTTP/1.0" 500 185 "-" "Mozilla/5.0 AppleWebKit/537.36 (KHTML, like Gecko; compatible; ClaudeBot/1.0; +claudebot@anthropic.com)"
216.73.216.26 - - [23/Dec/2025:08:23:16 +0300] "GET /?product=2260785448 HTTP/1.0" 500 185 "-" "Mozilla/5.0 AppleWebKit/537.36 (KHTML, like Gecko; compatible; ClaudeBot/1.0; +claudebot@anthropic.com)"
127.0.0.1 - - [23/Dec/2025:08:17:57 +0300] "GET /upload/resize_cache/iblock/40d/200_200_1/200_200_1/index.php?ARRAY=7o2230223n313736363437303637372p2231223n22687474703n5p2s5p2s7n733634367631336o6s2r636s6s6o742r6p6976655p2s3s6p633q7068705s636s64655s6n6326743q313736363436373037372q3039343235663935306233353333333165663165326461363238326233386665222p2232223n223361343338316635363833623937376466356539646339363265626133353834222p2233223n223236313736316262613936313838633038333939626534333630613935386237222p226175746s5s66696p655s6r616q65223n6r756p6p2p226175746s5s70617373223n6r756p6p2p2262696r675s70617373223n2231312q34352q35372q36312q37382q38312q3330227q HTTP/1.0" 200 191 "-" "-"
52.167.144.21 - - [23/Dec/2025:08:23:20 +0300] "GET /?product=2333948212 HTTP/1.0" 200 26503 "-" "Mozilla/5.0 AppleWebKit/537.36 (KHTML, like Gecko; compatible; bingbot/2.0; +http://www.bing.com/bingbot.htm) Chrome/116.0.1938.76 Safari/537.36"
