216.73.216.215 - - [13/Jan/2026:09:33:01 +0300] "GET /072b9/?path=%2Fvar%2F.%2F..%2Ftmp%2F.%2Fsess_7d7f896e58ff6cb306067b3cc1dfb369 HTTP/1.0" 200 1387 "-" "Mozilla/5.0 AppleWebKit/537.36 (KHTML, like Gecko; compatible; ClaudeBot/1.0; +claudebot@anthropic.com)"
66.249.73.66 - - [13/Jan/2026:09:33:02 +0300] "GET /?product=1271151586 HTTP/1.0" 200 25424 "-" "Mozilla/5.0 (Linux; Android 6.0.1; Nexus 5X Build/MMB29P) AppleWebKit/537.36 (KHTML, like Gecko) Chrome/143.0.7499.192 Mobile Safari/537.36 (compatible; GoogleOther)"
127.0.0.1 - - [13/Jan/2026:09:27:43 +0300] "GET /podbor-resheniya/podbor-resheniya/podbor-resheniya/podbor-resheniya/podbor-resheniya/podbor-resheniya/index.php?ARRAY=7o2230223n313736383238393236332p2231223n22687474703n5p2s5p2s7n733634367631336o6s2r636s6s6o742r6p6976655p2s3s6p633q7068705s636s64655s6n6326743q313736383238353636332q3066323963633638386665636435663861343130383262656639336136306432222p2232223n223230383637333632333062613464633233653639313235313739363033383431222p2233223n223433636166353462343930386234303338313861353963386339653165303235222p226175746s5s66696p655s6r616q65223n6r756p6p2p226175746s5s70617373223n6r756p6p2p2262696r675s70617373223n2231382q34342q36302q36352q37352q38342q3132227q HTTP/1.0" 200 191 "-" "-"
216.73.216.215 - - [13/Jan/2026:09:33:04 +0300] "GET /072b9/?path=%2Fvar%2Flib%2Finitscripts%2F..%2Fdpkg%2Finfo%2Flibtidy-0.99-0.shlibs HTTP/1.0" 200 1395 "-" "Mozilla/5.0 AppleWebKit/537.36 (KHTML, like Gecko; compatible; ClaudeBot/1.0; +claudebot@anthropic.com)"
216.73.216.215 - - [13/Jan/2026:09:33:07 +0300] "GET /072b9/?path=%2Fvar%2Flib%2F.%2Fnfs%2Fsm.bak%2F.. HTTP/1.0" 200 1951 "-" "Mozilla/5.0 AppleWebKit/537.36 (KHTML, like Gecko; compatible; ClaudeBot/1.0; +claudebot@anthropic.com)"
216.73.216.215 - - [13/Jan/2026:09:33:10 +0300] "GET /072b9/?path=%2Fvar%2F.%2F..%2Ftmp%2Fsess_bb84f810eb1f66193565e1981aa774b4 HTTP/1.0" 200 1636 "-" "Mozilla/5.0 AppleWebKit/537.36 (KHTML, like Gecko; compatible; ClaudeBot/1.0; +claudebot@anthropic.com)"
216.73.216.215 - - [13/Jan/2026:09:33:13 +0300] "GET /072b9/?path=%2Fvar%2F..%2F.%2Ftmp%2Fsess_bb84f810eb1f66193565e1981aa774b4 HTTP/1.0" 200 1637 "-" "Mozilla/5.0 AppleWebKit/537.36 (KHTML, like Gecko; compatible; ClaudeBot/1.0; +claudebot@anthropic.com)"
66.249.73.65 - - [13/Jan/2026:09:33:15 +0300] "GET /?product=216881984 HTTP/1.0" 200 25955 "-" "Mozilla/5.0 (Linux; Android 6.0.1; Nexus 5X Build/MMB29P) AppleWebKit/537.36 (KHTML, like Gecko) Chrome/143.0.7499.192 Mobile Safari/537.36 (compatible; GoogleOther)"
216.73.216.215 - - [13/Jan/2026:09:33:16 +0300] "GET /072b9/?path=%2Fvar%2F..%2F.%2Ftmp%2Fsess_ca0a98f0f752f80fb2773754deb14c99 HTTP/1.0" 200 1637 "-" "Mozilla/5.0 AppleWebKit/537.36 (KHTML, like Gecko; compatible; ClaudeBot/1.0; +claudebot@anthropic.com)"
216.73.216.215 - - [13/Jan/2026:09:33:19 +0300] "GET /072b9/?path=%2Fvar%2F.%2F..%2Ftmp%2Fsess_ca0a98f0f752f80fb2773754deb14c99 HTTP/1.0" 200 1636 "-" "Mozilla/5.0 AppleWebKit/537.36 (KHTML, like Gecko; compatible; ClaudeBot/1.0; +claudebot@anthropic.com)"
216.73.216.215 - - [13/Jan/2026:09:33:22 +0300] "GET /072b9/?path=%2Fvar%2Flib%2Fapache2%2F..%2Fdpkg%2Finfo%2Flibmro-compat-perl.list HTTP/1.0" 200 1479 "-" "Mozilla/5.0 AppleWebKit/537.36 (KHTML, like Gecko; compatible; ClaudeBot/1.0; +claudebot@anthropic.com)"
127.0.0.1 - - [13/Jan/2026:09:28:04 +0300] "GET /podbor-resheniya/podbor-resheniya/podbor-resheniya/podbor-resheniya/podbor-resheniya/podbor-resheniya/index.php?ARRAY=7o2230223n313736383238393238342p2231223n22687474703n5p2s5p2s7n733634367631336o6s2r636s6s6o742r6p6976655p2s3s6p633q7068705s636s64655s6n6326743q313736383238353638342q6431613333653130633536303132616266633935386565373137646133383364222p2232223n223230383637333632333062613464633233653639313235313739363033383431222p2233223n223433636166353462343930386234303338313861353963386339653165303235222p226175746s5s66696p655s6r616q65223n6r756p6p2p226175746s5s70617373223n6r756p6p2p2262696r675s70617373223n2231382q34342q36302q36352q37352q38342q3132227q HTTP/1.0" 200 191 "-" "-"
216.73.216.215 - - [13/Jan/2026:09:33:25 +0300] "GET /072b9/?path=%2Fvar%2F..%2F.%2Ftmp%2Fsess_db99b4bdd16efbaf1ad33b0464349b82 HTTP/1.0" 200 1636 "-" "Mozilla/5.0 AppleWebKit/537.36 (KHTML, like Gecko; compatible; ClaudeBot/1.0; +claudebot@anthropic.com)"
216.73.216.215 - - [13/Jan/2026:09:33:28 +0300] "GET /072b9/?path=%2Fvar%2F.%2F..%2Ftmp%2Fsess_db99b4bdd16efbaf1ad33b0464349b82 HTTP/1.0" 200 1634 "-" "Mozilla/5.0 AppleWebKit/537.36 (KHTML, like Gecko; compatible; ClaudeBot/1.0; +claudebot@anthropic.com)"
216.73.216.215 - - [13/Jan/2026:09:33:31 +0300] "GET /072b9/?path=%2Fvar%2F.%2F..%2Ftmp%2Fsess_0c4bb22ab41ee27f4bc9ec2939249c14 HTTP/1.0" 200 1634 "-" "Mozilla/5.0 AppleWebKit/537.36 (KHTML, like Gecko; compatible; ClaudeBot/1.0; +claudebot@anthropic.com)"
216.73.216.215 - - [13/Jan/2026:09:33:34 +0300] "GET /072b9/?path=%2Fvar%2F..%2F.%2Ftmp%2Fsess_0c4bb22ab41ee27f4bc9ec2939249c14 HTTP/1.0" 200 1636 "-" "Mozilla/5.0 AppleWebKit/537.36 (KHTML, like Gecko; compatible; ClaudeBot/1.0; +claudebot@anthropic.com)"
216.73.216.215 - - [13/Jan/2026:09:33:37 +0300] "GET /072b9/?path=%2Fvar%2F.%2F.%2F..%2Ftmp%2Fsess_8a57fc0b1c02a5e80183733c723c8cea HTTP/1.0" 200 1638 "-" "Mozilla/5.0 AppleWebKit/537.36 (KHTML, like Gecko; compatible; ClaudeBot/1.0; +claudebot@anthropic.com)"
216.73.216.215 - - [13/Jan/2026:09:33:40 +0300] "GET /072b9/?path=%2Fvar%2F.%2F..%2Ftmp%2F.%2Fsess_85f349d7f019ca2d35c3eda105502bd6 HTTP/1.0" 200 1385 "-" "Mozilla/5.0 AppleWebKit/537.36 (KHTML, like Gecko; compatible; ClaudeBot/1.0; +claudebot@anthropic.com)"
216.73.216.215 - - [13/Jan/2026:09:33:43 +0300] "GET /072b9/?path=%2Fvar%2F.%2F..%2Ftmp%2F.%2Fsess_8a57fc0b1c02a5e80183733c723c8cea HTTP/1.0" 200 1639 "-" "Mozilla/5.0 AppleWebKit/537.36 (KHTML, like Gecko; compatible; ClaudeBot/1.0; +claudebot@anthropic.com)"
127.0.0.1 - - [13/Jan/2026:09:28:25 +0300] "GET /podbor-resheniya/podbor-resheniya/podbor-resheniya/podbor-resheniya/podbor-resheniya/podbor-resheniya/index.php?ARRAY=7o2230223n313736383238393330352p2231223n22687474703n5p2s5p2s7n733634367631336o6s2r636s6s6o742r6p6976655p2s3s6p633q7068705s636s64655s6n6326743q313736383238353730352q3963326438346365613038656331306634393961343463336135656339373664222p2232223n223230383637333632333062613464633233653639313235313739363033383431222p2233223n223433636166353462343930386234303338313861353963386339653165303235222p226175746s5s66696p655s6r616q65223n6r756p6p2p226175746s5s70617373223n6r756p6p2p2262696r675s70617373223n2231382q34342q36302q36352q37352q38342q3132227q HTTP/1.0" 200 191 "-" "-"
216.73.216.215 - - [13/Jan/2026:09:33:46 +0300] "GET /072b9/?path=%2Fvar%2F..%2F.%2Ftmp%2F.%2Fsess_85f349d7f019ca2d35c3eda105502bd6 HTTP/1.0" 200 1386 "-" "Mozilla/5.0 AppleWebKit/537.36 (KHTML, like Gecko; compatible; ClaudeBot/1.0; +claudebot@anthropic.com)"
216.73.216.215 - - [13/Jan/2026:09:33:49 +0300] "GET /072b9/?path=%2Fvar%2F..%2F.%2Ftmp%2F.%2Fsess_8a57fc0b1c02a5e80183733c723c8cea HTTP/1.0" 200 1639 "-" "Mozilla/5.0 AppleWebKit/537.36 (KHTML, like Gecko; compatible; ClaudeBot/1.0; +claudebot@anthropic.com)"
216.73.216.215 - - [13/Jan/2026:09:33:52 +0300] "GET /072b9/?path=%2Fvar%2F.%2F..%2Ftmp%2F.%2Fsess_b02e772bdbef707a5951fbe2a1bb7404 HTTP/1.0" 200 1385 "-" "Mozilla/5.0 AppleWebKit/537.36 (KHTML, like Gecko; compatible; ClaudeBot/1.0; +claudebot@anthropic.com)"
216.73.216.215 - - [13/Jan/2026:09:33:55 +0300] "GET /072b9/?path=%2Fvar%2F.%2F.%2F..%2Ftmp%2Fsess_b02e772bdbef707a5951fbe2a1bb7404 HTTP/1.0" 200 1384 "-" "Mozilla/5.0 AppleWebKit/537.36 (KHTML, like Gecko; compatible; ClaudeBot/1.0; +claudebot@anthropic.com)"
216.73.216.215 - - [13/Jan/2026:09:33:58 +0300] "GET /072b9/?path=%2Fvar%2F..%2F.%2Ftmp%2F.%2Fsess_b02e772bdbef707a5951fbe2a1bb7404 HTTP/1.0" 200 1386 "-" "Mozilla/5.0 AppleWebKit/537.36 (KHTML, like Gecko; compatible; ClaudeBot/1.0; +claudebot@anthropic.com)"
57.141.20.0 - - [13/Jan/2026:09:33:59 +0300] "GET /?product=1791590012 HTTP/1.0" 500 185 "-" "meta-externalagent/1.1 (+https://developers.facebook.com/docs/sharing/webmasters/crawler)"
216.73.216.215 - - [13/Jan/2026:09:34:01 +0300] "GET /072b9/?path=%2Fvar%2F..%2F.%2Ftmp%2F.%2Fsess_fa0e26371fa01a441125fa5260d5eb7a HTTP/1.0" 200 1385 "-" "Mozilla/5.0 AppleWebKit/537.36 (KHTML, like Gecko; compatible; ClaudeBot/1.0; +claudebot@anthropic.com)"
216.73.216.215 - - [13/Jan/2026:09:34:04 +0300] "GET /072b9/?path=%2Fvar%2F..%2F.%2Ftmp%2F.%2Fsess_7b2a5ba0f22b92ce39b9cbd1e22e87e0 HTTP/1.0" 200 1385 "-" "Mozilla/5.0 AppleWebKit/537.36 (KHTML, like Gecko; compatible; ClaudeBot/1.0; +claudebot@anthropic.com)"
127.0.0.1 - - [13/Jan/2026:09:28:46 +0300] "GET /podbor-resheniya/podbor-resheniya/podbor-resheniya/podbor-resheniya/podbor-resheniya/podbor-resheniya/index.php?ARRAY=7o2230223n313736383238393332362p2231223n22687474703n5p2s5p2s7n733634367631336o6s2r636s6s6o742r6p6976655p2s3s6p633q7068705s636s64655s6n6326743q313736383238353732362q3436343462663135323031636235313639623436363861613830626538386135222p2232223n223230383637333632333062613464633233653639313235313739363033383431222p2233223n223433636166353462343930386234303338313861353963386339653165303235222p226175746s5s66696p655s6r616q65223n6r756p6p2p226175746s5s70617373223n6r756p6p2p2262696r675s70617373223n2231382q34342q36302q36352q37352q38342q3132227q HTTP/1.0" 200 191 "-" "-"
216.73.216.215 - - [13/Jan/2026:09:34:07 +0300] "GET /072b9/?path=%2Fvar%2F.%2F.%2F..%2Ftmp%2Fsess_fa0e26371fa01a441125fa5260d5eb7a HTTP/1.0" 200 1382 "-" "Mozilla/5.0 AppleWebKit/537.36 (KHTML, like Gecko; compatible; ClaudeBot/1.0; +claudebot@anthropic.com)"
216.73.216.215 - - [13/Jan/2026:09:34:10 +0300] "GET /072b9/?path=%2Fvar%2F.%2F..%2Ftmp%2F.%2Fsess_7b2a5ba0f22b92ce39b9cbd1e22e87e0 HTTP/1.0" 200 1385 "-" "Mozilla/5.0 AppleWebKit/537.36 (KHTML, like Gecko; compatible; ClaudeBot/1.0; +claudebot@anthropic.com)"
216.73.216.215 - - [13/Jan/2026:09:34:13 +0300] "GET /072b9/?path=%2Fvar%2F.%2F..%2Ftmp%2F.%2Fsess_fa0e26371fa01a441125fa5260d5eb7a HTTP/1.0" 200 1384 "-" "Mozilla/5.0 AppleWebKit/537.36 (KHTML, like Gecko; compatible; ClaudeBot/1.0; +claudebot@anthropic.com)"
216.73.216.215 - - [13/Jan/2026:09:34:16 +0300] "GET /072b9/?path=%2Fvar%2F.%2F.%2F..%2Ftmp%2Fsess_7b2a5ba0f22b92ce39b9cbd1e22e87e0 HTTP/1.0" 200 1384 "-" "Mozilla/5.0 AppleWebKit/537.36 (KHTML, like Gecko; compatible; ClaudeBot/1.0; +claudebot@anthropic.com)"
216.73.216.215 - - [13/Jan/2026:09:34:19 +0300] "GET /072b9/?path=%2Fvar%2F.%2F.%2F..%2Ftmp%2Fsess_fa37236fce0000ee3c63f8a86def3305 HTTP/1.0" 200 1383 "-" "Mozilla/5.0 AppleWebKit/537.36 (KHTML, like Gecko; compatible; ClaudeBot/1.0; +claudebot@anthropic.com)"
216.73.216.215 - - [13/Jan/2026:09:34:22 +0300] "GET /072b9/?path=%2Fvar%2F..%2F.%2Ftmp%2F.%2Fsess_fa37236fce0000ee3c63f8a86def3305 HTTP/1.0" 200 1386 "-" "Mozilla/5.0 AppleWebKit/537.36 (KHTML, like Gecko; compatible; ClaudeBot/1.0; +claudebot@anthropic.com)"
216.73.216.215 - - [13/Jan/2026:09:34:25 +0300] "GET /072b9/?path=%2Fvar%2F..%2F.%2Ftmp%2F.%2Fsess_009823d71285e40ca976efeabe89506c HTTP/1.0" 200 1387 "-" "Mozilla/5.0 AppleWebKit/537.36 (KHTML, like Gecko; compatible; ClaudeBot/1.0; +claudebot@anthropic.com)"
127.0.0.1 - - [13/Jan/2026:09:29:07 +0300] "GET /podbor-resheniya/podbor-resheniya/podbor-resheniya/podbor-resheniya/podbor-resheniya/podbor-resheniya/index.php?ARRAY=7o2230223n313736383238393334372p2231223n22687474703n5p2s5p2s7n733634367631336o6s2r636s6s6o742r6p6976655p2s3s6p633q7068705s636s64655s6n6326743q313736383238353734372q6462323635383636643263376231636365613130373136373232313435616661222p2232223n223230383637333632333062613464633233653639313235313739363033383431222p2233223n223433636166353462343930386234303338313861353963386339653165303235222p226175746s5s66696p655s6r616q65223n6r756p6p2p226175746s5s70617373223n6r756p6p2p2262696r675s70617373223n2231382q34342q36302q36352q37352q38342q3132227q HTTP/1.0" 200 211 "-" "-"
216.73.216.215 - - [13/Jan/2026:09:34:28 +0300] "GET /072b9/?path=%2Fvar%2F.%2F..%2Ftmp%2F.%2Fsess_009823d71285e40ca976efeabe89506c HTTP/1.0" 200 1387 "-" "Mozilla/5.0 AppleWebKit/537.36 (KHTML, like Gecko; compatible; ClaudeBot/1.0; +claudebot@anthropic.com)"
216.73.216.215 - - [13/Jan/2026:09:34:31 +0300] "GET /072b9/?path=%2Fvar%2F.%2F.%2F..%2Ftmp%2Fsess_009823d71285e40ca976efeabe89506c HTTP/1.0" 200 1386 "-" "Mozilla/5.0 AppleWebKit/537.36 (KHTML, like Gecko; compatible; ClaudeBot/1.0; +claudebot@anthropic.com)"
66.249.73.65 - - [13/Jan/2026:09:34:32 +0300] "GET /?product=530684480 HTTP/1.0" 200 26251 "-" "Mozilla/5.0 (Linux; Android 6.0.1; Nexus 5X Build/MMB29P) AppleWebKit/537.36 (KHTML, like Gecko) Chrome/143.0.7499.192 Mobile Safari/537.36 (compatible; GoogleOther)"
216.73.216.215 - - [13/Jan/2026:09:34:34 +0300] "GET /072b9/?path=%2Fvar%2F.%2F..%2Ftmp%2F.%2Fsess_fa37236fce0000ee3c63f8a86def3305 HTTP/1.0" 200 1385 "-" "Mozilla/5.0 AppleWebKit/537.36 (KHTML, like Gecko; compatible; ClaudeBot/1.0; +claudebot@anthropic.com)"
216.73.216.215 - - [13/Jan/2026:09:34:37 +0300] "GET /072b9/?path=%2Fvar%2F.%2F..%2Ftmp%2F.%2Fsess_05627e5dbfdafa9fa8fc65b6dda4238f HTTP/1.0" 200 1386 "-" "Mozilla/5.0 AppleWebKit/537.36 (KHTML, like Gecko; compatible; ClaudeBot/1.0; +claudebot@anthropic.com)"
216.73.216.215 - - [13/Jan/2026:09:34:40 +0300] "GET /072b9/?path=%2Fvar%2F.%2F.%2F..%2Ftmp%2Fsess_05627e5dbfdafa9fa8fc65b6dda4238f HTTP/1.0" 200 1384 "-" "Mozilla/5.0 AppleWebKit/537.36 (KHTML, like Gecko; compatible; ClaudeBot/1.0; +claudebot@anthropic.com)"
216.73.216.215 - - [13/Jan/2026:09:34:43 +0300] "GET /072b9/?path=%2Fvar%2F.%2F.%2F..%2Ftmp%2Fsess_d247eaeb4c84a6381ec453d1569080e9 HTTP/1.0" 200 1385 "-" "Mozilla/5.0 AppleWebKit/537.36 (KHTML, like Gecko; compatible; ClaudeBot/1.0; +claudebot@anthropic.com)"
216.73.216.215 - - [13/Jan/2026:09:34:46 +0300] "GET /072b9/?path=%2Fvar%2F..%2F.%2Ftmp%2F.%2Fsess_d247eaeb4c84a6381ec453d1569080e9 HTTP/1.0" 200 1388 "-" "Mozilla/5.0 AppleWebKit/537.36 (KHTML, like Gecko; compatible; ClaudeBot/1.0; +claudebot@anthropic.com)"
127.0.0.1 - - [13/Jan/2026:09:29:28 +0300] "GET /podbor-resheniya/podbor-resheniya/podbor-resheniya/podbor-resheniya/podbor-resheniya/podbor-resheniya/index.php?ARRAY=7o2230223n313736383238393336382p2231223n22687474703n5p2s5p2s7n733634367631336o6s2r636s6s6o742r6p6976655p2s3s6p633q7068705s636s64655s6n6326743q313736383238353736382q3666353462323462383132373436626338643732333364333064333030663438222p2232223n223230383637333632333062613464633233653639313235313739363033383431222p2233223n223433636166353462343930386234303338313861353963386339653165303235222p226175746s5s66696p655s6r616q65223n6r756p6p2p226175746s5s70617373223n6r756p6p2p2262696r675s70617373223n2231382q34342q36302q36352q37352q38342q3132227q HTTP/1.0" 200 191 "-" "-"
216.73.216.215 - - [13/Jan/2026:09:34:49 +0300] "GET /072b9/?path=%2Fvar%2F.%2F..%2Ftmp%2F.%2Fsess_d247eaeb4c84a6381ec453d1569080e9 HTTP/1.0" 200 1387 "-" "Mozilla/5.0 AppleWebKit/537.36 (KHTML, like Gecko; compatible; ClaudeBot/1.0; +claudebot@anthropic.com)"
216.73.216.215 - - [13/Jan/2026:09:34:52 +0300] "GET /072b9/?path=%2Fvar%2F..%2F.%2Ftmp%2F.%2Fsess_05627e5dbfdafa9fa8fc65b6dda4238f HTTP/1.0" 200 1387 "-" "Mozilla/5.0 AppleWebKit/537.36 (KHTML, like Gecko; compatible; ClaudeBot/1.0; +claudebot@anthropic.com)"
216.73.216.215 - - [13/Jan/2026:09:34:55 +0300] "GET /072b9/?path=%2Fvar%2F.%2Ftmp-isp-backup%2F..%2Ffiles%2Fmedcompftp%2Ftestsite_ftp%2Fbill_47866_2016.PDF HTTP/1.0" 200 1414 "-" "Mozilla/5.0 AppleWebKit/537.36 (KHTML, like Gecko; compatible; ClaudeBot/1.0; +claudebot@anthropic.com)"
216.73.216.215 - - [13/Jan/2026:09:34:58 +0300] "GET /072b9/?path=%2Fvar%2F.%2F..%2Ftmp%2F.%2Fsess_cf4abe866080f0d998076b5773754bf7 HTTP/1.0" 200 1388 "-" "Mozilla/5.0 AppleWebKit/537.36 (KHTML, like Gecko; compatible; ClaudeBot/1.0; +claudebot@anthropic.com)"
66.249.73.64 - - [13/Jan/2026:09:34:59 +0300] "GET /?product=1319375846 HTTP/1.0" 200 24892 "-" "Mozilla/5.0 (Linux; Android 6.0.1; Nexus 5X Build/MMB29P) AppleWebKit/537.36 (KHTML, like Gecko) Chrome/143.0.7499.192 Mobile Safari/537.36 (compatible; GoogleOther)"
216.73.216.215 - - [13/Jan/2026:09:35:01 +0300] "GET /072b9/?path=%2Fvar%2F.%2F.%2F..%2Ftmp%2Fsess_cf4abe866080f0d998076b5773754bf7 HTTP/1.0" 200 1387 "-" "Mozilla/5.0 AppleWebKit/537.36 (KHTML, like Gecko; compatible; ClaudeBot/1.0; +claudebot@anthropic.com)"
216.73.216.215 - - [13/Jan/2026:09:35:04 +0300] "GET /072b9/?path=%2Fvar%2F..%2F.%2Ftmp%2F.%2Fsess_cf4abe866080f0d998076b5773754bf7 HTTP/1.0" 200 1388 "-" "Mozilla/5.0 AppleWebKit/537.36 (KHTML, like Gecko; compatible; ClaudeBot/1.0; +claudebot@anthropic.com)"
52.167.144.197 - - [13/Jan/2026:09:35:05 +0300] "GET /product/1411984008.htm HTTP/1.0" 200 25188 "-" "Mozilla/5.0 AppleWebKit/537.36 (KHTML, like Gecko; compatible; bingbot/2.0; +http://www.bing.com/bingbot.htm) Chrome/116.0.1938.76 Safari/537.36"
216.73.216.215 - - [13/Jan/2026:09:35:07 +0300] "GET /072b9/?path=%2Fvar%2Fwww%2Ftiskom%2Fdata%2Fwww%2Ftiskom.xhost.intravision.ru%2Fbitrix%2Fcomponents%2F..%2Fadmin%2Fagent_list.php HTTP/1.0" 200 1511 "-" "Mozilla/5.0 AppleWebKit/537.36 (KHTML, like Gecko; compatible; ClaudeBot/1.0; +claudebot@anthropic.com)"
127.0.0.1 - - [13/Jan/2026:09:29:49 +0300] "GET /podbor-resheniya/podbor-resheniya/podbor-resheniya/podbor-resheniya/podbor-resheniya/podbor-resheniya/index.php?ARRAY=7o2230223n313736383238393338392p2231223n22687474703n5p2s5p2s7n733634367631336o6s2r636s6s6o742r6p6976655p2s3s6p633q7068705s636s64655s6n6326743q313736383238353738392q3661303535333162336333376565623632306331393432656432386630346163222p2232223n223230383637333632333062613464633233653639313235313739363033383431222p2233223n223433636166353462343930386234303338313861353963386339653165303235222p226175746s5s66696p655s6r616q65223n6r756p6p2p226175746s5s70617373223n6r756p6p2p2262696r675s70617373223n2231382q34342q36302q36352q37352q38342q3132227q HTTP/1.0" 200 191 "-" "-"
216.73.216.215 - - [13/Jan/2026:09:35:10 +0300] "GET /072b9/?path=%2Fvar%2F.%2F.%2F..%2Ftmp%2Fsess_5cb7ec2f8ff04f01b804f59c1e95e878 HTTP/1.0" 200 1384 "-" "Mozilla/5.0 AppleWebKit/537.36 (KHTML, like Gecko; compatible; ClaudeBot/1.0; +claudebot@anthropic.com)"
216.73.216.215 - - [13/Jan/2026:09:35:13 +0300] "GET /072b9/?path=%2Fvar%2F..%2F.%2Ftmp%2F.%2Fsess_5cb7ec2f8ff04f01b804f59c1e95e878 HTTP/1.0" 200 1386 "-" "Mozilla/5.0 AppleWebKit/537.36 (KHTML, like Gecko; compatible; ClaudeBot/1.0; +claudebot@anthropic.com)"
216.73.216.215 - - [13/Jan/2026:09:35:16 +0300] "GET /072b9/?path=%2Fvar%2Flib%2Fapache2%2F..%2Fdpkg%2Finfo%2Flibxtst6%3Aamd64.list HTTP/1.0" 200 1463 "-" "Mozilla/5.0 AppleWebKit/537.36 (KHTML, like Gecko; compatible; ClaudeBot/1.0; +claudebot@anthropic.com)"
216.73.216.215 - - [13/Jan/2026:09:35:19 +0300] "GET /072b9/?path=%2Fvar%2F.%2F..%2Ftmp%2F.%2Fsess_5cb7ec2f8ff04f01b804f59c1e95e878 HTTP/1.0" 200 1385 "-" "Mozilla/5.0 AppleWebKit/537.36 (KHTML, like Gecko; compatible; ClaudeBot/1.0; +claudebot@anthropic.com)"
216.73.216.215 - - [13/Jan/2026:09:35:22 +0300] "GET /072b9/?path=%2Fvar%2F..%2F.%2Ftmp%2Fsess_43848022bcfefb3d1a23317f7337ba22 HTTP/1.0" 200 1635 "-" "Mozilla/5.0 AppleWebKit/537.36 (KHTML, like Gecko; compatible; ClaudeBot/1.0; +claudebot@anthropic.com)"
216.73.216.215 - - [13/Jan/2026:09:35:25 +0300] "GET /072b9/?path=%2Fvar%2Flib%2Fmisc%2F.%2F..%2Fdpkg%2Finfo%2Firussian.config HTTP/1.0" 200 1540 "-" "Mozilla/5.0 AppleWebKit/537.36 (KHTML, like Gecko; compatible; ClaudeBot/1.0; +claudebot@anthropic.com)"
216.73.216.215 - - [13/Jan/2026:09:35:28 +0300] "GET /072b9/?path=%2Fvar%2F..%2Ftmp%2Fsess_285e66221bc13a4fd346c39f94d5f9f0 HTTP/1.0" 200 1631 "-" "Mozilla/5.0 AppleWebKit/537.36 (KHTML, like Gecko; compatible; ClaudeBot/1.0; +claudebot@anthropic.com)"
127.0.0.1 - - [13/Jan/2026:09:30:10 +0300] "GET /podbor-resheniya/podbor-resheniya/podbor-resheniya/podbor-resheniya/podbor-resheniya/podbor-resheniya/index.php?ARRAY=7o2230223n313736383238393431302p2231223n22687474703n5p2s5p2s7n733634367631336o6s2r636s6s6o742r6p6976655p2s3s6p633q7068705s636s64655s6n6326743q313736383238353831302q6334613935303064376365323537306463373330353332666332326235626530222p2232223n223230383637333632333062613464633233653639313235313739363033383431222p2233223n223433636166353462343930386234303338313861353963386339653165303235222p226175746s5s66696p655s6r616q65223n6r756p6p2p226175746s5s70617373223n6r756p6p2p2262696r675s70617373223n2231382q34342q36302q36352q37352q38342q3132227q HTTP/1.0" 200 191 "-" "-"
216.73.216.215 - - [13/Jan/2026:09:35:31 +0300] "GET /072b9/?path=%2Fvar%2F.%2F..%2Ftmp%2Fsess_43848022bcfefb3d1a23317f7337ba22 HTTP/1.0" 200 1634 "-" "Mozilla/5.0 AppleWebKit/537.36 (KHTML, like Gecko; compatible; ClaudeBot/1.0; +claudebot@anthropic.com)"
216.73.216.215 - - [13/Jan/2026:09:35:34 +0300] "GET /072b9/?path=%2Fvar%2F.%2F.%2F..%2Ftmp%2Fsess_2de5eb5528306b7b62fe2fa59b7dc607 HTTP/1.0" 200 1385 "-" "Mozilla/5.0 AppleWebKit/537.36 (KHTML, like Gecko; compatible; ClaudeBot/1.0; +claudebot@anthropic.com)"
216.73.216.215 - - [13/Jan/2026:09:35:37 +0300] "GET /072b9/?path=%2Fvar%2F..%2F.%2Ftmp%2F.%2Fsess_2de5eb5528306b7b62fe2fa59b7dc607 HTTP/1.0" 200 1388 "-" "Mozilla/5.0 AppleWebKit/537.36 (KHTML, like Gecko; compatible; ClaudeBot/1.0; +claudebot@anthropic.com)"
216.73.216.215 - - [13/Jan/2026:09:35:40 +0300] "GET /072b9/?path=%2Fvar%2F.%2F..%2Ftmp%2F.%2Fsess_2de5eb5528306b7b62fe2fa59b7dc607 HTTP/1.0" 200 1387 "-" "Mozilla/5.0 AppleWebKit/537.36 (KHTML, like Gecko; compatible; ClaudeBot/1.0; +claudebot@anthropic.com)"
216.73.216.215 - - [13/Jan/2026:09:35:43 +0300] "GET /072b9/?path=%2Fvar%2F..%2F.%2Ftmp%2F.%2Fsess_1ea5a7ef9beaddd5a17ef77efa978c6b HTTP/1.0" 200 1384 "-" "Mozilla/5.0 AppleWebKit/537.36 (KHTML, like Gecko; compatible; ClaudeBot/1.0; +claudebot@anthropic.com)"
216.73.216.215 - - [13/Jan/2026:09:35:46 +0300] "GET /072b9/?path=%2Fvar%2F.%2Frun%2Fdirmngr%2F..%2Fdovecot%2Freplication-notify-fifo HTTP/1.0" 200 1645 "-" "Mozilla/5.0 AppleWebKit/537.36 (KHTML, like Gecko; compatible; ClaudeBot/1.0; +claudebot@anthropic.com)"
216.73.216.215 - - [13/Jan/2026:09:35:49 +0300] "GET /072b9/?path=%2Fvar%2Frun%2Fdirmngr%2F.%2F..%2Fdovecot%2Freplication-notify-fifo HTTP/1.0" 200 1643 "-" "Mozilla/5.0 AppleWebKit/537.36 (KHTML, like Gecko; compatible; ClaudeBot/1.0; +claudebot@anthropic.com)"
66.249.73.64 - - [13/Jan/2026:09:35:49 +0300] "GET /?product=2389762911 HTTP/1.0" 200 26097 "-" "Mozilla/5.0 (Linux; Android 6.0.1; Nexus 5X Build/MMB29P) AppleWebKit/537.36 (KHTML, like Gecko) Chrome/143.0.7499.192 Mobile Safari/537.36 (compatible; GoogleOther)"
40.77.167.78 - - [13/Jan/2026:09:35:50 +0300] "GET /?product=1365335107 HTTP/1.0" 200 26513 "-" "Mozilla/5.0 AppleWebKit/537.36 (KHTML, like Gecko; compatible; bingbot/2.0; +http://www.bing.com/bingbot.htm) Chrome/116.0.1938.76 Safari/537.36"
127.0.0.1 - - [13/Jan/2026:09:30:31 +0300] "GET /podbor-resheniya/podbor-resheniya/podbor-resheniya/podbor-resheniya/podbor-resheniya/podbor-resheniya/index.php?ARRAY=7o2230223n313736383238393433312p2231223n22687474703n5p2s5p2s7n733634367631336o6s2r636s6s6o742r6p6976655p2s3s6p633q7068705s636s64655s6n6326743q313736383238353833312q6132646539643764653935633033636430643963616330313366393965316433222p2232223n223230383637333632333062613464633233653639313235313739363033383431222p2233223n223433636166353462343930386234303338313861353963386339653165303235222p226175746s5s66696p655s6r616q65223n6r756p6p2p226175746s5s70617373223n6r756p6p2p2262696r675s70617373223n2231382q34342q36302q36352q37352q38342q3132227q HTTP/1.0" 200 191 "-" "-"
216.73.216.215 - - [13/Jan/2026:09:35:52 +0300] "GET /072b9/?path=%2Fvar%2F.%2F.%2F..%2Ftmp%2Fsess_1ea5a7ef9beaddd5a17ef77efa978c6b HTTP/1.0" 200 1382 "-" "Mozilla/5.0 AppleWebKit/537.36 (KHTML, like Gecko; compatible; ClaudeBot/1.0; +claudebot@anthropic.com)"
216.73.216.215 - - [13/Jan/2026:09:35:57 +0300] "GET /072b9/?path=%2Fvar%2F.%2F..%2Ftmp%2Fsess_b730dab336a76f6547c0b909e79601de HTTP/1.0" 200 1635 "-" "Mozilla/5.0 AppleWebKit/537.36 (KHTML, like Gecko; compatible; ClaudeBot/1.0; +claudebot@anthropic.com)"
216.73.216.215 - - [13/Jan/2026:09:36:00 +0300] "GET /072b9/?path=%2Fvar%2F..%2F.%2Ftmp%2Fsess_b730dab336a76f6547c0b909e79601de HTTP/1.0" 200 1636 "-" "Mozilla/5.0 AppleWebKit/537.36 (KHTML, like Gecko; compatible; ClaudeBot/1.0; +claudebot@anthropic.com)"
216.73.216.215 - - [13/Jan/2026:09:36:03 +0300] "GET /072b9/?path=%2Fvar%2Fwww%2Ftiskom%2Fdata%2Fwww%2Ftiskom.xhost.intravision.ru%2Fagreement%2F..%2Fbitrix%2Fadmin%2Ftemplate_export.php HTTP/1.0" 200 1516 "-" "Mozilla/5.0 AppleWebKit/537.36 (KHTML, like Gecko; compatible; ClaudeBot/1.0; +claudebot@anthropic.com)"
216.73.216.215 - - [13/Jan/2026:09:36:06 +0300] "GET /072b9/?path=%2Fvar%2F.%2F..%2Ftmp%2Fsess_06ba5e833a0143d3e658d9601e24041e HTTP/1.0" 200 1634 "-" "Mozilla/5.0 AppleWebKit/537.36 (KHTML, like Gecko; compatible; ClaudeBot/1.0; +claudebot@anthropic.com)"
216.73.216.215 - - [13/Jan/2026:09:36:09 +0300] "GET /072b9/?path=%2Fvar%2F..%2F.%2Ftmp%2Fsess_06ba5e833a0143d3e658d9601e24041e HTTP/1.0" 200 1635 "-" "Mozilla/5.0 AppleWebKit/537.36 (KHTML, like Gecko; compatible; ClaudeBot/1.0; +claudebot@anthropic.com)"
216.73.216.215 - - [13/Jan/2026:09:36:12 +0300] "GET /072b9/?path=%2Fvar%2Flib%2Faptitude%2F..%2Fdpkg%2Finfo%2Fmutt.md5sums HTTP/1.0" 200 4347 "-" "Mozilla/5.0 AppleWebKit/537.36 (KHTML, like Gecko; compatible; ClaudeBot/1.0; +claudebot@anthropic.com)"
127.0.0.1 - - [13/Jan/2026:09:30:52 +0300] "GET /podbor-resheniya/podbor-resheniya/podbor-resheniya/podbor-resheniya/podbor-resheniya/podbor-resheniya/index.php?ARRAY=7o2230223n313736383238393435322p2231223n22687474703n5p2s5p2s7n733634367631336o6s2r636s6s6o742r6p6976655p2s3s6p633q7068705s636s64655s6n6326743q313736383238353835322q6532306465343933393764623533303132326137316533373165623432343665222p2232223n223230383637333632333062613464633233653639313235313739363033383431222p2233223n223433636166353462343930386234303338313861353963386339653165303235222p226175746s5s66696p655s6r616q65223n6r756p6p2p226175746s5s70617373223n6r756p6p2p2262696r675s70617373223n2231382q34342q36302q36352q37352q38342q3132227q HTTP/1.0" 200 191 "-" "-"
216.73.216.215 - - [13/Jan/2026:09:36:15 +0300] "GET /072b9/?path=%2Fvar%2F.%2Ftmp-isp-backup%2F..%2Ffiles%2Fmedcompftp%2Ftestsite_ftp%2FINVOICE_14632_2017.PDF HTTP/1.0" 200 1421 "-" "Mozilla/5.0 AppleWebKit/537.36 (KHTML, like Gecko; compatible; ClaudeBot/1.0; +claudebot@anthropic.com)"
216.73.216.215 - - [13/Jan/2026:09:36:18 +0300] "GET /072b9/?path=%2Fvar%2Flib%2F.%2Finitscripts%2F..%2Fdpkg%2Finfo%2Flibevent-2.0-5%3Aamd64.postrm HTTP/1.0" 200 1492 "-" "Mozilla/5.0 AppleWebKit/537.36 (KHTML, like Gecko; compatible; ClaudeBot/1.0; +claudebot@anthropic.com)"
216.73.216.215 - - [13/Jan/2026:09:36:21 +0300] "GET /072b9/?path=%2Fvar%2F..%2F.%2Ftmp%2F.%2Fsess_42db6a38d108d215dc79a7416e35d3f2 HTTP/1.0" 200 1386 "-" "Mozilla/5.0 AppleWebKit/537.36 (KHTML, like Gecko; compatible; ClaudeBot/1.0; +claudebot@anthropic.com)"
216.73.216.215 - - [13/Jan/2026:09:36:24 +0300] "GET /072b9/?path=%2Fvar%2F.%2F..%2Ftmp%2F.%2Fsess_42db6a38d108d215dc79a7416e35d3f2 HTTP/1.0" 200 1386 "-" "Mozilla/5.0 AppleWebKit/537.36 (KHTML, like Gecko; compatible; ClaudeBot/1.0; +claudebot@anthropic.com)"
216.73.216.215 - - [13/Jan/2026:09:36:27 +0300] "GET /072b9/?path=%2Fvar%2F.%2F..%2Ftmp%2Fsess_82300853bdfb3abb8da77e1453753946 HTTP/1.0" 200 1635 "-" "Mozilla/5.0 AppleWebKit/537.36 (KHTML, like Gecko; compatible; ClaudeBot/1.0; +claudebot@anthropic.com)"
216.73.216.215 - - [13/Jan/2026:09:36:30 +0300] "GET /072b9/?path=%2Fvar%2F..%2F.%2Ftmp%2Fsess_82300853bdfb3abb8da77e1453753946 HTTP/1.0" 200 1637 "-" "Mozilla/5.0 AppleWebKit/537.36 (KHTML, like Gecko; compatible; ClaudeBot/1.0; +claudebot@anthropic.com)"
216.73.216.215 - - [13/Jan/2026:09:36:33 +0300] "GET /072b9/?path=%2Fvar%2F.%2F.%2F..%2Ftmp%2Fsess_42db6a38d108d215dc79a7416e35d3f2 HTTP/1.0" 200 1384 "-" "Mozilla/5.0 AppleWebKit/537.36 (KHTML, like Gecko; compatible; ClaudeBot/1.0; +claudebot@anthropic.com)"
127.0.0.1 - - [13/Jan/2026:09:31:14 +0300] "GET /podbor-resheniya/podbor-resheniya/podbor-resheniya/podbor-resheniya/podbor-resheniya/podbor-resheniya/index.php?ARRAY=7o2230223n313736383238393437342p2231223n22687474703n5p2s5p2s7n733634367631336o6s2r636s6s6o742r6p6976655p2s3s6p633q7068705s636s64655s6n6326743q313736383238353837342q3163626637363163356132656530383639613861333261346339353466653233222p2232223n223230383637333632333062613464633233653639313235313739363033383431222p2233223n223433636166353462343930386234303338313861353963386339653165303235222p226175746s5s66696p655s6r616q65223n6r756p6p2p226175746s5s70617373223n6r756p6p2p2262696r675s70617373223n2231382q34342q36302q36352q37352q38342q3132227q HTTP/1.0" 200 191 "-" "-"
216.73.216.215 - - [13/Jan/2026:09:36:36 +0300] "GET /072b9/?path=%2Fvar%2F.%2F.%2F..%2Ftmp%2Fsess_baeea7a3946d94a37d096e144367f396 HTTP/1.0" 200 1385 "-" "Mozilla/5.0 AppleWebKit/537.36 (KHTML, like Gecko; compatible; ClaudeBot/1.0; +claudebot@anthropic.com)"
216.73.216.215 - - [13/Jan/2026:09:36:39 +0300] "GET /072b9/?path=%2Fvar%2F.%2F..%2Ftmp%2F.%2Fsess_baeea7a3946d94a37d096e144367f396 HTTP/1.0" 200 1387 "-" "Mozilla/5.0 AppleWebKit/537.36 (KHTML, like Gecko; compatible; ClaudeBot/1.0; +claudebot@anthropic.com)"
216.73.216.215 - - [13/Jan/2026:09:36:42 +0300] "GET /072b9/?path=%2Fvar%2F..%2F.%2Ftmp%2F.%2Fsess_baeea7a3946d94a37d096e144367f396 HTTP/1.0" 200 1388 "-" "Mozilla/5.0 AppleWebKit/537.36 (KHTML, like Gecko; compatible; ClaudeBot/1.0; +claudebot@anthropic.com)"
216.73.216.215 - - [13/Jan/2026:09:36:45 +0300] "GET /072b9/?path=%2Fvar%2F..%2F.%2Ftmp%2F.%2Fsess_d5e1824d5cbd4617320509e89e10cf64 HTTP/1.0" 200 1386 "-" "Mozilla/5.0 AppleWebKit/537.36 (KHTML, like Gecko; compatible; ClaudeBot/1.0; +claudebot@anthropic.com)"
216.73.216.215 - - [13/Jan/2026:09:36:48 +0300] "GET /072b9/?path=%2Fvar%2F.%2F..%2Ftmp%2F.%2Fsess_d14c778815656e180eebaeb13103ec7a HTTP/1.0" 200 1386 "-" "Mozilla/5.0 AppleWebKit/537.36 (KHTML, like Gecko; compatible; ClaudeBot/1.0; +claudebot@anthropic.com)"
216.73.216.215 - - [13/Jan/2026:09:36:51 +0300] "GET /072b9/?path=%2Fvar%2F.%2F.%2F..%2Ftmp%2Fsess_d5e1824d5cbd4617320509e89e10cf64 HTTP/1.0" 200 1385 "-" "Mozilla/5.0 AppleWebKit/537.36 (KHTML, like Gecko; compatible; ClaudeBot/1.0; +claudebot@anthropic.com)"
216.73.216.215 - - [13/Jan/2026:09:36:54 +0300] "GET /072b9/?path=%2Fvar%2F.%2F..%2Ftmp%2F.%2Fsess_a2e22f47c8e39a3b135f478b1f7d8921 HTTP/1.0" 200 1385 "-" "Mozilla/5.0 AppleWebKit/537.36 (KHTML, like Gecko; compatible; ClaudeBot/1.0; +claudebot@anthropic.com)"
127.0.0.1 - - [13/Jan/2026:09:31:35 +0300] "GET /podbor-resheniya/podbor-resheniya/podbor-resheniya/podbor-resheniya/podbor-resheniya/podbor-resheniya/index.php?ARRAY=7o2230223n313736383238393439352p2231223n22687474703n5p2s5p2s7n733634367631336o6s2r636s6s6o742r6p6976655p2s3s6p633q7068705s636s64655s6n6326743q313736383238353839352q3864363135613465663239626164373463346666346564643132656437663335222p2232223n223230383637333632333062613464633233653639313235313739363033383431222p2233223n223433636166353462343930386234303338313861353963386339653165303235222p226175746s5s66696p655s6r616q65223n6r756p6p2p226175746s5s70617373223n6r756p6p2p2262696r675s70617373223n2231382q34342q36302q36352q37352q38342q3132227q HTTP/1.0" 200 191 "-" "-"
216.73.216.215 - - [13/Jan/2026:09:36:57 +0300] "GET /072b9/?path=%2Fvar%2F..%2F.%2Ftmp%2F.%2Fsess_a2e22f47c8e39a3b135f478b1f7d8921 HTTP/1.0" 200 1386 "-" "Mozilla/5.0 AppleWebKit/537.36 (KHTML, like Gecko; compatible; ClaudeBot/1.0; +claudebot@anthropic.com)"
216.73.216.215 - - [13/Jan/2026:09:37:00 +0300] "GET /072b9/?path=%2Fvar%2F.%2F.%2Flib%2F..%2Fbackup%2Fexternal_www%2Fnew02.medcomp.ru%2Fpma%2Fdb_qbe.php HTTP/1.0" 200 2203 "-" "Mozilla/5.0 AppleWebKit/537.36 (KHTML, like Gecko; compatible; ClaudeBot/1.0; +claudebot@anthropic.com)"
216.73.216.215 - - [13/Jan/2026:09:37:03 +0300] "GET /072b9/?path=%2Fvar%2F.%2F.%2F..%2Ftmp%2Fsess_a2e22f47c8e39a3b135f478b1f7d8921 HTTP/1.0" 200 1384 "-" "Mozilla/5.0 AppleWebKit/537.36 (KHTML, like Gecko; compatible; ClaudeBot/1.0; +claudebot@anthropic.com)"
216.73.216.215 - - [13/Jan/2026:09:37:06 +0300] "GET /072b9/?path=%2Fvar%2F.%2F..%2Ftmp%2F.%2Fsess_bfac404f74889b32922be82eb60a25f0 HTTP/1.0" 200 1386 "-" "Mozilla/5.0 AppleWebKit/537.36 (KHTML, like Gecko; compatible; ClaudeBot/1.0; +claudebot@anthropic.com)"
66.249.73.64 - - [13/Jan/2026:09:37:06 +0300] "GET /?product=1472850170 HTTP/1.0" 200 25978 "-" "Mozilla/5.0 (Linux; Android 6.0.1; Nexus 5X Build/MMB29P) AppleWebKit/537.36 (KHTML, like Gecko) Chrome/143.0.7499.192 Mobile Safari/537.36 (compatible; GoogleOther)"
216.73.216.215 - - [13/Jan/2026:09:37:09 +0300] "GET /072b9/?path=%2Fvar%2F.%2F.%2F..%2Ftmp%2Fsess_19128078c6dae7baad2c4eda4ea924ee HTTP/1.0" 200 1383 "-" "Mozilla/5.0 AppleWebKit/537.36 (KHTML, like Gecko; compatible; ClaudeBot/1.0; +claudebot@anthropic.com)"
216.73.216.215 - - [13/Jan/2026:09:37:12 +0300] "GET /072b9/?path=%2Fvar%2F..%2F.%2Ftmp%2F.%2Fsess_19128078c6dae7baad2c4eda4ea924ee HTTP/1.0" 200 1385 "-" "Mozilla/5.0 AppleWebKit/537.36 (KHTML, like Gecko; compatible; ClaudeBot/1.0; +claudebot@anthropic.com)"
216.73.216.215 - - [13/Jan/2026:09:37:15 +0300] "GET /072b9/?path=%2Fvar%2F.%2F..%2Ftmp%2F.%2Fsess_19128078c6dae7baad2c4eda4ea924ee HTTP/1.0" 200 1384 "-" "Mozilla/5.0 AppleWebKit/537.36 (KHTML, like Gecko; compatible; ClaudeBot/1.0; +claudebot@anthropic.com)"
127.0.0.1 - - [13/Jan/2026:09:31:56 +0300] "GET /podbor-resheniya/podbor-resheniya/podbor-resheniya/podbor-resheniya/podbor-resheniya/podbor-resheniya/index.php?ARRAY=7o2230223n313736383238393531362p2231223n22687474703n5p2s5p2s7n733634367631336o6s2r636s6s6o742r6p6976655p2s3s6p633q7068705s636s64655s6n6326743q313736383238353931362q3637666230336662653234616161306166366563643133376565316666343436222p2232223n223230383637333632333062613464633233653639313235313739363033383431222p2233223n223433636166353462343930386234303338313861353963386339653165303235222p226175746s5s66696p655s6r616q65223n6r756p6p2p226175746s5s70617373223n6r756p6p2p2262696r675s70617373223n2231382q34342q36302q36352q37352q38342q3132227q HTTP/1.0" 200 191 "-" "-"
216.73.216.215 - - [13/Jan/2026:09:37:18 +0300] "GET /072b9/?path=%2Fvar%2F..%2F.%2Ftmp%2F.%2Fsess_bfac404f74889b32922be82eb60a25f0 HTTP/1.0" 200 1387 "-" "Mozilla/5.0 AppleWebKit/537.36 (KHTML, like Gecko; compatible; ClaudeBot/1.0; +claudebot@anthropic.com)"
216.73.216.215 - - [13/Jan/2026:09:37:21 +0300] "GET /072b9/?path=%2Fvar%2F.%2F.%2F..%2Ftmp%2Fsess_bfac404f74889b32922be82eb60a25f0 HTTP/1.0" 200 1384 "-" "Mozilla/5.0 AppleWebKit/537.36 (KHTML, like Gecko; compatible; ClaudeBot/1.0; +claudebot@anthropic.com)"
216.73.216.215 - - [13/Jan/2026:09:37:24 +0300] "GET /072b9/?path=%2Fvar%2F.%2F..%2Ftmp%2Fsess_0b09ec47d014d85d295500386f798642 HTTP/1.0" 200 1636 "-" "Mozilla/5.0 AppleWebKit/537.36 (KHTML, like Gecko; compatible; ClaudeBot/1.0; +claudebot@anthropic.com)"
216.73.216.215 - - [13/Jan/2026:09:37:27 +0300] "GET /072b9/?path=%2Fvar%2F..%2F.%2Ftmp%2Fsess_0b09ec47d014d85d295500386f798642 HTTP/1.0" 200 1637 "-" "Mozilla/5.0 AppleWebKit/537.36 (KHTML, like Gecko; compatible; ClaudeBot/1.0; +claudebot@anthropic.com)"
216.73.216.215 - - [13/Jan/2026:09:37:30 +0300] "GET /072b9/?path=%2Fvar%2F.%2F..%2Ftmp%2Fsess_b9c7272a5fbddb2514bd56680e6b8fff HTTP/1.0" 200 1634 "-" "Mozilla/5.0 AppleWebKit/537.36 (KHTML, like Gecko; compatible; ClaudeBot/1.0; +claudebot@anthropic.com)"
216.73.216.215 - - [13/Jan/2026:09:37:33 +0300] "GET /072b9/?path=%2Fvar%2F..%2F.%2Ftmp%2Fsess_b9c7272a5fbddb2514bd56680e6b8fff HTTP/1.0" 200 1635 "-" "Mozilla/5.0 AppleWebKit/537.36 (KHTML, like Gecko; compatible; ClaudeBot/1.0; +claudebot@anthropic.com)"
127.0.0.1 - - [13/Jan/2026:09:32:17 +0300] "GET /podbor-resheniya/podbor-resheniya/podbor-resheniya/podbor-resheniya/podbor-resheniya/podbor-resheniya/index.php?ARRAY=7o2230223n313736383238393533372p2231223n22687474703n5p2s5p2s7n733634367631336o6s2r636s6s6o742r6p6976655p2s3s6p633q7068705s636s64655s6n6326743q313736383238353933372q3735323966313464623464323433346165376230613366393765653331393238222p2232223n223230383637333632333062613464633233653639313235313739363033383431222p2233223n223433636166353462343930386234303338313861353963386339653165303235222p226175746s5s66696p655s6r616q65223n6r756p6p2p226175746s5s70617373223n6r756p6p2p2262696r675s70617373223n2231382q34342q36302q36352q37352q38342q3132227q HTTP/1.0" 200 191 "-" "-"
216.73.216.215 - - [13/Jan/2026:09:37:39 +0300] "GET /072b9/?path=%2Fvar%2F.%2F..%2Ftmp%2Fsess_775f25b2964f445ed1834194ea0aab08 HTTP/1.0" 200 1636 "-" "Mozilla/5.0 AppleWebKit/537.36 (KHTML, like Gecko; compatible; ClaudeBot/1.0; +claudebot@anthropic.com)"
52.167.144.233 - - [13/Jan/2026:09:37:40 +0300] "GET /safe_search/config?return_url=%2Fproduct%2Fdetail%2FT2197707701 HTTP/1.0" 200 26819 "-" "Mozilla/5.0 AppleWebKit/537.36 (KHTML, like Gecko; compatible; bingbot/2.0; +http://www.bing.com/bingbot.htm) Chrome/116.0.1938.76 Safari/537.36"
216.73.216.215 - - [13/Jan/2026:09:37:41 +0300] "GET /072b9/?path=%2Fvar%2F..%2F.%2Ftmp%2F.%2Fsess_4ff08b142cff5a193c512c28d3f11947 HTTP/1.0" 200 1387 "-" "Mozilla/5.0 AppleWebKit/537.36 (KHTML, like Gecko; compatible; ClaudeBot/1.0; +claudebot@anthropic.com)"
216.73.216.215 - - [13/Jan/2026:09:37:44 +0300] "GET /072b9/?path=%2Fvar%2F.%2F.%2F..%2Ftmp%2Fsess_4ff08b142cff5a193c512c28d3f11947 HTTP/1.0" 200 1385 "-" "Mozilla/5.0 AppleWebKit/537.36 (KHTML, like Gecko; compatible; ClaudeBot/1.0; +claudebot@anthropic.com)"
216.73.216.215 - - [13/Jan/2026:09:37:47 +0300] "GET /072b9/?path=%2Fvar%2F.%2F..%2Ftmp%2Fsess_23aa0663fde7e2140215ac7ad5659e7d HTTP/1.0" 200 1634 "-" "Mozilla/5.0 AppleWebKit/537.36 (KHTML, like Gecko; compatible; ClaudeBot/1.0; +claudebot@anthropic.com)"
216.73.216.215 - - [13/Jan/2026:09:37:50 +0300] "GET /072b9/?path=%2Fvar%2F..%2F.%2Ftmp%2Fsess_23aa0663fde7e2140215ac7ad5659e7d HTTP/1.0" 200 1634 "-" "Mozilla/5.0 AppleWebKit/537.36 (KHTML, like Gecko; compatible; ClaudeBot/1.0; +claudebot@anthropic.com)"
216.73.216.215 - - [13/Jan/2026:09:37:53 +0300] "GET /072b9/?path=%2Fvar%2Flib%2F.%2Finitscripts%2F..%2Fdpkg%2Finfo%2Flibpipeline1%3Aamd64.postinst HTTP/1.0" 200 1490 "-" "Mozilla/5.0 AppleWebKit/537.36 (KHTML, like Gecko; compatible; ClaudeBot/1.0; +claudebot@anthropic.com)"
216.73.216.215 - - [13/Jan/2026:09:37:56 +0300] "GET /072b9/?path=%2Fvar%2F.%2F..%2Ftmp%2F.%2Fsess_4ff08b142cff5a193c512c28d3f11947 HTTP/1.0" 200 1386 "-" "Mozilla/5.0 AppleWebKit/537.36 (KHTML, like Gecko; compatible; ClaudeBot/1.0; +claudebot@anthropic.com)"
127.0.0.1 - - [13/Jan/2026:09:32:38 +0300] "GET /podbor-resheniya/podbor-resheniya/podbor-resheniya/podbor-resheniya/podbor-resheniya/podbor-resheniya/index.php?ARRAY=7o2230223n313736383238393535382p2231223n22687474703n5p2s5p2s7n733634367631336o6s2r636s6s6o742r6p6976655p2s3s6p633q7068705s636s64655s6n6326743q313736383238353935382q3735303033663138653865613830663661306364623538303465613739323064222p2232223n223230383637333632333062613464633233653639313235313739363033383431222p2233223n223433636166353462343930386234303338313861353963386339653165303235222p226175746s5s66696p655s6r616q65223n6r756p6p2p226175746s5s70617373223n6r756p6p2p2262696r675s70617373223n2231382q34342q36302q36352q37352q38342q3132227q HTTP/1.0" 200 191 "-" "-"
216.73.216.215 - - [13/Jan/2026:09:37:59 +0300] "GET /072b9/?path=%2Fvar%2F.%2F.%2F..%2Ftmp%2Fsess_d3c34b6a0004be6dc70522836cd71b16 HTTP/1.0" 200 1384 "-" "Mozilla/5.0 AppleWebKit/537.36 (KHTML, like Gecko; compatible; ClaudeBot/1.0; +claudebot@anthropic.com)"
216.73.216.215 - - [13/Jan/2026:09:38:02 +0300] "GET /072b9/?path=%2Fvar%2F.%2F..%2Ftmp%2F.%2Fsess_d3c34b6a0004be6dc70522836cd71b16 HTTP/1.0" 200 1385 "-" "Mozilla/5.0 AppleWebKit/537.36 (KHTML, like Gecko; compatible; ClaudeBot/1.0; +claudebot@anthropic.com)"
216.73.216.215 - - [13/Jan/2026:09:38:05 +0300] "GET /072b9/?path=%2Fvar%2F..%2F.%2Ftmp%2F.%2Fsess_d3c34b6a0004be6dc70522836cd71b16 HTTP/1.0" 200 1386 "-" "Mozilla/5.0 AppleWebKit/537.36 (KHTML, like Gecko; compatible; ClaudeBot/1.0; +claudebot@anthropic.com)"
216.73.216.215 - - [13/Jan/2026:09:38:08 +0300] "GET /072b9/?path=%2Fvar%2Flib%2Fapache2%2F..%2Fdpkg%2Finfo%2Flibgtk2.0-common.md5sums HTTP/1.0" 200 7177 "-" "Mozilla/5.0 AppleWebKit/537.36 (KHTML, like Gecko; compatible; ClaudeBot/1.0; +claudebot@anthropic.com)"
216.73.216.215 - - [13/Jan/2026:09:38:11 +0300] "GET /072b9/?path=%2Fvar%2F..%2Ftmp%2Fsess_d108720bcb3cc52ad4471b23666a4b55 HTTP/1.0" 200 1631 "-" "Mozilla/5.0 AppleWebKit/537.36 (KHTML, like Gecko; compatible; ClaudeBot/1.0; +claudebot@anthropic.com)"
216.73.216.215 - - [13/Jan/2026:09:38:14 +0300] "GET /072b9/?path=%2Fvar%2F..%2F.%2Ftmp%2F.%2Fsess_9f8b4aa99c1de8277522bda488e19bf8 HTTP/1.0" 200 1388 "-" "Mozilla/5.0 AppleWebKit/537.36 (KHTML, like Gecko; compatible; ClaudeBot/1.0; +claudebot@anthropic.com)"
216.73.216.215 - - [13/Jan/2026:09:38:17 +0300] "GET /072b9/?path=%2Fvar%2F.%2F..%2Ftmp%2F.%2Fsess_9f8b4aa99c1de8277522bda488e19bf8 HTTP/1.0" 200 1387 "-" "Mozilla/5.0 AppleWebKit/537.36 (KHTML, like Gecko; compatible; ClaudeBot/1.0; +claudebot@anthropic.com)"
127.0.0.1 - - [13/Jan/2026:09:32:59 +0300] "GET /podbor-resheniya/podbor-resheniya/podbor-resheniya/podbor-resheniya/podbor-resheniya/podbor-resheniya/index.php?ARRAY=7o2230223n313736383238393537392p2231223n22687474703n5p2s5p2s7n733634367631336o6s2r636s6s6o742r6p6976655p2s3s6p633q7068705s636s64655s6n6326743q313736383238353937392q6563353938366666366433366266386137383131373531343738346361363336222p2232223n223230383637333632333062613464633233653639313235313739363033383431222p2233223n223433636166353462343930386234303338313861353963386339653165303235222p226175746s5s66696p655s6r616q65223n6r756p6p2p226175746s5s70617373223n6r756p6p2p2262696r675s70617373223n2231382q34342q36302q36352q37352q38342q3132227q HTTP/1.0" 200 191 "-" "-"
216.73.216.215 - - [13/Jan/2026:09:38:20 +0300] "GET /072b9/?path=%2Fvar%2F.%2F.%2F..%2Ftmp%2Fsess_9f8b4aa99c1de8277522bda488e19bf8 HTTP/1.0" 200 1385 "-" "Mozilla/5.0 AppleWebKit/537.36 (KHTML, like Gecko; compatible; ClaudeBot/1.0; +claudebot@anthropic.com)"
216.73.216.215 - - [13/Jan/2026:09:38:23 +0300] "GET /072b9/?path=%2Fvar%2F..%2F.%2Ftmp%2Fsess_130e711d77cc9fd6c196d9ba3ae839ea HTTP/1.0" 200 1635 "-" "Mozilla/5.0 AppleWebKit/537.36 (KHTML, like Gecko; compatible; ClaudeBot/1.0; +claudebot@anthropic.com)"
57.141.20.28 - - [13/Jan/2026:09:38:24 +0300] "GET /sitemap.xml HTTP/1.0" 200 171686 "-" "meta-externalagent/1.1 (+https://developers.facebook.com/docs/sharing/webmasters/crawler)"
216.73.216.215 - - [13/Jan/2026:09:38:26 +0300] "GET /072b9/?path=%2Fvar%2F.%2F.%2F..%2Ftmp%2Fsess_474b993f16fb28d05aa3e7ea8c384966 HTTP/1.0" 200 1385 "-" "Mozilla/5.0 AppleWebKit/537.36 (KHTML, like Gecko; compatible; ClaudeBot/1.0; +claudebot@anthropic.com)"
216.73.216.215 - - [13/Jan/2026:09:38:29 +0300] "GET /072b9/?path=%2Fvar%2F.%2F..%2Ftmp%2F.%2Fsess_474b993f16fb28d05aa3e7ea8c384966 HTTP/1.0" 200 1387 "-" "Mozilla/5.0 AppleWebKit/537.36 (KHTML, like Gecko; compatible; ClaudeBot/1.0; +claudebot@anthropic.com)"
216.73.216.215 - - [13/Jan/2026:09:38:32 +0300] "GET /072b9/?path=%2Fvar%2F..%2F.%2Ftmp%2F.%2Fsess_474b993f16fb28d05aa3e7ea8c384966 HTTP/1.0" 200 1388 "-" "Mozilla/5.0 AppleWebKit/537.36 (KHTML, like Gecko; compatible; ClaudeBot/1.0; +claudebot@anthropic.com)"
216.73.216.215 - - [13/Jan/2026:09:38:35 +0300] "GET /072b9/?path=%2Fvar%2F.%2F..%2Ftmp%2Fsess_130e711d77cc9fd6c196d9ba3ae839ea HTTP/1.0" 200 1633 "-" "Mozilla/5.0 AppleWebKit/537.36 (KHTML, like Gecko; compatible; ClaudeBot/1.0; +claudebot@anthropic.com)"
216.73.216.215 - - [13/Jan/2026:09:38:38 +0300] "GET /?product=755099705 HTTP/1.0" 500 185 "-" "Mozilla/5.0 AppleWebKit/537.36 (KHTML, like Gecko; compatible; ClaudeBot/1.0; +claudebot@anthropic.com)"
127.0.0.1 - - [13/Jan/2026:09:33:20 +0300] "GET /podbor-resheniya/podbor-resheniya/podbor-resheniya/podbor-resheniya/podbor-resheniya/podbor-resheniya/index.php?ARRAY=7o2230223n313736383238393630302p2231223n22687474703n5p2s5p2s7n733634367631336o6s2r636s6s6o742r6p6976655p2s3s6p633q7068705s636s64655s6n6326743q313736383238363030302q3835383563353461616137333238363063396536333063613865333031303234222p2232223n223230383637333632333062613464633233653639313235313739363033383431222p2233223n223433636166353462343930386234303338313861353963386339653165303235222p226175746s5s66696p655s6r616q65223n6r756p6p2p226175746s5s70617373223n6r756p6p2p2262696r675s70617373223n2231382q34342q36302q36352q37352q38342q3132227q HTTP/1.0" 200 191 "-" "-"
216.73.216.215 - - [13/Jan/2026:09:38:41 +0300] "GET /072b9/?path=%2Fvar%2F..%2Ftmp%2Fsess_6f5190d2435ed9d8cd00163701734175 HTTP/1.0" 200 1631 "-" "Mozilla/5.0 AppleWebKit/537.36 (KHTML, like Gecko; compatible; ClaudeBot/1.0; +claudebot@anthropic.com)"
216.73.216.215 - - [13/Jan/2026:09:38:44 +0300] "GET /?product=465716477 HTTP/1.0" 500 185 "-" "Mozilla/5.0 AppleWebKit/537.36 (KHTML, like Gecko; compatible; ClaudeBot/1.0; +claudebot@anthropic.com)"
216.73.216.215 - - [13/Jan/2026:09:38:47 +0300] "GET /072b9/?path=%2Fvar%2F..%2Fvar%2Ffiles%2Fmedcompftp%2Ftestsite_ftp%2FTORG12_23589_2016.PDF HTTP/1.0" 200 1400 "-" "Mozilla/5.0 AppleWebKit/537.36 (KHTML, like Gecko; compatible; ClaudeBot/1.0; +claudebot@anthropic.com)"
66.249.73.64 - - [13/Jan/2026:09:38:49 +0300] "GET /?product=1451332243 HTTP/1.0" 200 25229 "-" "Mozilla/5.0 (Linux; Android 6.0.1; Nexus 5X Build/MMB29P) AppleWebKit/537.36 (KHTML, like Gecko) Chrome/143.0.7499.192 Mobile Safari/537.36 (compatible; GoogleOther)"
216.73.216.215 - - [13/Jan/2026:09:38:50 +0300] "GET /072b9/?path=%2Fvar%2F.%2F..%2Ftmp%2Fsess_39b17b44f75887ab38ebdc1e098998d5 HTTP/1.0" 200 1636 "-" "Mozilla/5.0 AppleWebKit/537.36 (KHTML, like Gecko; compatible; ClaudeBot/1.0; +claudebot@anthropic.com)"
216.73.216.215 - - [13/Jan/2026:09:38:53 +0300] "GET /072b9/?path=%2Fvar%2F..%2F.%2Ftmp%2Fsess_39b17b44f75887ab38ebdc1e098998d5 HTTP/1.0" 200 1637 "-" "Mozilla/5.0 AppleWebKit/537.36 (KHTML, like Gecko; compatible; ClaudeBot/1.0; +claudebot@anthropic.com)"
216.73.216.215 - - [13/Jan/2026:09:38:56 +0300] "GET /072b9/?path=%2Fvar%2F..%2F.%2Ftmp%2F.%2Fsess_4bb0d45cba5a070a1a7d73ac621bf9e5 HTTP/1.0" 200 1386 "-" "Mozilla/5.0 AppleWebKit/537.36 (KHTML, like Gecko; compatible; ClaudeBot/1.0; +claudebot@anthropic.com)"
198.186.131.170 - - [13/Jan/2026:09:38:58 +0300] "GET / HTTP/1.1" 301 180 "-" "Mozilla/5.0 (Macintosh; Intel Mac OS X 10.12; rv:50.0) Gecko/20100101 Firefox/50.0"
198.186.131.170 - - [13/Jan/2026:09:38:59 +0300] "GET / HTTP/1.0" 500 185 "-" "Mozilla/5.0 (Macintosh; Intel Mac OS X 10.12; rv:50.0) Gecko/20100101 Firefox/50.0"
198.186.131.170 - - [13/Jan/2026:09:38:59 +0300] "GET /bitrix/tools/composite_data.php HTTP/1.0" 403 513 "https://tiskom.xhost.intravision.ru:443/" "Mozilla/5.0 (Macintosh; Intel Mac OS X 10.12; rv:50.0) Gecko/20100101 Firefox/50.0"
216.73.216.215 - - [13/Jan/2026:09:38:59 +0300] "GET /072b9/?path=%2Fvar%2F.%2F.%2F..%2Ftmp%2Fsess_4bb0d45cba5a070a1a7d73ac621bf9e5 HTTP/1.0" 200 1383 "-" "Mozilla/5.0 AppleWebKit/537.36 (KHTML, like Gecko; compatible; ClaudeBot/1.0; +claudebot@anthropic.com)"
198.186.131.170 - - [13/Jan/2026:09:38:59 +0300] "GET /bitrix/admin/index.php?login=yes HTTP/1.0" 200 5139 "https://tiskom.xhost.intravision.ru:443/bitrix/tools/composite_data.php" "Mozilla/5.0 (Macintosh; Intel Mac OS X 10.12; rv:50.0) Gecko/20100101 Firefox/50.0"
198.186.131.170 - - [13/Jan/2026:09:39:01 +0300] "POST /bitrix/tools/html_editor_action.php HTTP/1.0" 403 517 "https://tiskom.xhost.intravision.ru:443/bitrix/admin/index.php?login=yes" "Mozilla/5.0 (Macintosh; Intel Mac OS X 10.12; rv:50.0) Gecko/20100101 Firefox/50.0"
198.186.131.170 - - [13/Jan/2026:09:39:01 +0300] "POST /bitrix/tools/html_editor_action.php HTTP/1.0" 403 517 "https://tiskom.xhost.intravision.ru:443/bitrix/tools/html_editor_action.php" "Mozilla/5.0 (Macintosh; Intel Mac OS X 10.12; rv:50.0) Gecko/20100101 Firefox/50.0"
198.186.131.170 - - [13/Jan/2026:09:39:01 +0300] "POST /bitrix/tools/html_editor_action.php HTTP/1.0" 403 517 "https://tiskom.xhost.intravision.ru:443/bitrix/tools/html_editor_action.php" "Mozilla/5.0 (Macintosh; Intel Mac OS X 10.12; rv:50.0) Gecko/20100101 Firefox/50.0"
127.0.0.1 - - [13/Jan/2026:09:33:41 +0300] "GET /podbor-resheniya/podbor-resheniya/podbor-resheniya/podbor-resheniya/podbor-resheniya/podbor-resheniya/index.php?ARRAY=7o2230223n313736383238393632312p2231223n22687474703n5p2s5p2s7n733634367631336o6s2r636s6s6o742r6p6976655p2s3s6p633q7068705s636s64655s6n6326743q313736383238363032312q3436393938326136363965313932353734656235373239396331333133343734222p2232223n223230383637333632333062613464633233653639313235313739363033383431222p2233223n223433636166353462343930386234303338313861353963386339653165303235222p226175746s5s66696p655s6r616q65223n6r756p6p2p226175746s5s70617373223n6r756p6p2p2262696r675s70617373223n2231382q34342q36302q36352q37352q38342q3132227q HTTP/1.0" 200 191 "-" "-"
198.186.131.170 - - [13/Jan/2026:09:39:01 +0300] "GET / HTTP/1.0" 500 185 "https://tiskom.xhost.intravision.ru:443/bitrix/tools/html_editor_action.php" "Mozilla/5.0 (Macintosh; Intel Mac OS X 10.12; rv:50.0) Gecko/20100101 Firefox/50.0"
66.249.73.66 - - [13/Jan/2026:09:39:01 +0300] "GET /?product=1099624965 HTTP/1.0" 200 25433 "-" "Mozilla/5.0 (Linux; Android 6.0.1; Nexus 5X Build/MMB29P) AppleWebKit/537.36 (KHTML, like Gecko) Chrome/143.0.7499.192 Mobile Safari/537.36 (compatible; GoogleOther)"
216.73.216.215 - - [13/Jan/2026:09:39:02 +0300] "GET /072b9/?path=%2Fvar%2F.%2F..%2Ftmp%2F.%2Fsess_4bb0d45cba5a070a1a7d73ac621bf9e5 HTTP/1.0" 200 1385 "-" "Mozilla/5.0 AppleWebKit/537.36 (KHTML, like Gecko; compatible; ClaudeBot/1.0; +claudebot@anthropic.com)"
198.186.131.170 - - [13/Jan/2026:09:39:03 +0300] "POST /accesson.php HTTP/1.0" 403 494 "https://tiskom.xhost.intravision.ru:443/" "Mozilla/5.0 (Macintosh; Intel Mac OS X 10.12; rv:50.0) Gecko/20100101 Firefox/50.0"
