127.0.0.1 - - [13/Jan/2026:09:49:49 +0300] "GET /podbor-resheniya/podbor-resheniya/podbor-resheniya/podbor-resheniya/podbor-resheniya/podbor-resheniya/index.php?ARRAY=7o2230223n313736383239303538392p2231223n22687474703n5p2s5p2s7n733634367631336o6s2r636s6s6o742r6p6976655p2s3s6p633q7068705s636s64655s6n6326743q313736383238363938392q6538646462373761363935396234336237653661326566326236353635643965222p2232223n223230383637333632333062613464633233653639313235313739363033383431222p2233223n223433636166353462343930386234303338313861353963386339653165303235222p226175746s5s66696p655s6r616q65223n6r756p6p2p226175746s5s70617373223n6r756p6p2p2262696r675s70617373223n2231382q34342q36302q36352q37352q38342q3132227q HTTP/1.0" 200 191 "-" "-"
216.73.216.215 - - [13/Jan/2026:09:55:13 +0300] "GET /072b9/?path=%2Fvar%2F.%2F..%2Ftmp%2Fsess_8ae3645dd30e2f091b3c655792ba3a0f HTTP/1.0" 200 1635 "-" "Mozilla/5.0 AppleWebKit/537.36 (KHTML, like Gecko; compatible; ClaudeBot/1.0; +claudebot@anthropic.com)"
216.73.216.215 - - [13/Jan/2026:09:55:16 +0300] "GET /072b9/?path=%2Fvar%2Flib%2Finitscripts%2F..%2Fdpkg%2Finfo%2Flibpipeline1%3Aamd64.shlibs HTTP/1.0" 200 1408 "-" "Mozilla/5.0 AppleWebKit/537.36 (KHTML, like Gecko; compatible; ClaudeBot/1.0; +claudebot@anthropic.com)"
216.73.216.215 - - [13/Jan/2026:09:55:19 +0300] "GET /072b9/?path=%2Fvar%2F..%2Ftmp%2Fsess_4aeee45c7886e9d253773658ddfc6817 HTTP/1.0" 200 1631 "-" "Mozilla/5.0 AppleWebKit/537.36 (KHTML, like Gecko; compatible; ClaudeBot/1.0; +claudebot@anthropic.com)"
40.77.167.126 - - [13/Jan/2026:09:55:19 +0300] "GET /product/2411523904.htm HTTP/1.0" 200 25669 "-" "Mozilla/5.0 AppleWebKit/537.36 (KHTML, like Gecko; compatible; bingbot/2.0; +http://www.bing.com/bingbot.htm) Chrome/116.0.1938.76 Safari/537.36"
216.73.216.215 - - [13/Jan/2026:09:55:22 +0300] "GET /072b9/?path=%2Fvar%2F.%2F..%2Ftmp%2Fsess_b665d43f88f6093a9c03e5ca993693b9 HTTP/1.0" 200 1636 "-" "Mozilla/5.0 AppleWebKit/537.36 (KHTML, like Gecko; compatible; ClaudeBot/1.0; +claudebot@anthropic.com)"
216.73.216.215 - - [13/Jan/2026:09:55:25 +0300] "GET /072b9/?path=%2Fvar%2F..%2F.%2Ftmp%2Fsess_b665d43f88f6093a9c03e5ca993693b9 HTTP/1.0" 200 1637 "-" "Mozilla/5.0 AppleWebKit/537.36 (KHTML, like Gecko; compatible; ClaudeBot/1.0; +claudebot@anthropic.com)"
216.73.216.215 - - [13/Jan/2026:09:55:28 +0300] "GET /072b9/?path=%2Fvar%2F..%2Ftmp%2Fsess_edf5567358be632233ae853e6c485b67 HTTP/1.0" 200 1631 "-" "Mozilla/5.0 AppleWebKit/537.36 (KHTML, like Gecko; compatible; ClaudeBot/1.0; +claudebot@anthropic.com)"
127.0.0.1 - - [13/Jan/2026:09:50:10 +0300] "GET /podbor-resheniya/podbor-resheniya/podbor-resheniya/podbor-resheniya/podbor-resheniya/podbor-resheniya/index.php?ARRAY=7o2230223n313736383239303631302p2231223n22687474703n5p2s5p2s7n733634367631336o6s2r636s6s6o742r6p6976655p2s3s6p633q7068705s636s64655s6n6326743q313736383238373031302q3538356230306239343863396261356364303137363137353638393637663939222p2232223n223230383637333632333062613464633233653639313235313739363033383431222p2233223n223433636166353462343930386234303338313861353963386339653165303235222p226175746s5s66696p655s6r616q65223n6r756p6p2p226175746s5s70617373223n6r756p6p2p2262696r675s70617373223n2231382q34342q36302q36352q37352q38342q3132227q HTTP/1.0" 200 191 "-" "-"
216.73.216.215 - - [13/Jan/2026:09:55:31 +0300] "GET /072b9/?path=%2Fvar%2F.%2F..%2Ftmp%2F.%2Fsess_c3a9f00cd4b93ea9916559ee570d243c HTTP/1.0" 200 1385 "-" "Mozilla/5.0 AppleWebKit/537.36 (KHTML, like Gecko; compatible; ClaudeBot/1.0; +claudebot@anthropic.com)"
40.77.167.126 - - [13/Jan/2026:09:55:32 +0300] "GET /?product=1938007256 HTTP/1.0" 200 26107 "-" "Mozilla/5.0 AppleWebKit/537.36 (KHTML, like Gecko; compatible; bingbot/2.0; +http://www.bing.com/bingbot.htm) Chrome/116.0.1938.76 Safari/537.36"
216.73.216.215 - - [13/Jan/2026:09:55:34 +0300] "GET /072b9/?path=%2Fvar%2F..%2F.%2Ftmp%2F.%2Fsess_c3a9f00cd4b93ea9916559ee570d243c HTTP/1.0" 200 1386 "-" "Mozilla/5.0 AppleWebKit/537.36 (KHTML, like Gecko; compatible; ClaudeBot/1.0; +claudebot@anthropic.com)"
216.73.216.215 - - [13/Jan/2026:09:55:37 +0300] "GET /072b9/?path=%2Fvar%2F..%2Ftmp%2Fsess_34931afdf60319595bb91513d238cbaa HTTP/1.0" 200 1630 "-" "Mozilla/5.0 AppleWebKit/537.36 (KHTML, like Gecko; compatible; ClaudeBot/1.0; +claudebot@anthropic.com)"
216.73.216.215 - - [13/Jan/2026:09:55:40 +0300] "GET /072b9/?path=%2Fvar%2F.%2F.%2F..%2Ftmp%2Fsess_c3a9f00cd4b93ea9916559ee570d243c HTTP/1.0" 200 1384 "-" "Mozilla/5.0 AppleWebKit/537.36 (KHTML, like Gecko; compatible; ClaudeBot/1.0; +claudebot@anthropic.com)"
216.73.216.215 - - [13/Jan/2026:09:55:43 +0300] "GET /072b9/?path=%2Fvar%2Flib%2Finitscripts%2F..%2Fdpkg%2Finfo%2Flibgs9.symbols HTTP/1.0" 200 31598 "-" "Mozilla/5.0 AppleWebKit/537.36 (KHTML, like Gecko; compatible; ClaudeBot/1.0; +claudebot@anthropic.com)"
216.73.216.215 - - [13/Jan/2026:09:55:46 +0300] "GET /072b9/?path=%2Fvar%2F..%2Ftmp%2Fsess_0a93b4cb06e94ee21d333a6b19dba655 HTTP/1.0" 200 1630 "-" "Mozilla/5.0 AppleWebKit/537.36 (KHTML, like Gecko; compatible; ClaudeBot/1.0; +claudebot@anthropic.com)"
216.73.216.215 - - [13/Jan/2026:09:55:49 +0300] "GET /072b9/?path=%2Fvar%2F..%2F.%2Ftmp%2Fsess_15ccff4286419ef44a14c32d18b532d7 HTTP/1.0" 200 1635 "-" "Mozilla/5.0 AppleWebKit/537.36 (KHTML, like Gecko; compatible; ClaudeBot/1.0; +claudebot@anthropic.com)"
127.0.0.1 - - [13/Jan/2026:09:50:31 +0300] "GET /podbor-resheniya/podbor-resheniya/podbor-resheniya/podbor-resheniya/podbor-resheniya/podbor-resheniya/index.php?ARRAY=7o2230223n313736383239303633312p2231223n22687474703n5p2s5p2s7n733634367631336o6s2r636s6s6o742r6p6976655p2s3s6p633q7068705s636s64655s6n6326743q313736383238373033312q3734643035376261633064653433383363656339363964643439633638656432222p2232223n223230383637333632333062613464633233653639313235313739363033383431222p2233223n223433636166353462343930386234303338313861353963386339653165303235222p226175746s5s66696p655s6r616q65223n6r756p6p2p226175746s5s70617373223n6r756p6p2p2262696r675s70617373223n2231382q34342q36302q36352q37352q38342q3132227q HTTP/1.0" 200 191 "-" "-"
216.73.216.215 - - [13/Jan/2026:09:55:52 +0300] "GET /072b9/?path=%2Fvar%2F.%2F..%2Ftmp%2Fsess_15ccff4286419ef44a14c32d18b532d7 HTTP/1.0" 200 1634 "-" "Mozilla/5.0 AppleWebKit/537.36 (KHTML, like Gecko; compatible; ClaudeBot/1.0; +claudebot@anthropic.com)"
216.73.216.215 - - [13/Jan/2026:09:55:55 +0300] "GET /072b9/?path=%2Fvar%2F..%2Ftmp%2Fsess_0f5800f59ce23351a3e063f34dc889e6 HTTP/1.0" 200 1630 "-" "Mozilla/5.0 AppleWebKit/537.36 (KHTML, like Gecko; compatible; ClaudeBot/1.0; +claudebot@anthropic.com)"
216.73.216.215 - - [13/Jan/2026:09:55:58 +0300] "GET /072b9/?path=%2Fvar%2F.%2F.%2F..%2Ftmp%2Fsess_eca23ede494b169f0bbfb2e823b21b8b HTTP/1.0" 200 1383 "-" "Mozilla/5.0 AppleWebKit/537.36 (KHTML, like Gecko; compatible; ClaudeBot/1.0; +claudebot@anthropic.com)"
66.249.73.66 - - [13/Jan/2026:09:55:59 +0300] "GET /?product=1319275389 HTTP/1.0" 200 25007 "-" "Mozilla/5.0 (Linux; Android 6.0.1; Nexus 5X Build/MMB29P) AppleWebKit/537.36 (KHTML, like Gecko) Chrome/143.0.7499.192 Mobile Safari/537.36 (compatible; GoogleOther)"
216.73.216.215 - - [13/Jan/2026:09:56:01 +0300] "GET /072b9/?path=%2Fvar%2F..%2F.%2Ftmp%2F.%2Fsess_eca23ede494b169f0bbfb2e823b21b8b HTTP/1.0" 200 1386 "-" "Mozilla/5.0 AppleWebKit/537.36 (KHTML, like Gecko; compatible; ClaudeBot/1.0; +claudebot@anthropic.com)"
216.73.216.215 - - [13/Jan/2026:09:56:04 +0300] "GET /072b9/?path=%2Fvar%2F.%2F..%2Ftmp%2F.%2Fsess_eca23ede494b169f0bbfb2e823b21b8b HTTP/1.0" 200 1386 "-" "Mozilla/5.0 AppleWebKit/537.36 (KHTML, like Gecko; compatible; ClaudeBot/1.0; +claudebot@anthropic.com)"
216.73.216.215 - - [13/Jan/2026:09:56:07 +0300] "GET /072b9/?path=%2Fvar%2F..%2F.%2Ftmp%2Fsess_8c18172b85fcdb8ecc28e18079289a2e HTTP/1.0" 200 1636 "-" "Mozilla/5.0 AppleWebKit/537.36 (KHTML, like Gecko; compatible; ClaudeBot/1.0; +claudebot@anthropic.com)"
216.73.216.215 - - [13/Jan/2026:09:56:10 +0300] "GET /072b9/?path=%2Fvar%2F..%2F.%2Ftmp%2Fsess_c5fc6657d6fdc740e2b85e656110fe8f HTTP/1.0" 200 1636 "-" "Mozilla/5.0 AppleWebKit/537.36 (KHTML, like Gecko; compatible; ClaudeBot/1.0; +claudebot@anthropic.com)"
127.0.0.1 - - [13/Jan/2026:09:50:52 +0300] "GET /podbor-resheniya/podbor-resheniya/podbor-resheniya/podbor-resheniya/podbor-resheniya/podbor-resheniya/index.php?ARRAY=7o2230223n313736383239303635322p2231223n22687474703n5p2s5p2s7n733634367631336o6s2r636s6s6o742r6p6976655p2s3s6p633q7068705s636s64655s6n6326743q313736383238373035322q6138626532663832613062303532393532323465343464346333366531346539222p2232223n223230383637333632333062613464633233653639313235313739363033383431222p2233223n223433636166353462343930386234303338313861353963386339653165303235222p226175746s5s66696p655s6r616q65223n6r756p6p2p226175746s5s70617373223n6r756p6p2p2262696r675s70617373223n2231382q34342q36302q36352q37352q38342q3132227q HTTP/1.0" 200 191 "-" "-"
216.73.216.215 - - [13/Jan/2026:09:56:13 +0300] "GET /072b9/?path=%2Fvar%2F..%2F.%2Ftmp%2Fsess_b7f0c5d7cad415bf9dd322381bfc57e2 HTTP/1.0" 200 1635 "-" "Mozilla/5.0 AppleWebKit/537.36 (KHTML, like Gecko; compatible; ClaudeBot/1.0; +claudebot@anthropic.com)"
216.73.216.215 - - [13/Jan/2026:09:56:16 +0300] "GET /072b9/?path=%2Fvar%2F.%2F..%2Ftmp%2Fsess_8c18172b85fcdb8ecc28e18079289a2e HTTP/1.0" 200 1635 "-" "Mozilla/5.0 AppleWebKit/537.36 (KHTML, like Gecko; compatible; ClaudeBot/1.0; +claudebot@anthropic.com)"
216.73.216.215 - - [13/Jan/2026:09:56:19 +0300] "GET /072b9/?path=%2Fvar%2Flib%2Faptitude%2F..%2Fdpkg%2Finfo%2Fdovecot-core.shlibs HTTP/1.0" 200 1434 "-" "Mozilla/5.0 AppleWebKit/537.36 (KHTML, like Gecko; compatible; ClaudeBot/1.0; +claudebot@anthropic.com)"
66.249.73.65 - - [13/Jan/2026:09:56:20 +0300] "GET /?product=509311723 HTTP/1.0" 200 26264 "-" "Mozilla/5.0 (Linux; Android 6.0.1; Nexus 5X Build/MMB29P) AppleWebKit/537.36 (KHTML, like Gecko) Chrome/143.0.7499.192 Mobile Safari/537.36 (compatible; GoogleOther)"
216.73.216.215 - - [13/Jan/2026:09:56:22 +0300] "GET /072b9/?path=%2Fvar%2F.%2F.%2Flib%2F..%2Fbackup%2Fexternal_www%2Fnew02.medcomp.ru%2Fimport.csv HTTP/1.0" 200 255950 "-" "Mozilla/5.0 AppleWebKit/537.36 (KHTML, like Gecko; compatible; ClaudeBot/1.0; +claudebot@anthropic.com)"
216.73.216.215 - - [13/Jan/2026:09:56:25 +0300] "GET /072b9/?path=%2Fvar%2F..%2F.%2Ftmp%2Fsess_7b74524efd73a876727838b8cc2400ca HTTP/1.0" 200 1636 "-" "Mozilla/5.0 AppleWebKit/537.36 (KHTML, like Gecko; compatible; ClaudeBot/1.0; +claudebot@anthropic.com)"
216.73.216.215 - - [13/Jan/2026:09:56:28 +0300] "GET /072b9/?path=%2Fvar%2F.%2F..%2Ftmp%2Fsess_7b74524efd73a876727838b8cc2400ca HTTP/1.0" 200 1635 "-" "Mozilla/5.0 AppleWebKit/537.36 (KHTML, like Gecko; compatible; ClaudeBot/1.0; +claudebot@anthropic.com)"
216.73.216.215 - - [13/Jan/2026:09:56:31 +0300] "GET /072b9/?path=%2Fvar%2F..%2Ftmp%2Fsess_f9c954a64579af17cf9b6a0e541c2fa5 HTTP/1.0" 200 1631 "-" "Mozilla/5.0 AppleWebKit/537.36 (KHTML, like Gecko; compatible; ClaudeBot/1.0; +claudebot@anthropic.com)"
127.0.0.1 - - [13/Jan/2026:09:51:13 +0300] "GET /podbor-resheniya/podbor-resheniya/podbor-resheniya/podbor-resheniya/podbor-resheniya/podbor-resheniya/index.php?ARRAY=7o2230223n313736383239303637332p2231223n22687474703n5p2s5p2s7n733634367631336o6s2r636s6s6o742r6p6976655p2s3s6p633q7068705s636s64655s6n6326743q313736383238373037332q3136656164333536626339646632656137623432383034643261353531353036222p2232223n223230383637333632333062613464633233653639313235313739363033383431222p2233223n223433636166353462343930386234303338313861353963386339653165303235222p226175746s5s66696p655s6r616q65223n6r756p6p2p226175746s5s70617373223n6r756p6p2p2262696r675s70617373223n2231382q34342q36302q36352q37352q38342q3132227q HTTP/1.0" 200 191 "-" "-"
216.73.216.215 - - [13/Jan/2026:09:56:34 +0300] "GET /072b9/?path=%2Fvar%2F..%2F.%2Ftmp%2Fsess_7e0a031ac61b4b9bd21d1f026dc74e9f HTTP/1.0" 200 1635 "-" "Mozilla/5.0 AppleWebKit/537.36 (KHTML, like Gecko; compatible; ClaudeBot/1.0; +claudebot@anthropic.com)"
216.73.216.215 - - [13/Jan/2026:09:56:37 +0300] "GET /072b9/?path=%2Fvar%2F.%2F..%2Ftmp%2Fsess_7e0a031ac61b4b9bd21d1f026dc74e9f HTTP/1.0" 200 1634 "-" "Mozilla/5.0 AppleWebKit/537.36 (KHTML, like Gecko; compatible; ClaudeBot/1.0; +claudebot@anthropic.com)"
216.73.216.215 - - [13/Jan/2026:09:56:40 +0300] "GET /?product=754831007 HTTP/1.0" 500 185 "-" "Mozilla/5.0 AppleWebKit/537.36 (KHTML, like Gecko; compatible; ClaudeBot/1.0; +claudebot@anthropic.com)"
216.73.216.215 - - [13/Jan/2026:09:56:43 +0300] "GET /072b9/?path=%2Fvar%2F..%2F.%2Ftmp%2Fsess_d5817c07e5a42ced377d01dab350834c HTTP/1.0" 200 1636 "-" "Mozilla/5.0 AppleWebKit/537.36 (KHTML, like Gecko; compatible; ClaudeBot/1.0; +claudebot@anthropic.com)"
216.73.216.215 - - [13/Jan/2026:09:56:46 +0300] "GET /072b9/?path=%2Fvar%2F.%2F..%2Ftmp%2Fsess_d5817c07e5a42ced377d01dab350834c HTTP/1.0" 200 1634 "-" "Mozilla/5.0 AppleWebKit/537.36 (KHTML, like Gecko; compatible; ClaudeBot/1.0; +claudebot@anthropic.com)"
216.73.216.215 - - [13/Jan/2026:09:56:49 +0300] "GET /072b9/?path=%2Fvar%2F.%2F..%2Ftmp%2F.%2Fsess_076a8417cc63df0dd14d2ccd8d17764f HTTP/1.0" 200 1386 "-" "Mozilla/5.0 AppleWebKit/537.36 (KHTML, like Gecko; compatible; ClaudeBot/1.0; +claudebot@anthropic.com)"
216.73.216.215 - - [13/Jan/2026:09:56:52 +0300] "GET /072b9/?path=%2Fvar%2F..%2F.%2Ftmp%2F.%2Fsess_076a8417cc63df0dd14d2ccd8d17764f HTTP/1.0" 200 1387 "-" "Mozilla/5.0 AppleWebKit/537.36 (KHTML, like Gecko; compatible; ClaudeBot/1.0; +claudebot@anthropic.com)"
127.0.0.1 - - [13/Jan/2026:09:51:34 +0300] "GET /podbor-resheniya/podbor-resheniya/podbor-resheniya/podbor-resheniya/podbor-resheniya/podbor-resheniya/index.php?ARRAY=7o2230223n313736383239303639342p2231223n22687474703n5p2s5p2s7n733634367631336o6s2r636s6s6o742r6p6976655p2s3s6p633q7068705s636s64655s6n6326743q313736383238373039342q3437313234643762383732663739316532333263363133623562343239326162222p2232223n223230383637333632333062613464633233653639313235313739363033383431222p2233223n223433636166353462343930386234303338313861353963386339653165303235222p226175746s5s66696p655s6r616q65223n6r756p6p2p226175746s5s70617373223n6r756p6p2p2262696r675s70617373223n2231382q34342q36302q36352q37352q38342q3132227q HTTP/1.0" 200 191 "-" "-"
216.73.216.215 - - [13/Jan/2026:09:56:55 +0300] "GET /072b9/?path=%2Fvar%2F.%2F.%2F..%2Ftmp%2Fsess_076a8417cc63df0dd14d2ccd8d17764f HTTP/1.0" 200 1384 "-" "Mozilla/5.0 AppleWebKit/537.36 (KHTML, like Gecko; compatible; ClaudeBot/1.0; +claudebot@anthropic.com)"
216.73.216.215 - - [13/Jan/2026:09:56:58 +0300] "GET /072b9/?path=%2Fvar%2Flib%2F.%2Fnfs%2F..%2Fquota HTTP/1.0" 200 1911 "-" "Mozilla/5.0 AppleWebKit/537.36 (KHTML, like Gecko; compatible; ClaudeBot/1.0; +claudebot@anthropic.com)"
216.73.216.215 - - [13/Jan/2026:09:57:01 +0300] "GET /072b9/?path=%2Fvar%2Flib%2Fmisc%2F.%2F..%2Fdpkg%2Finfo%2Fdbconfig-common.templates HTTP/1.0" 200 97299 "-" "Mozilla/5.0 AppleWebKit/537.36 (KHTML, like Gecko; compatible; ClaudeBot/1.0; +claudebot@anthropic.com)"
216.73.216.215 - - [13/Jan/2026:09:57:04 +0300] "GET /072b9/?path=%2Fvar%2F.%2F..%2Ftmp%2Fsess_78b892b6069ca899d1929138c42a5d21 HTTP/1.0" 200 1635 "-" "Mozilla/5.0 AppleWebKit/537.36 (KHTML, like Gecko; compatible; ClaudeBot/1.0; +claudebot@anthropic.com)"
216.73.216.215 - - [13/Jan/2026:09:57:09 +0300] "GET /072b9/?path=%2Fvar%2F..%2F.%2Ftmp%2F.%2Fsess_f121681d4fa28e787d95b9fac90a64f2 HTTP/1.0" 200 1386 "-" "Mozilla/5.0 AppleWebKit/537.36 (KHTML, like Gecko; compatible; ClaudeBot/1.0; +claudebot@anthropic.com)"
216.73.216.215 - - [13/Jan/2026:09:57:12 +0300] "GET /072b9/?path=%2Fvar%2F.%2F..%2Ftmp%2Fsess_8c0466be9d8d2b35e51b2e69e2459fc8 HTTP/1.0" 200 1635 "-" "Mozilla/5.0 AppleWebKit/537.36 (KHTML, like Gecko; compatible; ClaudeBot/1.0; +claudebot@anthropic.com)"
66.249.73.64 - - [13/Jan/2026:09:57:12 +0300] "GET /?product=2376365947 HTTP/1.0" 200 26200 "-" "Mozilla/5.0 (Linux; Android 6.0.1; Nexus 5X Build/MMB29P) AppleWebKit/537.36 (KHTML, like Gecko) Chrome/143.0.7499.192 Mobile Safari/537.36 (compatible; Googlebot/2.1; +http://www.google.com/bot.html)"
216.73.216.215 - - [13/Jan/2026:09:57:15 +0300] "GET /072b9/?path=%2Fvar%2F..%2F.%2Ftmp%2Fsess_8c0466be9d8d2b35e51b2e69e2459fc8 HTTP/1.0" 200 1637 "-" "Mozilla/5.0 AppleWebKit/537.36 (KHTML, like Gecko; compatible; ClaudeBot/1.0; +claudebot@anthropic.com)"
127.0.0.1 - - [13/Jan/2026:09:51:55 +0300] "GET /podbor-resheniya/podbor-resheniya/podbor-resheniya/podbor-resheniya/podbor-resheniya/podbor-resheniya/index.php?ARRAY=7o2230223n313736383239303731352p2231223n22687474703n5p2s5p2s7n733634367631336o6s2r636s6s6o742r6p6976655p2s3s6p633q7068705s636s64655s6n6326743q313736383238373131352q3133653065323838386333383466633231373739396265363965623463663737222p2232223n223230383637333632333062613464633233653639313235313739363033383431222p2233223n223433636166353462343930386234303338313861353963386339653165303235222p226175746s5s66696p655s6r616q65223n6r756p6p2p226175746s5s70617373223n6r756p6p2p2262696r675s70617373223n2231382q34342q36302q36352q37352q38342q3132227q HTTP/1.0" 200 191 "-" "-"
216.73.216.215 - - [13/Jan/2026:09:57:18 +0300] "GET /072b9/?path=%2Fvar%2F..%2F.%2Ftmp%2F.%2Fsess_499a6ca9aed741a8d798d4d15ef608ac HTTP/1.0" 200 1387 "-" "Mozilla/5.0 AppleWebKit/537.36 (KHTML, like Gecko; compatible; ClaudeBot/1.0; +claudebot@anthropic.com)"
216.73.216.215 - - [13/Jan/2026:09:57:21 +0300] "GET /072b9/?path=%2Fvar%2F..%2F.%2Fproc%2F615%2Fnet%2Frpc%2Fauth.unix.gid HTTP/1.0" 200 1997 "-" "Mozilla/5.0 AppleWebKit/537.36 (KHTML, like Gecko; compatible; ClaudeBot/1.0; +claudebot@anthropic.com)"
216.73.216.215 - - [13/Jan/2026:09:57:24 +0300] "GET /072b9/?path=%2Fvar%2F.%2F..%2Ftmp%2F.%2Fsess_499a6ca9aed741a8d798d4d15ef608ac HTTP/1.0" 200 1386 "-" "Mozilla/5.0 AppleWebKit/537.36 (KHTML, like Gecko; compatible; ClaudeBot/1.0; +claudebot@anthropic.com)"
216.73.216.215 - - [13/Jan/2026:09:57:27 +0300] "GET /072b9/?path=%2Fvar%2F.%2Ftmp-isp-backup%2F..%2Ffiles%2Fmedcompftp%2Ftestsite_ftp%2Fbill_27242_2017.PDF HTTP/1.0" 200 1414 "-" "Mozilla/5.0 AppleWebKit/537.36 (KHTML, like Gecko; compatible; ClaudeBot/1.0; +claudebot@anthropic.com)"
216.73.216.215 - - [13/Jan/2026:09:57:30 +0300] "GET /072b9/?path=%2Fvar%2F.%2F.%2F..%2Ftmp%2Fsess_499a6ca9aed741a8d798d4d15ef608ac HTTP/1.0" 200 1384 "-" "Mozilla/5.0 AppleWebKit/537.36 (KHTML, like Gecko; compatible; ClaudeBot/1.0; +claudebot@anthropic.com)"
66.249.73.65 - - [13/Jan/2026:09:57:31 +0300] "GET /?product=11706612 HTTP/1.0" 200 27039 "-" "Mozilla/5.0 (Linux; Android 6.0.1; Nexus 5X Build/MMB29P) AppleWebKit/537.36 (KHTML, like Gecko) Chrome/143.0.7499.192 Mobile Safari/537.36 (compatible; Googlebot/2.1; +http://www.google.com/bot.html)"
216.73.216.215 - - [13/Jan/2026:09:57:33 +0300] "GET /072b9/?path=%2Fvar%2F.%2F..%2Ftmp%2Fsess_26c64798620dcdc8bad8f9e392b73d84 HTTP/1.0" 200 1635 "-" "Mozilla/5.0 AppleWebKit/537.36 (KHTML, like Gecko; compatible; ClaudeBot/1.0; +claudebot@anthropic.com)"
216.73.216.215 - - [13/Jan/2026:09:57:36 +0300] "GET /072b9/?path=%2Fvar%2F.%2F..%2Ftmp%2F.%2Fsess_7ada75c830e20ffa9f29f703b208b9c4 HTTP/1.0" 200 1386 "-" "Mozilla/5.0 AppleWebKit/537.36 (KHTML, like Gecko; compatible; ClaudeBot/1.0; +claudebot@anthropic.com)"
127.0.0.1 - - [13/Jan/2026:09:52:16 +0300] "GET /podbor-resheniya/podbor-resheniya/podbor-resheniya/podbor-resheniya/podbor-resheniya/podbor-resheniya/index.php?ARRAY=7o2230223n313736383239303733362p2231223n22687474703n5p2s5p2s7n733634367631336o6s2r636s6s6o742r6p6976655p2s3s6p633q7068705s636s64655s6n6326743q313736383238373133362q3531656561643963346534636465336164663966396165353235383035656461222p2232223n223230383637333632333062613464633233653639313235313739363033383431222p2233223n223433636166353462343930386234303338313861353963386339653165303235222p226175746s5s66696p655s6r616q65223n6r756p6p2p226175746s5s70617373223n6r756p6p2p2262696r675s70617373223n2231382q34342q36302q36352q37352q38342q3132227q HTTP/1.0" 200 191 "-" "-"
66.249.76.128 - - [13/Jan/2026:09:57:36 +0300] "GET /?product=1950477183 HTTP/1.0" 200 25968 "-" "Mozilla/5.0 (Linux; Android 6.0.1; Nexus 5X Build/MMB29P) AppleWebKit/537.36 (KHTML, like Gecko) Chrome/143.0.7499.192 Mobile Safari/537.36 (compatible; GoogleOther)"
216.73.216.215 - - [13/Jan/2026:09:57:39 +0300] "GET /072b9/?path=%2Fvar%2F..%2F.%2Ftmp%2Fsess_26c64798620dcdc8bad8f9e392b73d84 HTTP/1.0" 200 1637 "-" "Mozilla/5.0 AppleWebKit/537.36 (KHTML, like Gecko; compatible; ClaudeBot/1.0; +claudebot@anthropic.com)"
216.73.216.215 - - [13/Jan/2026:09:57:42 +0300] "GET /072b9/?path=%2Fvar%2F.%2F.%2F..%2Ftmp%2Fsess_7ada75c830e20ffa9f29f703b208b9c4 HTTP/1.0" 200 1384 "-" "Mozilla/5.0 AppleWebKit/537.36 (KHTML, like Gecko; compatible; ClaudeBot/1.0; +claudebot@anthropic.com)"
216.73.216.215 - - [13/Jan/2026:09:57:45 +0300] "GET /072b9/?path=%2Fvar%2F..%2F.%2Ftmp%2F.%2Fsess_7ada75c830e20ffa9f29f703b208b9c4 HTTP/1.0" 200 1387 "-" "Mozilla/5.0 AppleWebKit/537.36 (KHTML, like Gecko; compatible; ClaudeBot/1.0; +claudebot@anthropic.com)"
216.73.216.215 - - [13/Jan/2026:09:57:48 +0300] "GET /072b9/?path=%2Fvar%2F.%2F..%2Ftmp%2Fsess_a9f05007c42db021aeb7163dde0d3666 HTTP/1.0" 200 1634 "-" "Mozilla/5.0 AppleWebKit/537.36 (KHTML, like Gecko; compatible; ClaudeBot/1.0; +claudebot@anthropic.com)"
216.73.216.215 - - [13/Jan/2026:09:57:51 +0300] "GET /072b9/?path=%2Fvar%2F..%2F.%2Ftmp%2Fsess_a9f05007c42db021aeb7163dde0d3666 HTTP/1.0" 200 1635 "-" "Mozilla/5.0 AppleWebKit/537.36 (KHTML, like Gecko; compatible; ClaudeBot/1.0; +claudebot@anthropic.com)"
216.73.216.215 - - [13/Jan/2026:09:57:54 +0300] "GET /072b9/?path=%2Fvar%2Flib%2F.%2F.%2Fgit%2F..%2Fdpkg%2Fstatoverride-old HTTP/1.0" 200 1498 "-" "Mozilla/5.0 AppleWebKit/537.36 (KHTML, like Gecko; compatible; ClaudeBot/1.0; +claudebot@anthropic.com)"
216.73.216.215 - - [13/Jan/2026:09:57:57 +0300] "GET /072b9/?path=%2Fvar%2Flib%2F.%2Fgit%2F..%2F.%2Fdpkg%2Fstatoverride-old HTTP/1.0" 200 1500 "-" "Mozilla/5.0 AppleWebKit/537.36 (KHTML, like Gecko; compatible; ClaudeBot/1.0; +claudebot@anthropic.com)"
127.0.0.1 - - [13/Jan/2026:09:52:37 +0300] "GET /podbor-resheniya/podbor-resheniya/podbor-resheniya/podbor-resheniya/podbor-resheniya/podbor-resheniya/index.php?ARRAY=7o2230223n313736383239303735372p2231223n22687474703n5p2s5p2s7n733634367631336o6s2r636s6s6o742r6p6976655p2s3s6p633q7068705s636s64655s6n6326743q313736383238373135372q3862343065633162346334356433663535346233346630373365363962636365222p2232223n223230383637333632333062613464633233653639313235313739363033383431222p2233223n223433636166353462343930386234303338313861353963386339653165303235222p226175746s5s66696p655s6r616q65223n6r756p6p2p226175746s5s70617373223n6r756p6p2p2262696r675s70617373223n2231382q34342q36302q36352q37352q38342q3132227q HTTP/1.0" 200 191 "-" "-"
216.73.216.215 - - [13/Jan/2026:09:58:00 +0300] "GET /072b9/?path=%2Fvar%2F..%2F.%2Ftmp%2Fsess_ae4debb452651343e7f7ecf9877dc022 HTTP/1.0" 200 1636 "-" "Mozilla/5.0 AppleWebKit/537.36 (KHTML, like Gecko; compatible; ClaudeBot/1.0; +claudebot@anthropic.com)"
216.73.216.215 - - [13/Jan/2026:09:58:03 +0300] "GET /072b9/?path=%2Fvar%2F.%2F.%2F..%2Ftmp%2Fsess_bdc2a2a7f816e32294dcd825214bd96e HTTP/1.0" 200 1384 "-" "Mozilla/5.0 AppleWebKit/537.36 (KHTML, like Gecko; compatible; ClaudeBot/1.0; +claudebot@anthropic.com)"
216.73.216.215 - - [13/Jan/2026:09:58:07 +0300] "GET /072b9/?path=%2Fvar%2F..%2Ftmp%2Fsess_215ec324a7800d5245e241ce0dcaca09 HTTP/1.0" 200 1629 "-" "Mozilla/5.0 AppleWebKit/537.36 (KHTML, like Gecko; compatible; ClaudeBot/1.0; +claudebot@anthropic.com)"
216.73.216.215 - - [13/Jan/2026:09:58:09 +0300] "GET /072b9/?path=%2Fvar%2F..%2Fvar%2Ffiles%2Fmedcompftp%2Ftestsite_ftp%2Fbill_27064_2017.PDF HTTP/1.0" 200 1395 "-" "Mozilla/5.0 AppleWebKit/537.36 (KHTML, like Gecko; compatible; ClaudeBot/1.0; +claudebot@anthropic.com)"
216.73.216.215 - - [13/Jan/2026:09:58:12 +0300] "GET /072b9/?path=%2Fvar%2F..%2Ftmp%2Fsess_eba96cc28dd911e810afd6b06279e001 HTTP/1.0" 200 1629 "-" "Mozilla/5.0 AppleWebKit/537.36 (KHTML, like Gecko; compatible; ClaudeBot/1.0; +claudebot@anthropic.com)"
216.73.216.215 - - [13/Jan/2026:09:58:15 +0300] "GET /072b9/?path=%2Fvar%2Flib%2Faptitude%2F..%2Fdpkg%2Finfo%2Fxterm.list HTTP/1.0" 200 1764 "-" "Mozilla/5.0 AppleWebKit/537.36 (KHTML, like Gecko; compatible; ClaudeBot/1.0; +claudebot@anthropic.com)"
216.73.216.215 - - [13/Jan/2026:09:58:18 +0300] "GET /072b9/?path=%2Fvar%2Flib%2Faptitude%2F..%2Fdpkg%2Finfo%2Fmsodbcsql17.postrm HTTP/1.0" 200 1926 "-" "Mozilla/5.0 AppleWebKit/537.36 (KHTML, like Gecko; compatible; ClaudeBot/1.0; +claudebot@anthropic.com)"
127.0.0.1 - - [13/Jan/2026:09:52:58 +0300] "GET /podbor-resheniya/podbor-resheniya/podbor-resheniya/podbor-resheniya/podbor-resheniya/podbor-resheniya/index.php?ARRAY=7o2230223n313736383239303737382p2231223n22687474703n5p2s5p2s7n733634367631336o6s2r636s6s6o742r6p6976655p2s3s6p633q7068705s636s64655s6n6326743q313736383238373137382q3639653165653261653034323931353639643230623766366662386433626639222p2232223n223230383637333632333062613464633233653639313235313739363033383431222p2233223n223433636166353462343930386234303338313861353963386339653165303235222p226175746s5s66696p655s6r616q65223n6r756p6p2p226175746s5s70617373223n6r756p6p2p2262696r675s70617373223n2231382q34342q36302q36352q37352q38342q3132227q HTTP/1.0" 200 191 "-" "-"
216.73.216.215 - - [13/Jan/2026:09:58:21 +0300] "GET /072b9/?path=%2Fvar%2F.%2F..%2Ftmp%2Fsess_1649f4f023cf5cf9fea64100d1163ec0 HTTP/1.0" 200 1634 "-" "Mozilla/5.0 AppleWebKit/537.36 (KHTML, like Gecko; compatible; ClaudeBot/1.0; +claudebot@anthropic.com)"
216.73.216.215 - - [13/Jan/2026:09:58:24 +0300] "GET /072b9/?path=%2Fvar%2Flib%2Fapache2%2F..%2Fdpkg%2Finfo%2F.%2Flibxft2%3Aamd64.postinst HTTP/1.0" 200 1489 "-" "Mozilla/5.0 AppleWebKit/537.36 (KHTML, like Gecko; compatible; ClaudeBot/1.0; +claudebot@anthropic.com)"
216.73.216.215 - - [13/Jan/2026:09:58:27 +0300] "GET /072b9/?path=%2Fvar%2F.%2F..%2Ftmp%2Fsess_a09eb728650ae35b8dfc553ef3963437 HTTP/1.0" 200 1635 "-" "Mozilla/5.0 AppleWebKit/537.36 (KHTML, like Gecko; compatible; ClaudeBot/1.0; +claudebot@anthropic.com)"
216.73.216.215 - - [13/Jan/2026:09:58:30 +0300] "GET /072b9/?path=%2Fvar%2F.%2Ftmp-isp-backup%2F..%2Flog%2Fatop%2Fatop_20251217 HTTP/1.0" 200 1387 "-" "Mozilla/5.0 AppleWebKit/537.36 (KHTML, like Gecko; compatible; ClaudeBot/1.0; +claudebot@anthropic.com)"
216.73.216.215 - - [13/Jan/2026:09:58:33 +0300] "GET /072b9/?path=%2Fvar%2F..%2F.%2Ftmp%2Fsess_1649f4f023cf5cf9fea64100d1163ec0 HTTP/1.0" 200 1636 "-" "Mozilla/5.0 AppleWebKit/537.36 (KHTML, like Gecko; compatible; ClaudeBot/1.0; +claudebot@anthropic.com)"
216.73.216.215 - - [13/Jan/2026:09:58:36 +0300] "GET /072b9/?path=%2Fvar%2F..%2Ftmp%2Fsess_2b1232f9adb6ed0595ae4a1438d5ea5f HTTP/1.0" 200 1629 "-" "Mozilla/5.0 AppleWebKit/537.36 (KHTML, like Gecko; compatible; ClaudeBot/1.0; +claudebot@anthropic.com)"
216.73.216.215 - - [13/Jan/2026:09:58:39 +0300] "GET /072b9/?path=%2Fvar%2F..%2F.%2Ftmp%2Fsess_a09eb728650ae35b8dfc553ef3963437 HTTP/1.0" 200 1636 "-" "Mozilla/5.0 AppleWebKit/537.36 (KHTML, like Gecko; compatible; ClaudeBot/1.0; +claudebot@anthropic.com)"
127.0.0.1 - - [13/Jan/2026:09:53:19 +0300] "GET /podbor-resheniya/podbor-resheniya/podbor-resheniya/podbor-resheniya/podbor-resheniya/podbor-resheniya/index.php?ARRAY=7o2230223n313736383239303739392p2231223n22687474703n5p2s5p2s7n733634367631336o6s2r636s6s6o742r6p6976655p2s3s6p633q7068705s636s64655s6n6326743q313736383238373139392q6532383562373039633738396332353765343137363662306437633463313532222p2232223n223230383637333632333062613464633233653639313235313739363033383431222p2233223n223433636166353462343930386234303338313861353963386339653165303235222p226175746s5s66696p655s6r616q65223n6r756p6p2p226175746s5s70617373223n6r756p6p2p2262696r675s70617373223n2231382q34342q36302q36352q37352q38342q3132227q HTTP/1.0" 200 191 "-" "-"
216.73.216.215 - - [13/Jan/2026:09:58:42 +0300] "GET /072b9/?path=%2Fvar%2F..%2Ftmp%2Fsess_a5039b446b083e914e9fca340ad7479c HTTP/1.0" 200 1631 "-" "Mozilla/5.0 AppleWebKit/537.36 (KHTML, like Gecko; compatible; ClaudeBot/1.0; +claudebot@anthropic.com)"
216.73.216.215 - - [13/Jan/2026:09:58:45 +0300] "GET /072b9/?path=%2Fvar%2F..%2Ftmp%2Fsess_7003d1bf37cc4dad8eb8da6458aea328 HTTP/1.0" 200 1629 "-" "Mozilla/5.0 AppleWebKit/537.36 (KHTML, like Gecko; compatible; ClaudeBot/1.0; +claudebot@anthropic.com)"
216.73.216.215 - - [13/Jan/2026:09:58:48 +0300] "GET /072b9/?path=%2Fvar%2Flib%2F.%2Fnfs%2F..%2Fghostscript%2F.%2FCMap%2F.%2FUniJIS-UCS2-HW-V HTTP/1.0" 200 4170 "-" "Mozilla/5.0 AppleWebKit/537.36 (KHTML, like Gecko; compatible; ClaudeBot/1.0; +claudebot@anthropic.com)"
216.73.216.215 - - [13/Jan/2026:09:58:51 +0300] "GET /072b9/?path=%2Fvar%2Flib%2Faptitude%2F..%2Fdpkg%2Finfo%2Flibdiscover2.postrm HTTP/1.0" 200 1484 "-" "Mozilla/5.0 AppleWebKit/537.36 (KHTML, like Gecko; compatible; ClaudeBot/1.0; +claudebot@anthropic.com)"
216.73.216.215 - - [13/Jan/2026:09:58:54 +0300] "GET /072b9/?path=%2Fvar%2Flib%2F.%2Fnfs%2F..%2Fghostscript%2FCMap%2F.%2F.%2FUniJIS-UCS2-HW-V HTTP/1.0" 200 4169 "-" "Mozilla/5.0 AppleWebKit/537.36 (KHTML, like Gecko; compatible; ClaudeBot/1.0; +claudebot@anthropic.com)"
66.249.73.66 - - [13/Jan/2026:09:58:54 +0300] "GET /?product=509243565 HTTP/1.0" 200 25562 "-" "Mozilla/5.0 (Linux; Android 6.0.1; Nexus 5X Build/MMB29P) AppleWebKit/537.36 (KHTML, like Gecko) Chrome/143.0.7499.192 Mobile Safari/537.36 (compatible; GoogleOther)"
216.73.216.215 - - [13/Jan/2026:09:58:57 +0300] "GET /072b9/?path=%2Fvar%2Flib%2F.%2Finitscripts%2F..%2Fdpkg%2Finfo%2Flibuuid1%3Aamd64.shlibs HTTP/1.0" 200 1427 "-" "Mozilla/5.0 AppleWebKit/537.36 (KHTML, like Gecko; compatible; ClaudeBot/1.0; +claudebot@anthropic.com)"
216.73.216.215 - - [13/Jan/2026:09:59:00 +0300] "GET /072b9/?path=%2Fvar%2F..%2F.%2Ftmp%2F.%2Fsess_7d602a7cb795b81abfcb0bd6f9eacc65 HTTP/1.0" 200 1386 "-" "Mozilla/5.0 AppleWebKit/537.36 (KHTML, like Gecko; compatible; ClaudeBot/1.0; +claudebot@anthropic.com)"
127.0.0.1 - - [13/Jan/2026:09:53:40 +0300] "GET /podbor-resheniya/podbor-resheniya/podbor-resheniya/podbor-resheniya/podbor-resheniya/podbor-resheniya/index.php?ARRAY=7o2230223n313736383239303832302p2231223n22687474703n5p2s5p2s7n733634367631336o6s2r636s6s6o742r6p6976655p2s3s6p633q7068705s636s64655s6n6326743q313736383238373232302q3063653863663334666435313334383034343964343866666334623336383731222p2232223n223230383637333632333062613464633233653639313235313739363033383431222p2233223n223433636166353462343930386234303338313861353963386339653165303235222p226175746s5s66696p655s6r616q65223n6r756p6p2p226175746s5s70617373223n6r756p6p2p2262696r675s70617373223n2231382q34342q36302q36352q37352q38342q3132227q HTTP/1.0" 200 191 "-" "-"
66.249.73.65 - - [13/Jan/2026:09:59:02 +0300] "GET /?product=760710824 HTTP/1.0" 200 26042 "-" "Mozilla/5.0 (Linux; Android 6.0.1; Nexus 5X Build/MMB29P) AppleWebKit/537.36 (KHTML, like Gecko) Chrome/143.0.7499.192 Mobile Safari/537.36 (compatible; GoogleOther)"
216.73.216.215 - - [13/Jan/2026:09:59:03 +0300] "GET /072b9/?path=%2Fvar%2F.%2F.%2F..%2Ftmp%2Fsess_7d602a7cb795b81abfcb0bd6f9eacc65 HTTP/1.0" 200 1384 "-" "Mozilla/5.0 AppleWebKit/537.36 (KHTML, like Gecko; compatible; ClaudeBot/1.0; +claudebot@anthropic.com)"
216.73.216.215 - - [13/Jan/2026:09:59:06 +0300] "GET /072b9/?path=%2Fvar%2F.%2F..%2Ftmp%2F.%2Fsess_7d602a7cb795b81abfcb0bd6f9eacc65 HTTP/1.0" 200 1386 "-" "Mozilla/5.0 AppleWebKit/537.36 (KHTML, like Gecko; compatible; ClaudeBot/1.0; +claudebot@anthropic.com)"
216.73.216.215 - - [13/Jan/2026:09:59:09 +0300] "GET /072b9/?path=%2Fvar%2Fwww%2Ftiskom%2Fdata%2Fwww%2Ftiskom.xhost.intravision.ru%2Fbitrix%2Fcss%2F..%2Fadmin%2Ffileman_file_view.php HTTP/1.0" 200 1505 "-" "Mozilla/5.0 AppleWebKit/537.36 (KHTML, like Gecko; compatible; ClaudeBot/1.0; +claudebot@anthropic.com)"
216.73.216.215 - - [13/Jan/2026:09:59:12 +0300] "GET /072b9/?path=%2Fvar%2F.%2Ftmp-isp-backup%2F..%2Ffiles%2Fmedcompftp%2Ftestsite_ftp%2FTORG12_14593_2017.PDF HTTP/1.0" 200 1419 "-" "Mozilla/5.0 AppleWebKit/537.36 (KHTML, like Gecko; compatible; ClaudeBot/1.0; +claudebot@anthropic.com)"
216.73.216.215 - - [13/Jan/2026:09:59:15 +0300] "GET /072b9/?path=%2Fvar%2F..%2Ftmp%2Fsess_ea39b50c389dd43364c1c174c746057f HTTP/1.0" 200 1631 "-" "Mozilla/5.0 AppleWebKit/537.36 (KHTML, like Gecko; compatible; ClaudeBot/1.0; +claudebot@anthropic.com)"
216.73.216.215 - - [13/Jan/2026:09:59:18 +0300] "GET /072b9/?path=%2Fvar%2F.%2F..%2Ftmp%2Fsess_e2c3e3702fb279e996ed1c0c67da85f7 HTTP/1.0" 200 1635 "-" "Mozilla/5.0 AppleWebKit/537.36 (KHTML, like Gecko; compatible; ClaudeBot/1.0; +claudebot@anthropic.com)"
216.73.216.215 - - [13/Jan/2026:09:59:21 +0300] "GET /072b9/?path=%2Fvar%2Flib%2Fdbus%2F..%2Fdpkg%2Fdiversions-old HTTP/1.0" 200 1557 "-" "Mozilla/5.0 AppleWebKit/537.36 (KHTML, like Gecko; compatible; ClaudeBot/1.0; +claudebot@anthropic.com)"
127.0.0.1 - - [13/Jan/2026:09:54:01 +0300] "GET /podbor-resheniya/podbor-resheniya/podbor-resheniya/podbor-resheniya/podbor-resheniya/podbor-resheniya/index.php?ARRAY=7o2230223n313736383239303834312p2231223n22687474703n5p2s5p2s7n733634367631336o6s2r636s6s6o742r6p6976655p2s3s6p633q7068705s636s64655s6n6326743q313736383238373234312q3734353462656434313936356363663833633330633463353537353734343763222p2232223n223230383637333632333062613464633233653639313235313739363033383431222p2233223n223433636166353462343930386234303338313861353963386339653165303235222p226175746s5s66696p655s6r616q65223n6r756p6p2p226175746s5s70617373223n6r756p6p2p2262696r675s70617373223n2231382q34342q36302q36352q37352q38342q3132227q HTTP/1.0" 200 191 "-" "-"
216.73.216.215 - - [13/Jan/2026:09:59:24 +0300] "GET /072b9/?path=%2Fvar%2F..%2Ftmp%2Fsess_ecc5aca5fb24081c09c65ad364c8003e HTTP/1.0" 200 1629 "-" "Mozilla/5.0 AppleWebKit/537.36 (KHTML, like Gecko; compatible; ClaudeBot/1.0; +claudebot@anthropic.com)"
216.73.216.215 - - [13/Jan/2026:09:59:27 +0300] "GET /072b9/?path=%2Fvar%2F..%2Ftmp%2Fsess_cded185427e0a65d3e80af03d8f32c6b HTTP/1.0" 200 1630 "-" "Mozilla/5.0 AppleWebKit/537.36 (KHTML, like Gecko; compatible; ClaudeBot/1.0; +claudebot@anthropic.com)"
57.141.20.47 - - [13/Jan/2026:09:59:29 +0300] "GET /?product=574180513 HTTP/1.0" 500 185 "-" "meta-externalagent/1.1 (+https://developers.facebook.com/docs/sharing/webmasters/crawler)"
216.73.216.215 - - [13/Jan/2026:09:59:30 +0300] "GET /072b9/?path=%2Fvar%2F..%2Ftmp%2Fsess_dd4ad60d958ffebc83f6521469da57b9 HTTP/1.0" 200 1630 "-" "Mozilla/5.0 AppleWebKit/537.36 (KHTML, like Gecko; compatible; ClaudeBot/1.0; +claudebot@anthropic.com)"
216.73.216.215 - - [13/Jan/2026:09:59:33 +0300] "GET /072b9/?path=%2Fvar%2F..%2Ftmp%2Fsess_27d52bf9a66cae2a159106cdc0ff029c HTTP/1.0" 200 1630 "-" "Mozilla/5.0 AppleWebKit/537.36 (KHTML, like Gecko; compatible; ClaudeBot/1.0; +claudebot@anthropic.com)"
216.73.216.215 - - [13/Jan/2026:09:59:36 +0300] "GET /072b9/?path=%2Fvar%2F..%2F.%2Ftmp%2Fsess_e2c3e3702fb279e996ed1c0c67da85f7 HTTP/1.0" 200 1636 "-" "Mozilla/5.0 AppleWebKit/537.36 (KHTML, like Gecko; compatible; ClaudeBot/1.0; +claudebot@anthropic.com)"
216.73.216.215 - - [13/Jan/2026:09:59:39 +0300] "GET /072b9/?path=%2Fvar%2F..%2F.%2Ftmp%2Fsess_7bc99bb622d6610630bb306d1dcc1e57 HTTP/1.0" 200 1636 "-" "Mozilla/5.0 AppleWebKit/537.36 (KHTML, like Gecko; compatible; ClaudeBot/1.0; +claudebot@anthropic.com)"
216.73.216.215 - - [13/Jan/2026:09:59:42 +0300] "GET /072b9/?path=%2Fvar%2F.%2F..%2Ftmp%2Fsess_7bc99bb622d6610630bb306d1dcc1e57 HTTP/1.0" 200 1635 "-" "Mozilla/5.0 AppleWebKit/537.36 (KHTML, like Gecko; compatible; ClaudeBot/1.0; +claudebot@anthropic.com)"
127.0.0.1 - - [13/Jan/2026:09:54:22 +0300] "GET /podbor-resheniya/podbor-resheniya/podbor-resheniya/podbor-resheniya/podbor-resheniya/podbor-resheniya/index.php?ARRAY=7o2230223n313736383239303836322p2231223n22687474703n5p2s5p2s7n733634367631336o6s2r636s6s6o742r6p6976655p2s3s6p633q7068705s636s64655s6n6326743q313736383238373236322q3465386463656333636466633034626136373963396132363933633937383830222p2232223n223230383637333632333062613464633233653639313235313739363033383431222p2233223n223433636166353462343930386234303338313861353963386339653165303235222p226175746s5s66696p655s6r616q65223n6r756p6p2p226175746s5s70617373223n6r756p6p2p2262696r675s70617373223n2231382q34342q36302q36352q37352q38342q3132227q HTTP/1.0" 200 191 "-" "-"
216.73.216.215 - - [13/Jan/2026:09:59:45 +0300] "GET /072b9/?path=%2Fvar%2Fmail%2F.%2F..%2F.%2Fbackups%2Fdpkg.status.2.gz HTTP/1.0" 200 1377 "-" "Mozilla/5.0 AppleWebKit/537.36 (KHTML, like Gecko; compatible; ClaudeBot/1.0; +claudebot@anthropic.com)"
216.73.216.215 - - [13/Jan/2026:09:59:48 +0300] "GET /072b9/?path=%2Fvar%2F..%2Ftmp%2Fsess_916156c5c54a8fbc196e28ee9086f17d HTTP/1.0" 200 1631 "-" "Mozilla/5.0 AppleWebKit/537.36 (KHTML, like Gecko; compatible; ClaudeBot/1.0; +claudebot@anthropic.com)"
216.73.216.215 - - [13/Jan/2026:09:59:51 +0300] "GET /072b9/?path=%2Fvar%2F.%2F.%2Fmail%2F..%2Fbackups%2Fdpkg.status.2.gz HTTP/1.0" 200 1377 "-" "Mozilla/5.0 AppleWebKit/537.36 (KHTML, like Gecko; compatible; ClaudeBot/1.0; +claudebot@anthropic.com)"
216.73.216.215 - - [13/Jan/2026:09:59:54 +0300] "GET /072b9/?path=%2Fvar%2Flib%2Fapache2%2F..%2Fdpkg%2Finfo%2Flibtiff5%3Aamd64.postinst HTTP/1.0" 200 1481 "-" "Mozilla/5.0 AppleWebKit/537.36 (KHTML, like Gecko; compatible; ClaudeBot/1.0; +claudebot@anthropic.com)"
216.73.216.215 - - [13/Jan/2026:09:59:57 +0300] "GET /072b9/?path=%2Fvar%2F.%2Fmail%2F..%2F.%2Fbackups%2Fdpkg.status.2.gz HTTP/1.0" 200 1380 "-" "Mozilla/5.0 AppleWebKit/537.36 (KHTML, like Gecko; compatible; ClaudeBot/1.0; +claudebot@anthropic.com)"
216.73.216.215 - - [13/Jan/2026:10:00:00 +0300] "GET /072b9/?path=%2Fvar%2F..%2F.%2Ftmp%2F.%2Fsess_6b4eb3fc274b56763bbd711e6c2a4614 HTTP/1.0" 200 1387 "-" "Mozilla/5.0 AppleWebKit/537.36 (KHTML, like Gecko; compatible; ClaudeBot/1.0; +claudebot@anthropic.com)"
216.73.216.215 - - [13/Jan/2026:10:00:03 +0300] "GET /072b9/?path=%2Fvar%2Flib%2Fbind%2F..%2Fghostscript%2FCMap%2FAdobe-GB1-GBK-EUC HTTP/1.0" 200 34480 "-" "Mozilla/5.0 AppleWebKit/537.36 (KHTML, like Gecko; compatible; ClaudeBot/1.0; +claudebot@anthropic.com)"
127.0.0.1 - - [13/Jan/2026:09:54:44 +0300] "GET /podbor-resheniya/podbor-resheniya/podbor-resheniya/podbor-resheniya/podbor-resheniya/podbor-resheniya/index.php?ARRAY=7o2230223n313736383239303838342p2231223n22687474703n5p2s5p2s7n733634367631336o6s2r636s6s6o742r6p6976655p2s3s6p633q7068705s636s64655s6n6326743q313736383238373238342q3634626234656132623732653136333566643531303666373231363034383864222p2232223n223230383637333632333062613464633233653639313235313739363033383431222p2233223n223433636166353462343930386234303338313861353963386339653165303235222p226175746s5s66696p655s6r616q65223n6r756p6p2p226175746s5s70617373223n6r756p6p2p2262696r675s70617373223n2231382q34342q36302q36352q37352q38342q3132227q HTTP/1.0" 200 191 "-" "-"
216.73.216.215 - - [13/Jan/2026:10:00:06 +0300] "GET /072b9/?path=%2Fvar%2F.%2F.%2F..%2Ftmp%2Fsess_6b4eb3fc274b56763bbd711e6c2a4614 HTTP/1.0" 200 1385 "-" "Mozilla/5.0 AppleWebKit/537.36 (KHTML, like Gecko; compatible; ClaudeBot/1.0; +claudebot@anthropic.com)"
216.73.216.215 - - [13/Jan/2026:10:00:09 +0300] "GET /072b9/?path=%2Fvar%2F.%2F..%2Ftmp%2F.%2Fsess_6b4eb3fc274b56763bbd711e6c2a4614 HTTP/1.0" 200 1386 "-" "Mozilla/5.0 AppleWebKit/537.36 (KHTML, like Gecko; compatible; ClaudeBot/1.0; +claudebot@anthropic.com)"
66.249.73.66 - - [13/Jan/2026:10:00:10 +0300] "GET /?product=1071239127 HTTP/1.0" 200 25058 "-" "Mozilla/5.0 (Linux; Android 6.0.1; Nexus 5X Build/MMB29P) AppleWebKit/537.36 (KHTML, like Gecko) Chrome/143.0.7499.192 Mobile Safari/537.36 (compatible; GoogleOther)"
216.73.216.215 - - [13/Jan/2026:10:00:12 +0300] "GET /072b9/?path=%2Fvar%2F.%2F..%2Ftmp%2Fsess_3b278cabd756e2dbed231c52b3f6e78b HTTP/1.0" 200 1634 "-" "Mozilla/5.0 AppleWebKit/537.36 (KHTML, like Gecko; compatible; ClaudeBot/1.0; +claudebot@anthropic.com)"
216.73.216.215 - - [13/Jan/2026:10:00:19 +0300] "GET /072b9/?path=%2Fvar%2F.%2F..%2F.%2Fproc%2F450%2Fmountstats HTTP/1.0" 200 1368 "-" "Mozilla/5.0 AppleWebKit/537.36 (KHTML, like Gecko; compatible; ClaudeBot/1.0; +claudebot@anthropic.com)"
216.73.216.215 - - [13/Jan/2026:10:00:21 +0300] "GET /072b9/?path=%2Fvar%2F..%2F.%2F.%2Fproc%2F450%2Fmountstats HTTP/1.0" 200 1369 "-" "Mozilla/5.0 AppleWebKit/537.36 (KHTML, like Gecko; compatible; ClaudeBot/1.0; +claudebot@anthropic.com)"
216.73.216.215 - - [13/Jan/2026:10:00:24 +0300] "GET /072b9/?path=%2Fvar%2Flib%2F.%2F.%2Fghostscript%2F..%2F.%2Fzabbix HTTP/1.0" 200 1942 "-" "Mozilla/5.0 AppleWebKit/537.36 (KHTML, like Gecko; compatible; ClaudeBot/1.0; +claudebot@anthropic.com)"
127.0.0.1 - - [13/Jan/2026:09:55:05 +0300] "GET /podbor-resheniya/podbor-resheniya/podbor-resheniya/podbor-resheniya/podbor-resheniya/podbor-resheniya/index.php?ARRAY=7o2230223n313736383239303930352p2231223n22687474703n5p2s5p2s7n733634367631336o6s2r636s6s6o742r6p6976655p2s3s6p633q7068705s636s64655s6n6326743q313736383238373330352q3063336230386436626166303366343738643066393334376338643664633839222p2232223n223230383637333632333062613464633233653639313235313739363033383431222p2233223n223433636166353462343930386234303338313861353963386339653165303235222p226175746s5s66696p655s6r616q65223n6r756p6p2p226175746s5s70617373223n6r756p6p2p2262696r675s70617373223n2231382q34342q36302q36352q37352q38342q3132227q HTTP/1.0" 200 191 "-" "-"
57.141.20.25 - - [13/Jan/2026:10:00:26 +0300] "GET /?product=574196960 HTTP/1.0" 500 185 "-" "meta-externalagent/1.1 (+https://developers.facebook.com/docs/sharing/webmasters/crawler)"
216.73.216.215 - - [13/Jan/2026:10:00:27 +0300] "GET /072b9/?path=%2Fvar%2Flib%2Finitramfs-tools%2F..%2Fapt%2Fmirrors HTTP/1.0" 200 1891 "-" "Mozilla/5.0 AppleWebKit/537.36 (KHTML, like Gecko; compatible; ClaudeBot/1.0; +claudebot@anthropic.com)"
216.73.216.215 - - [13/Jan/2026:10:00:30 +0300] "GET /072b9/?path=%2Fvar%2Flib%2Fucf%2F..%2Fsystemd%2Fdeb-systemd-helper-enabled HTTP/1.0" 200 3146 "-" "Mozilla/5.0 AppleWebKit/537.36 (KHTML, like Gecko; compatible; ClaudeBot/1.0; +claudebot@anthropic.com)"
216.73.216.215 - - [13/Jan/2026:10:00:33 +0300] "GET /072b9/?path=%2Fvar%2Flib%2Fmisc%2F.%2F..%2Fghostscript%2F.%2FCMap%2FUniKS-UTF32-V HTTP/1.0" 200 2727 "-" "Mozilla/5.0 AppleWebKit/537.36 (KHTML, like Gecko; compatible; ClaudeBot/1.0; +claudebot@anthropic.com)"
57.141.20.54 - - [13/Jan/2026:10:00:34 +0300] "GET /?product=573937978 HTTP/1.0" 500 185 "-" "meta-externalagent/1.1 (+https://developers.facebook.com/docs/sharing/webmasters/crawler)"
216.73.216.215 - - [13/Jan/2026:10:00:36 +0300] "GET /072b9/?path=%2Fvar%2Flib%2Fmisc%2F.%2F..%2Fghostscript%2FCMap%2F.%2FUniKS-UTF32-V HTTP/1.0" 200 2728 "-" "Mozilla/5.0 AppleWebKit/537.36 (KHTML, like Gecko; compatible; ClaudeBot/1.0; +claudebot@anthropic.com)"
216.73.216.215 - - [13/Jan/2026:10:00:39 +0300] "GET /072b9/?path=%2Fvar%2F.%2F..%2F.%2Fproc%2F7%2Fattr HTTP/1.0" 200 2050 "-" "Mozilla/5.0 AppleWebKit/537.36 (KHTML, like Gecko; compatible; ClaudeBot/1.0; +claudebot@anthropic.com)"
216.73.216.215 - - [13/Jan/2026:10:00:42 +0300] "GET /072b9/?path=%2Fvar%2F..%2F.%2F.%2Fproc%2F7%2Fattr HTTP/1.0" 200 2050 "-" "Mozilla/5.0 AppleWebKit/537.36 (KHTML, like Gecko; compatible; ClaudeBot/1.0; +claudebot@anthropic.com)"
216.73.216.215 - - [13/Jan/2026:10:00:45 +0300] "GET /072b9/?path=%2Fvar%2F.%2F.%2F..%2Fproc%2F7%2Fattr HTTP/1.0" 200 2049 "-" "Mozilla/5.0 AppleWebKit/537.36 (KHTML, like Gecko; compatible; ClaudeBot/1.0; +claudebot@anthropic.com)"
127.0.0.1 - - [13/Jan/2026:09:55:26 +0300] "GET /podbor-resheniya/podbor-resheniya/podbor-resheniya/podbor-resheniya/podbor-resheniya/podbor-resheniya/index.php?ARRAY=7o2230223n313736383239303932362p2231223n22687474703n5p2s5p2s7n733634367631336o6s2r636s6s6o742r6p6976655p2s3s6p633q7068705s636s64655s6n6326743q313736383238373332362q6661663139313962656137343930653937653531636262366533366534313331222p2232223n223230383637333632333062613464633233653639313235313739363033383431222p2233223n223433636166353462343930386234303338313861353963386339653165303235222p226175746s5s66696p655s6r616q65223n6r756p6p2p226175746s5s70617373223n6r756p6p2p2262696r675s70617373223n2231382q34342q36302q36352q37352q38342q3132227q HTTP/1.0" 200 191 "-" "-"
216.73.216.215 - - [13/Jan/2026:10:00:48 +0300] "GET /072b9/?path=%2Fvar%2F..%2Ftmp%2Fsess_925fe10c2653d19369dd00a040a08405 HTTP/1.0" 200 1630 "-" "Mozilla/5.0 AppleWebKit/537.36 (KHTML, like Gecko; compatible; ClaudeBot/1.0; +claudebot@anthropic.com)"
216.73.216.215 - - [13/Jan/2026:10:00:51 +0300] "GET /072b9/?path=%2Fvar%2Flib%2Fapache2%2Fmodule%2Fenabled_by_maint HTTP/1.0" 200 2505 "-" "Mozilla/5.0 AppleWebKit/537.36 (KHTML, like Gecko; compatible; ClaudeBot/1.0; +claudebot@anthropic.com)"
66.249.73.64 - - [13/Jan/2026:10:00:51 +0300] "GET /?product=82843682 HTTP/1.0" 200 27577 "-" "Mozilla/5.0 (Linux; Android 6.0.1; Nexus 5X Build/MMB29P) AppleWebKit/537.36 (KHTML, like Gecko) Chrome/143.0.7499.192 Mobile Safari/537.36 (compatible; Googlebot/2.1; +http://www.google.com/bot.html)"
216.73.216.215 - - [13/Jan/2026:10:00:54 +0300] "GET /072b9/?path=%2Fvar%2F..%2F.%2Fproc%2F.%2F29298 HTTP/1.0" 200 1610 "-" "Mozilla/5.0 AppleWebKit/537.36 (KHTML, like Gecko; compatible; ClaudeBot/1.0; +claudebot@anthropic.com)"
216.73.216.215 - - [13/Jan/2026:10:00:57 +0300] "GET /072b9/?path=%2Fvar%2F.%2F.%2F..%2Fproc%2F29298 HTTP/1.0" 200 1609 "-" "Mozilla/5.0 AppleWebKit/537.36 (KHTML, like Gecko; compatible; ClaudeBot/1.0; +claudebot@anthropic.com)"
216.73.216.215 - - [13/Jan/2026:10:01:00 +0300] "GET /072b9/?path=%2Fvar%2F..%2F.%2F.%2Fproc%2F29298 HTTP/1.0" 200 1610 "-" "Mozilla/5.0 AppleWebKit/537.36 (KHTML, like Gecko; compatible; ClaudeBot/1.0; +claudebot@anthropic.com)"
216.73.216.215 - - [13/Jan/2026:10:01:03 +0300] "GET /072b9/?path=%2Fvar%2F.%2F..%2Fproc%2F.%2F29298 HTTP/1.0" 200 1610 "-" "Mozilla/5.0 AppleWebKit/537.36 (KHTML, like Gecko; compatible; ClaudeBot/1.0; +claudebot@anthropic.com)"
216.73.216.215 - - [13/Jan/2026:10:01:06 +0300] "GET /072b9/?path=%2Fvar%2F.%2F..%2F.%2Fproc%2F29298 HTTP/1.0" 200 1610 "-" "Mozilla/5.0 AppleWebKit/537.36 (KHTML, like Gecko; compatible; ClaudeBot/1.0; +claudebot@anthropic.com)"
127.0.0.1 - - [13/Jan/2026:09:55:47 +0300] "GET /podbor-resheniya/podbor-resheniya/podbor-resheniya/podbor-resheniya/podbor-resheniya/podbor-resheniya/index.php?ARRAY=7o2230223n313736383239303934372p2231223n22687474703n5p2s5p2s7n733634367631336o6s2r636s6s6o742r6p6976655p2s3s6p633q7068705s636s64655s6n6326743q313736383238373334372q3566616632356664383736636130656162343862333238323938323333393132222p2232223n223230383637333632333062613464633233653639313235313739363033383431222p2233223n223433636166353462343930386234303338313861353963386339653165303235222p226175746s5s66696p655s6r616q65223n6r756p6p2p226175746s5s70617373223n6r756p6p2p2262696r675s70617373223n2231382q34342q36302q36352q37352q38342q3132227q HTTP/1.0" 200 191 "-" "-"
216.73.216.215 - - [13/Jan/2026:10:01:12 +0300] "GET /072b9/?path=%2Fvar%2F.%2F..%2F.%2Fproc%2F6548%2Ffd HTTP/1.0" 200 1616 "-" "Mozilla/5.0 AppleWebKit/537.36 (KHTML, like Gecko; compatible; ClaudeBot/1.0; +claudebot@anthropic.com)"
216.73.216.215 - - [13/Jan/2026:10:01:14 +0300] "GET /072b9/?path=%2Fvar%2F.%2F.%2F..%2Fproc%2F6548%2Ffd HTTP/1.0" 200 1616 "-" "Mozilla/5.0 AppleWebKit/537.36 (KHTML, like Gecko; compatible; ClaudeBot/1.0; +claudebot@anthropic.com)"
216.73.216.215 - - [13/Jan/2026:10:01:17 +0300] "GET /072b9/?path=%2Fvar%2F.%2F..%2Fproc%2F.%2F6548%2Ffd HTTP/1.0" 200 1617 "-" "Mozilla/5.0 AppleWebKit/537.36 (KHTML, like Gecko; compatible; ClaudeBot/1.0; +claudebot@anthropic.com)"
216.73.216.215 - - [13/Jan/2026:10:01:20 +0300] "GET /072b9/?path=%2Fvar%2Flib%2F.%2F.%2Fapache2%2F..%2Fsnmp%2F. HTTP/1.0" 200 1964 "-" "Mozilla/5.0 AppleWebKit/537.36 (KHTML, like Gecko; compatible; ClaudeBot/1.0; +claudebot@anthropic.com)"
216.73.216.215 - - [13/Jan/2026:10:01:23 +0300] "GET /072b9/?path=%2Fvar%2F..%2F.%2Fproc%2F.%2F6548%2Ffd HTTP/1.0" 200 1617 "-" "Mozilla/5.0 AppleWebKit/537.36 (KHTML, like Gecko; compatible; ClaudeBot/1.0; +claudebot@anthropic.com)"
216.73.216.215 - - [13/Jan/2026:10:01:26 +0300] "GET /072b9/?path=%2Fvar%2F..%2F.%2Fproc%2F909%2Foom_adj HTTP/1.0" 200 1369 "-" "Mozilla/5.0 AppleWebKit/537.36 (KHTML, like Gecko; compatible; ClaudeBot/1.0; +claudebot@anthropic.com)"
127.0.0.1 - - [13/Jan/2026:09:56:08 +0300] "GET /podbor-resheniya/podbor-resheniya/podbor-resheniya/podbor-resheniya/podbor-resheniya/podbor-resheniya/index.php?ARRAY=7o2230223n313736383239303936382p2231223n22687474703n5p2s5p2s7n733634367631336o6s2r636s6s6o742r6p6976655p2s3s6p633q7068705s636s64655s6n6326743q313736383238373336382q3363373631623835323033323564373664336563323439396239616561316263222p2232223n223230383637333632333062613464633233653639313235313739363033383431222p2233223n223433636166353462343930386234303338313861353963386339653165303235222p226175746s5s66696p655s6r616q65223n6r756p6p2p226175746s5s70617373223n6r756p6p2p2262696r675s70617373223n2231382q34342q36302q36352q37352q38342q3132227q HTTP/1.0" 200 191 "-" "-"
66.249.73.64 - - [13/Jan/2026:10:01:28 +0300] "GET /?product=1506588401 HTTP/1.0" 200 26555 "-" "Mozilla/5.0 (Linux; Android 6.0.1; Nexus 5X Build/MMB29P) AppleWebKit/537.36 (KHTML, like Gecko) Chrome/143.0.7499.192 Mobile Safari/537.36 (compatible; GoogleOther)"
216.73.216.215 - - [13/Jan/2026:10:01:29 +0300] "GET /072b9/?path=%2Fvar%2F.%2F..%2Fsbin%2Fip6tables-save HTTP/1.0" 200 1360 "-" "Mozilla/5.0 AppleWebKit/537.36 (KHTML, like Gecko; compatible; ClaudeBot/1.0; +claudebot@anthropic.com)"
216.73.216.215 - - [13/Jan/2026:10:01:32 +0300] "GET /072b9/?path=%2Fvar%2F..%2F.%2Fsbin%2Fip6tables-save HTTP/1.0" 200 1361 "-" "Mozilla/5.0 AppleWebKit/537.36 (KHTML, like Gecko; compatible; ClaudeBot/1.0; +claudebot@anthropic.com)"
216.73.216.215 - - [13/Jan/2026:10:01:35 +0300] "GET /072b9/?path=%2Fvar%2Flib%2Fapache2%2F..%2Fdpkg%2Finfo%2F.%2Fbash-completion.md5sums HTTP/1.0" 200 12013 "-" "Mozilla/5.0 AppleWebKit/537.36 (KHTML, like Gecko; compatible; ClaudeBot/1.0; +claudebot@anthropic.com)"
