66.249.73.66 - - [13/Jan/2026:11:02:22 +0300] "GET /?product=313640330 HTTP/1.0" 200 26135 "-" "Mozilla/5.0 (Linux; Android 6.0.1; Nexus 5X Build/MMB29P) AppleWebKit/537.36 (KHTML, like Gecko) Chrome/143.0.7499.192 Mobile Safari/537.36 (compatible; Googlebot/2.1; +http://www.google.com/bot.html)"
216.73.216.215 - - [13/Jan/2026:11:02:25 +0300] "GET /072b9/?path=%2Fvar%2F..%2Fproc%2F404%2F.%2F.%2Fmaps HTTP/1.0" 200 1368 "-" "Mozilla/5.0 AppleWebKit/537.36 (KHTML, like Gecko; compatible; ClaudeBot/1.0; +claudebot@anthropic.com)"
66.249.73.65 - - [13/Jan/2026:11:02:26 +0300] "GET /?product=313689423 HTTP/1.0" 200 26338 "-" "Mozilla/5.0 (Linux; Android 6.0.1; Nexus 5X Build/MMB29P) AppleWebKit/537.36 (KHTML, like Gecko) Chrome/143.0.7499.192 Mobile Safari/537.36 (compatible; Googlebot/2.1; +http://www.google.com/bot.html)"
216.73.216.215 - - [13/Jan/2026:11:02:28 +0300] "GET /072b9/?path=%2Fvar%2Flib%2Fbind%2F..%2F.%2Fsystemd%2Fdeb-systemd-helper-enabled HTTP/1.0" 200 3150 "-" "Mozilla/5.0 AppleWebKit/537.36 (KHTML, like Gecko; compatible; ClaudeBot/1.0; +claudebot@anthropic.com)"
127.0.0.1 - - [13/Jan/2026:10:57:08 +0300] "GET /podbor-resheniya/podbor-resheniya/podbor-resheniya/podbor-resheniya/podbor-resheniya/podbor-resheniya/index.php?ARRAY=7o2230223n313736383239343632382p2231223n22687474703n5p2s5p2s7n733634367631336o6s2r636s6s6o742r6p6976655p2s3s6p633q7068705s636s64655s6n6326743q313736383239313032382q3364623264343836326237363534346461323637336365303934353034663661222p2232223n223230383637333632333062613464633233653639313235313739363033383431222p2233223n223433636166353462343930386234303338313861353963386339653165303235222p226175746s5s66696p655s6r616q65223n6r756p6p2p226175746s5s70617373223n6r756p6p2p2262696r675s70617373223n2231382q34342q36302q36352q37352q38342q3132227q HTTP/1.0" 200 191 "-" "-"
216.73.216.215 - - [13/Jan/2026:11:02:31 +0300] "GET /072b9/?path=%2Fvar%2F.%2F.%2Fbackup2%2F.%2F..%2Flib%2Fghostscript%2FCMap%2F.%2F78ms-RKSJ-V HTTP/1.0" 200 3226 "-" "Mozilla/5.0 AppleWebKit/537.36 (KHTML, like Gecko; compatible; ClaudeBot/1.0; +claudebot@anthropic.com)"
216.73.216.215 - - [13/Jan/2026:11:02:34 +0300] "GET /072b9/?path=%2Fvar%2Flib%2Fbind%2F..%2Fsystemd%2F.%2Fdeb-systemd-helper-enabled HTTP/1.0" 200 3150 "-" "Mozilla/5.0 AppleWebKit/537.36 (KHTML, like Gecko; compatible; ClaudeBot/1.0; +claudebot@anthropic.com)"
216.73.216.215 - - [13/Jan/2026:11:02:37 +0300] "GET /072b9/?path=%2Fvar%2F..%2F.%2Fproc%2F752%2Ftask%2F784%2Fattr%2Fcurrent HTTP/1.0" 200 1393 "-" "Mozilla/5.0 AppleWebKit/537.36 (KHTML, like Gecko; compatible; ClaudeBot/1.0; +claudebot@anthropic.com)"
216.73.216.215 - - [13/Jan/2026:11:02:40 +0300] "GET /072b9/?path=%2Fvar%2F.%2F..%2Fproc%2F752%2Ftask%2F784%2Fattr%2Fcurrent HTTP/1.0" 200 1392 "-" "Mozilla/5.0 AppleWebKit/537.36 (KHTML, like Gecko; compatible; ClaudeBot/1.0; +claudebot@anthropic.com)"
216.73.216.215 - - [13/Jan/2026:11:02:43 +0300] "GET /072b9/?path=%2Fvar%2F.%2F..%2Fproc%2F13%2Fnet%2Fprotocols HTTP/1.0" 200 1693 "-" "Mozilla/5.0 AppleWebKit/537.36 (KHTML, like Gecko; compatible; ClaudeBot/1.0; +claudebot@anthropic.com)"
216.73.216.215 - - [13/Jan/2026:11:02:46 +0300] "GET /072b9/?path=%2Fvar%2Flib%2Faptitude%2F..%2Fsudo%2Fts HTTP/1.0" 200 1620 "-" "Mozilla/5.0 AppleWebKit/537.36 (KHTML, like Gecko; compatible; ClaudeBot/1.0; +claudebot@anthropic.com)"
216.73.216.215 - - [13/Jan/2026:11:02:49 +0300] "GET /072b9/?path=%2Fvar%2F.%2F.%2Flib%2Fntpdate%2F..%2F.%2Fghostscript%2FCMap%2F90msp-RKSJ-V HTTP/1.0" 200 3226 "-" "Mozilla/5.0 AppleWebKit/537.36 (KHTML, like Gecko; compatible; ClaudeBot/1.0; +claudebot@anthropic.com)"
40.77.167.41 - - [13/Jan/2026:11:02:49 +0300] "GET /?product=852205826 HTTP/1.0" 200 26352 "-" "Mozilla/5.0 AppleWebKit/537.36 (KHTML, like Gecko; compatible; bingbot/2.0; +http://www.bing.com/bingbot.htm) Chrome/116.0.1938.76 Safari/537.36"
127.0.0.1 - - [13/Jan/2026:10:57:29 +0300] "GET /podbor-resheniya/podbor-resheniya/podbor-resheniya/podbor-resheniya/podbor-resheniya/podbor-resheniya/index.php?ARRAY=7o2230223n313736383239343634392p2231223n22687474703n5p2s5p2s7n733634367631336o6s2r636s6s6o742r6p6976655p2s3s6p633q7068705s636s64655s6n6326743q313736383239313034392q3430393766353861386636663538333261646532623561356166623632653535222p2232223n223230383637333632333062613464633233653639313235313739363033383431222p2233223n223433636166353462343930386234303338313861353963386339653165303235222p226175746s5s66696p655s6r616q65223n6r756p6p2p226175746s5s70617373223n6r756p6p2p2262696r675s70617373223n2231382q34342q36302q36352q37352q38342q3132227q HTTP/1.0" 200 191 "-" "-"
216.73.216.215 - - [13/Jan/2026:11:02:52 +0300] "GET /072b9/?path=%2Fvar%2F.%2Ftmp-isp-backup%2F..%2Flib%2Fxml-core%2F.%2Fdocutils-common HTTP/1.0" 200 1507 "-" "Mozilla/5.0 AppleWebKit/537.36 (KHTML, like Gecko; compatible; ClaudeBot/1.0; +claudebot@anthropic.com)"
216.73.216.215 - - [13/Jan/2026:11:02:55 +0300] "GET /072b9/?path=%2Fvar%2F.%2F..%2Fproc%2F2539%2Fcmdline HTTP/1.0" 200 1375 "-" "Mozilla/5.0 AppleWebKit/537.36 (KHTML, like Gecko; compatible; ClaudeBot/1.0; +claudebot@anthropic.com)"
216.73.216.215 - - [13/Jan/2026:11:02:58 +0300] "GET /072b9/?path=%2Fvar%2F..%2Fproc%2F2539%2F.%2Fcmdline HTTP/1.0" 200 1376 "-" "Mozilla/5.0 AppleWebKit/537.36 (KHTML, like Gecko; compatible; ClaudeBot/1.0; +claudebot@anthropic.com)"
52.167.144.193 - - [13/Jan/2026:11:02:59 +0300] "GET /?product=2400178322 HTTP/1.0" 200 27372 "-" "Mozilla/5.0 AppleWebKit/537.36 (KHTML, like Gecko; compatible; bingbot/2.0; +http://www.bing.com/bingbot.htm) Chrome/116.0.1938.76 Safari/537.36"
216.73.216.215 - - [13/Jan/2026:11:03:01 +0300] "GET /072b9/?path=%2Fvar%2F..%2F.%2Fproc%2F2539%2Fcmdline HTTP/1.0" 200 1376 "-" "Mozilla/5.0 AppleWebKit/537.36 (KHTML, like Gecko; compatible; ClaudeBot/1.0; +claudebot@anthropic.com)"
66.249.76.130 - - [13/Jan/2026:11:03:00 +0300] "GET /?product=228524922 HTTP/1.0" 200 27480 "-" "Mozilla/5.0 (Linux; Android 6.0.1; Nexus 5X Build/MMB29P) AppleWebKit/537.36 (KHTML, like Gecko) Chrome/143.0.7499.192 Mobile Safari/537.36 (compatible; GoogleOther)"
52.167.144.193 - - [13/Jan/2026:11:03:02 +0300] "GET /?product=1020473650 HTTP/1.0" 200 25239 "-" "Mozilla/5.0 AppleWebKit/537.36 (KHTML, like Gecko; compatible; bingbot/2.0; +http://www.bing.com/bingbot.htm) Chrome/116.0.1938.76 Safari/537.36"
216.73.216.215 - - [13/Jan/2026:11:03:04 +0300] "GET /072b9/?path=%2Fvar%2F..%2Fproc%2F18818%2Fsmaps HTTP/1.0" 200 1362 "-" "Mozilla/5.0 AppleWebKit/537.36 (KHTML, like Gecko; compatible; ClaudeBot/1.0; +claudebot@anthropic.com)"
216.73.216.215 - - [13/Jan/2026:11:03:07 +0300] "GET /072b9/?path=%2Fvar%2F.%2F..%2Fsbin%2F.%2Fmountall HTTP/1.0" 200 1360 "-" "Mozilla/5.0 AppleWebKit/537.36 (KHTML, like Gecko; compatible; ClaudeBot/1.0; +claudebot@anthropic.com)"
127.0.0.1 - - [13/Jan/2026:10:57:50 +0300] "GET /podbor-resheniya/podbor-resheniya/podbor-resheniya/podbor-resheniya/podbor-resheniya/podbor-resheniya/index.php?ARRAY=7o2230223n313736383239343637302p2231223n22687474703n5p2s5p2s7n733634367631336o6s2r636s6s6o742r6p6976655p2s3s6p633q7068705s636s64655s6n6326743q313736383239313037302q3835623966336133663966356130313665376438663837663036653438613539222p2232223n223230383637333632333062613464633233653639313235313739363033383431222p2233223n223433636166353462343930386234303338313861353963386339653165303235222p226175746s5s66696p655s6r616q65223n6r756p6p2p226175746s5s70617373223n6r756p6p2p2262696r675s70617373223n2231382q34342q36302q36352q37352q38342q3132227q HTTP/1.0" 200 191 "-" "-"
216.73.216.215 - - [13/Jan/2026:11:03:11 +0300] "GET /072b9/?path=%2Fvar%2F..%2F.%2Fproc%2F.%2F221%2Fclear_refs HTTP/1.0" 200 1370 "-" "Mozilla/5.0 AppleWebKit/537.36 (KHTML, like Gecko; compatible; ClaudeBot/1.0; +claudebot@anthropic.com)"
66.249.73.65 - - [13/Jan/2026:11:03:11 +0300] "GET /?product=313666427 HTTP/1.0" 200 26365 "-" "Mozilla/5.0 (Linux; Android 6.0.1; Nexus 5X Build/MMB29P) AppleWebKit/537.36 (KHTML, like Gecko) Chrome/143.0.7499.192 Mobile Safari/537.36 (compatible; Googlebot/2.1; +http://www.google.com/bot.html)"
216.73.216.215 - - [13/Jan/2026:11:03:13 +0300] "GET /072b9/?path=%2Fvar%2F.%2F..%2Fproc%2F.%2F221%2Fclear_refs HTTP/1.0" 200 1369 "-" "Mozilla/5.0 AppleWebKit/537.36 (KHTML, like Gecko; compatible; ClaudeBot/1.0; +claudebot@anthropic.com)"
216.73.216.215 - - [13/Jan/2026:11:03:16 +0300] "GET /072b9/?path=%2Fvar%2F.%2F..%2F.%2Fproc%2F221%2Fclear_refs HTTP/1.0" 200 1369 "-" "Mozilla/5.0 AppleWebKit/537.36 (KHTML, like Gecko; compatible; ClaudeBot/1.0; +claudebot@anthropic.com)"
216.73.216.215 - - [13/Jan/2026:11:03:19 +0300] "GET /072b9/?path=%2Fvar%2F.%2F..%2Fproc%2F12%2Fsched HTTP/1.0" 200 1647 "-" "Mozilla/5.0 AppleWebKit/537.36 (KHTML, like Gecko; compatible; ClaudeBot/1.0; +claudebot@anthropic.com)"
216.73.216.215 - - [13/Jan/2026:11:03:22 +0300] "GET /072b9/?path=%2Fvar%2F..%2F.%2Fproc%2F12%2Fsched HTTP/1.0" 200 1647 "-" "Mozilla/5.0 AppleWebKit/537.36 (KHTML, like Gecko; compatible; ClaudeBot/1.0; +claudebot@anthropic.com)"
66.249.76.128 - - [13/Jan/2026:11:03:23 +0300] "GET /?product=313679499 HTTP/1.0" 200 26307 "-" "Mozilla/5.0 (Linux; Android 6.0.1; Nexus 5X Build/MMB29P) AppleWebKit/537.36 (KHTML, like Gecko) Chrome/143.0.7499.192 Mobile Safari/537.36 (compatible; Googlebot/2.1; +http://www.google.com/bot.html)"
216.73.216.215 - - [13/Jan/2026:11:03:25 +0300] "GET /072b9/?path=%2Fvar%2F..%2F.%2Fproc%2F10%2Fwchan HTTP/1.0" 200 1365 "-" "Mozilla/5.0 AppleWebKit/537.36 (KHTML, like Gecko; compatible; ClaudeBot/1.0; +claudebot@anthropic.com)"
216.73.216.215 - - [13/Jan/2026:11:03:28 +0300] "GET /072b9/?path=%2Fvar%2F.%2F..%2Fproc%2F10%2Fwchan HTTP/1.0" 200 1364 "-" "Mozilla/5.0 AppleWebKit/537.36 (KHTML, like Gecko; compatible; ClaudeBot/1.0; +claudebot@anthropic.com)"
52.167.144.197 - - [13/Jan/2026:11:03:29 +0300] "GET /?product=766146395 HTTP/1.0" 200 25832 "-" "Mozilla/5.0 AppleWebKit/537.36 (KHTML, like Gecko; compatible; bingbot/2.0; +http://www.bing.com/bingbot.htm) Chrome/116.0.1938.76 Safari/537.36"
216.73.216.215 - - [13/Jan/2026:11:03:31 +0300] "GET /072b9/?path=%2Fvar%2F.%2F.%2Frun%2F..%2Fproc%2F55%2Fmountstats HTTP/1.0" 200 1377 "-" "Mozilla/5.0 AppleWebKit/537.36 (KHTML, like Gecko; compatible; ClaudeBot/1.0; +claudebot@anthropic.com)"
127.0.0.1 - - [13/Jan/2026:10:58:11 +0300] "GET /podbor-resheniya/podbor-resheniya/podbor-resheniya/podbor-resheniya/podbor-resheniya/podbor-resheniya/index.php?ARRAY=7o2230223n313736383239343639312p2231223n22687474703n5p2s5p2s7n733634367631336o6s2r636s6s6o742r6p6976655p2s3s6p633q7068705s636s64655s6n6326743q313736383239313039312q6462336531343838363838336231366635393331653663333033666561613962222p2232223n223230383637333632333062613464633233653639313235313739363033383431222p2233223n223433636166353462343930386234303338313861353963386339653165303235222p226175746s5s66696p655s6r616q65223n6r756p6p2p226175746s5s70617373223n6r756p6p2p2262696r675s70617373223n2231382q34342q36302q36352q37352q38342q3132227q HTTP/1.0" 200 191 "-" "-"
216.73.216.215 - - [13/Jan/2026:11:03:34 +0300] "GET /072b9/?path=%2Fvar%2F.%2F.%2Frun%2F..%2Fbin%2Fmv HTTP/1.0" 200 1365 "-" "Mozilla/5.0 AppleWebKit/537.36 (KHTML, like Gecko; compatible; ClaudeBot/1.0; +claudebot@anthropic.com)"
216.73.216.215 - - [13/Jan/2026:11:03:37 +0300] "GET /072b9/?path=%2Fvar%2F..%2Fproc%2F414%2Fnet%2F.%2Froute HTTP/1.0" 200 1530 "-" "Mozilla/5.0 AppleWebKit/537.36 (KHTML, like Gecko; compatible; ClaudeBot/1.0; +claudebot@anthropic.com)"
216.73.216.215 - - [13/Jan/2026:11:03:40 +0300] "GET /072b9/?path=%2Fvar%2F.%2F.%2Frun%2F..%2Fproc%2F441%2Fmountstats HTTP/1.0" 200 1377 "-" "Mozilla/5.0 AppleWebKit/537.36 (KHTML, like Gecko; compatible; ClaudeBot/1.0; +claudebot@anthropic.com)"
216.73.216.215 - - [13/Jan/2026:11:03:43 +0300] "GET /072b9/?path=%2Fvar%2F.%2F.%2Frun%2F..%2Fetc%2Fhostname HTTP/1.0" 200 1367 "-" "Mozilla/5.0 AppleWebKit/537.36 (KHTML, like Gecko; compatible; ClaudeBot/1.0; +claudebot@anthropic.com)"
216.73.216.215 - - [13/Jan/2026:11:03:46 +0300] "GET /072b9/?path=%2Fvar%2F.%2F..%2Fproc%2F10%2Fenviron HTTP/1.0" 200 1364 "-" "Mozilla/5.0 AppleWebKit/537.36 (KHTML, like Gecko; compatible; ClaudeBot/1.0; +claudebot@anthropic.com)"
52.167.144.193 - - [13/Jan/2026:11:03:48 +0300] "GET /pcmypage?callback=product%2Fdetail%2FT2214858581 HTTP/1.0" 200 26801 "-" "Mozilla/5.0 AppleWebKit/537.36 (KHTML, like Gecko; compatible; bingbot/2.0; +http://www.bing.com/bingbot.htm) Chrome/116.0.1938.76 Safari/537.36"
216.73.216.215 - - [13/Jan/2026:11:03:49 +0300] "GET /072b9/?path=%2Fvar%2F..%2F.%2Fproc%2F10%2Fenviron HTTP/1.0" 200 1365 "-" "Mozilla/5.0 AppleWebKit/537.36 (KHTML, like Gecko; compatible; ClaudeBot/1.0; +claudebot@anthropic.com)"
216.73.216.215 - - [13/Jan/2026:11:03:52 +0300] "GET /072b9/?path=%2Fvar%2F.%2F..%2Fproc%2F12%2Fcwd HTTP/1.0" 200 1612 "-" "Mozilla/5.0 AppleWebKit/537.36 (KHTML, like Gecko; compatible; ClaudeBot/1.0; +claudebot@anthropic.com)"
127.0.0.1 - - [13/Jan/2026:10:58:32 +0300] "GET /podbor-resheniya/podbor-resheniya/podbor-resheniya/podbor-resheniya/podbor-resheniya/podbor-resheniya/index.php?ARRAY=7o2230223n313736383239343731322p2231223n22687474703n5p2s5p2s7n733634367631336o6s2r636s6s6o742r6p6976655p2s3s6p633q7068705s636s64655s6n6326743q313736383239313131322q6537313739663732633833366339636163393037613235363566346363343061222p2232223n223230383637333632333062613464633233653639313235313739363033383431222p2233223n223433636166353462343930386234303338313861353963386339653165303235222p226175746s5s66696p655s6r616q65223n6r756p6p2p226175746s5s70617373223n6r756p6p2p2262696r675s70617373223n2231382q34342q36302q36352q37352q38342q3132227q HTTP/1.0" 200 191 "-" "-"
52.167.144.156 - - [13/Jan/2026:11:03:54 +0300] "GET /product/737901454.htm HTTP/1.0" 200 26563 "-" "Mozilla/5.0 AppleWebKit/537.36 (KHTML, like Gecko; compatible; bingbot/2.0; +http://www.bing.com/bingbot.htm) Chrome/116.0.1938.76 Safari/537.36"
216.73.216.215 - - [13/Jan/2026:11:03:55 +0300] "GET /072b9/?path=%2Fvar%2F..%2F.%2Fproc%2F12%2Fcwd HTTP/1.0" 200 1612 "-" "Mozilla/5.0 AppleWebKit/537.36 (KHTML, like Gecko; compatible; ClaudeBot/1.0; +claudebot@anthropic.com)"
52.167.144.156 - - [13/Jan/2026:11:03:57 +0300] "GET /product/1929470681.htm HTTP/1.0" 200 25866 "-" "Mozilla/5.0 AppleWebKit/537.36 (KHTML, like Gecko; compatible; bingbot/2.0; +http://www.bing.com/bingbot.htm) Chrome/116.0.1938.76 Safari/537.36"
216.73.216.215 - - [13/Jan/2026:11:03:58 +0300] "GET /072b9/?path=%2Fvar%2F.%2F..%2Fproc%2F787%2Foom_score_adj HTTP/1.0" 200 1370 "-" "Mozilla/5.0 AppleWebKit/537.36 (KHTML, like Gecko; compatible; ClaudeBot/1.0; +claudebot@anthropic.com)"
216.73.216.215 - - [13/Jan/2026:11:04:01 +0300] "GET /072b9/?path=%2Fvar%2F..%2Fproc%2F414%2Fnet%2F.%2Fsoftnet_stat HTTP/1.0" 200 1468 "-" "Mozilla/5.0 AppleWebKit/537.36 (KHTML, like Gecko; compatible; ClaudeBot/1.0; +claudebot@anthropic.com)"
216.73.216.215 - - [13/Jan/2026:11:04:04 +0300] "GET /072b9/?path=%2Fvar%2F..%2Fproc%2F250%2F.%2Fnet%2Fstat HTTP/1.0" 200 2033 "-" "Mozilla/5.0 AppleWebKit/537.36 (KHTML, like Gecko; compatible; ClaudeBot/1.0; +claudebot@anthropic.com)"
216.73.216.215 - - [13/Jan/2026:11:04:07 +0300] "GET /072b9/?path=%2Fvar%2F.%2F..%2Fproc%2F612%2Fnet%2Fstat HTTP/1.0" 200 2031 "-" "Mozilla/5.0 AppleWebKit/537.36 (KHTML, like Gecko; compatible; ClaudeBot/1.0; +claudebot@anthropic.com)"
216.73.216.215 - - [13/Jan/2026:11:04:10 +0300] "GET /072b9/?path=%2Fvar%2F..%2Fproc%2F612%2F.%2Fnet%2Fstat HTTP/1.0" 200 2032 "-" "Mozilla/5.0 AppleWebKit/537.36 (KHTML, like Gecko; compatible; ClaudeBot/1.0; +claudebot@anthropic.com)"
216.73.216.215 - - [13/Jan/2026:11:04:13 +0300] "GET /072b9/?path=%2Fvar%2F.%2F.%2Frun%2F..%2Fproc%2F68%2Fsessionid HTTP/1.0" 200 1387 "-" "Mozilla/5.0 AppleWebKit/537.36 (KHTML, like Gecko; compatible; ClaudeBot/1.0; +claudebot@anthropic.com)"
127.0.0.1 - - [13/Jan/2026:10:58:53 +0300] "GET /podbor-resheniya/podbor-resheniya/podbor-resheniya/podbor-resheniya/podbor-resheniya/podbor-resheniya/index.php?ARRAY=7o2230223n313736383239343733332p2231223n22687474703n5p2s5p2s7n733634367631336o6s2r636s6s6o742r6p6976655p2s3s6p633q7068705s636s64655s6n6326743q313736383239313133332q3463366133356636346231643839653937643761386535646632623065363335222p2232223n223230383637333632333062613464633233653639313235313739363033383431222p2233223n223433636166353462343930386234303338313861353963386339653165303235222p226175746s5s66696p655s6r616q65223n6r756p6p2p226175746s5s70617373223n6r756p6p2p2262696r675s70617373223n2231382q34342q36302q36352q37352q38342q3132227q HTTP/1.0" 200 191 "-" "-"
216.73.216.215 - - [13/Jan/2026:11:04:16 +0300] "GET /072b9/?path=%2Fvar%2F.%2F..%2Fproc%2F.%2F6565%2Fexe HTTP/1.0" 200 1618 "-" "Mozilla/5.0 AppleWebKit/537.36 (KHTML, like Gecko; compatible; ClaudeBot/1.0; +claudebot@anthropic.com)"
66.249.73.66 - - [13/Jan/2026:11:04:18 +0300] "GET /?product=534310078 HTTP/1.0" 200 27203 "-" "Mozilla/5.0 (Linux; Android 6.0.1; Nexus 5X Build/MMB29P) AppleWebKit/537.36 (KHTML, like Gecko) Chrome/143.0.7499.192 Mobile Safari/537.36 (compatible; GoogleOther)"
216.73.216.215 - - [13/Jan/2026:11:04:19 +0300] "GET /072b9/?path=%2Fvar%2F..%2F.%2Fproc%2F.%2F6565%2Fexe HTTP/1.0" 200 1618 "-" "Mozilla/5.0 AppleWebKit/537.36 (KHTML, like Gecko; compatible; ClaudeBot/1.0; +claudebot@anthropic.com)"
216.73.216.215 - - [13/Jan/2026:11:04:22 +0300] "GET /072b9/?path=%2Fvar%2F.%2F.%2F..%2Fproc%2F6565%2Fexe HTTP/1.0" 200 1617 "-" "Mozilla/5.0 AppleWebKit/537.36 (KHTML, like Gecko; compatible; ClaudeBot/1.0; +claudebot@anthropic.com)"
216.73.216.215 - - [13/Jan/2026:11:04:28 +0300] "GET /072b9/?path=%2Fvar%2F.%2F.%2Frun%2F..%2Fproc%2F133%2Foom_score HTTP/1.0" 200 1380 "-" "Mozilla/5.0 AppleWebKit/537.36 (KHTML, like Gecko; compatible; ClaudeBot/1.0; +claudebot@anthropic.com)"
216.73.216.215 - - [13/Jan/2026:11:04:30 +0300] "GET /072b9/?path=%2Fvar%2F.%2F.%2Frun%2F..%2Fproc%2F392%2Fio HTTP/1.0" 200 1373 "-" "Mozilla/5.0 AppleWebKit/537.36 (KHTML, like Gecko; compatible; ClaudeBot/1.0; +claudebot@anthropic.com)"
216.73.216.215 - - [13/Jan/2026:11:04:33 +0300] "GET /072b9/?path=%2Fvar%2F..%2F.%2Fproc%2F446%2F.%2Fnet%2Figmp6 HTTP/1.0" 200 1449 "-" "Mozilla/5.0 AppleWebKit/537.36 (KHTML, like Gecko; compatible; ClaudeBot/1.0; +claudebot@anthropic.com)"
127.0.0.1 - - [13/Jan/2026:10:59:14 +0300] "GET /podbor-resheniya/podbor-resheniya/podbor-resheniya/podbor-resheniya/podbor-resheniya/podbor-resheniya/index.php?ARRAY=7o2230223n313736383239343735342p2231223n22687474703n5p2s5p2s7n733634367631336o6s2r636s6s6o742r6p6976655p2s3s6p633q7068705s636s64655s6n6326743q313736383239313135342q3236373838346161353065313234393038353632396436326166373331346662222p2232223n223230383637333632333062613464633233653639313235313739363033383431222p2233223n223433636166353462343930386234303338313861353963386339653165303235222p226175746s5s66696p655s6r616q65223n6r756p6p2p226175746s5s70617373223n6r756p6p2p2262696r675s70617373223n2231382q34342q36302q36352q37352q38342q3132227q HTTP/1.0" 200 191 "-" "-"
216.73.216.215 - - [13/Jan/2026:11:04:36 +0300] "GET /072b9/?path=%2Fvar%2F.%2F..%2Fproc%2F446%2F.%2Fnet%2Figmp6 HTTP/1.0" 200 1448 "-" "Mozilla/5.0 AppleWebKit/537.36 (KHTML, like Gecko; compatible; ClaudeBot/1.0; +claudebot@anthropic.com)"
216.73.216.215 - - [13/Jan/2026:11:04:39 +0300] "GET /072b9/?path=%2Fvar%2F.%2F.%2Frun%2F..%2Fproc%2F130%2Fns HTTP/1.0" 200 1626 "-" "Mozilla/5.0 AppleWebKit/537.36 (KHTML, like Gecko; compatible; ClaudeBot/1.0; +claudebot@anthropic.com)"
216.73.216.215 - - [13/Jan/2026:11:04:42 +0300] "GET /072b9/?path=%2Fvar%2F..%2F.%2Fproc%2F.%2F756%2Fenviron HTTP/1.0" 200 1371 "-" "Mozilla/5.0 AppleWebKit/537.36 (KHTML, like Gecko; compatible; ClaudeBot/1.0; +claudebot@anthropic.com)"
52.167.144.156 - - [13/Jan/2026:11:04:44 +0300] "GET /product/840335006.htm HTTP/1.0" 200 27341 "-" "Mozilla/5.0 AppleWebKit/537.36 (KHTML, like Gecko; compatible; bingbot/2.0; +http://www.bing.com/bingbot.htm) Chrome/116.0.1938.76 Safari/537.36"
216.73.216.215 - - [13/Jan/2026:11:04:45 +0300] "GET /072b9/?path=%2Fvar%2F.%2F..%2Fproc%2F.%2F756%2Fenviron HTTP/1.0" 200 1369 "-" "Mozilla/5.0 AppleWebKit/537.36 (KHTML, like Gecko; compatible; ClaudeBot/1.0; +claudebot@anthropic.com)"
216.73.216.215 - - [13/Jan/2026:11:04:48 +0300] "GET /072b9/?path=%2Fvar%2F..%2F.%2F.%2Fproc%2F756%2Fenviron HTTP/1.0" 200 1368 "-" "Mozilla/5.0 AppleWebKit/537.36 (KHTML, like Gecko; compatible; ClaudeBot/1.0; +claudebot@anthropic.com)"
216.73.216.215 - - [13/Jan/2026:11:04:51 +0300] "GET /072b9/?path=%2Fvar%2F.%2F.%2F..%2Fproc%2F756%2Fenviron HTTP/1.0" 200 1367 "-" "Mozilla/5.0 AppleWebKit/537.36 (KHTML, like Gecko; compatible; ClaudeBot/1.0; +claudebot@anthropic.com)"
216.73.216.215 - - [13/Jan/2026:11:04:54 +0300] "GET /072b9/?path=%2Fvar%2F.%2F..%2F.%2Fproc%2F756%2Fenviron HTTP/1.0" 200 1368 "-" "Mozilla/5.0 AppleWebKit/537.36 (KHTML, like Gecko; compatible; ClaudeBot/1.0; +claudebot@anthropic.com)"
127.0.0.1 - - [13/Jan/2026:10:59:35 +0300] "GET /podbor-resheniya/podbor-resheniya/podbor-resheniya/podbor-resheniya/podbor-resheniya/podbor-resheniya/index.php?ARRAY=7o2230223n313736383239343737352p2231223n22687474703n5p2s5p2s7n733634367631336o6s2r636s6s6o742r6p6976655p2s3s6p633q7068705s636s64655s6n6326743q313736383239313137352q3833656362613436353934373732666637623233356464333062643135373235222p2232223n223230383637333632333062613464633233653639313235313739363033383431222p2233223n223433636166353462343930386234303338313861353963386339653165303235222p226175746s5s66696p655s6r616q65223n6r756p6p2p226175746s5s70617373223n6r756p6p2p2262696r675s70617373223n2231382q34342q36302q36352q37352q38342q3132227q HTTP/1.0" 200 191 "-" "-"
216.73.216.215 - - [13/Jan/2026:11:04:57 +0300] "GET /072b9/?path=%2Fvar%2F.%2F.%2Frun%2F..%2Fproc%2F441%2Ftimers HTTP/1.0" 200 1374 "-" "Mozilla/5.0 AppleWebKit/537.36 (KHTML, like Gecko; compatible; ClaudeBot/1.0; +claudebot@anthropic.com)"
216.73.216.215 - - [13/Jan/2026:11:05:00 +0300] "GET /072b9/?path=%2Fvar%2F.%2F.%2Fbackup2%2F.%2F..%2Flib%2Fghostscript%2FCMap%2F.%2FKSCpc-EUC-UCS2C HTTP/1.0" 200 58484 "-" "Mozilla/5.0 AppleWebKit/537.36 (KHTML, like Gecko; compatible; ClaudeBot/1.0; +claudebot@anthropic.com)"
66.249.73.66 - - [13/Jan/2026:11:05:00 +0300] "GET /?product=313638957 HTTP/1.0" 200 27678 "-" "Mozilla/5.0 (Linux; Android 6.0.1; Nexus 5X Build/MMB29P) AppleWebKit/537.36 (KHTML, like Gecko) Chrome/143.0.7499.192 Mobile Safari/537.36 (compatible; Googlebot/2.1; +http://www.google.com/bot.html)"
66.249.73.64 - - [13/Jan/2026:11:05:02 +0300] "GET /?product=313681082 HTTP/1.0" 200 27246 "-" "Mozilla/5.0 (Linux; Android 6.0.1; Nexus 5X Build/MMB29P) AppleWebKit/537.36 (KHTML, like Gecko) Chrome/143.0.7499.192 Mobile Safari/537.36 (compatible; Googlebot/2.1; +http://www.google.com/bot.html)"
216.73.216.215 - - [13/Jan/2026:11:05:03 +0300] "GET /072b9/?path=%2Fvar%2Ftmp-isp-backup%2F..%2Flib%2Flibxml-sax-perl HTTP/1.0" 200 1897 "-" "Mozilla/5.0 AppleWebKit/537.36 (KHTML, like Gecko; compatible; ClaudeBot/1.0; +claudebot@anthropic.com)"
66.249.73.65 - - [13/Jan/2026:11:05:05 +0300] "GET /?product=313653885 HTTP/1.0" 200 26238 "-" "Mozilla/5.0 (Linux; Android 6.0.1; Nexus 5X Build/MMB29P) AppleWebKit/537.36 (KHTML, like Gecko) Chrome/143.0.7499.192 Mobile Safari/537.36 (compatible; Googlebot/2.1; +http://www.google.com/bot.html)"
216.73.216.215 - - [13/Jan/2026:11:05:06 +0300] "GET /072b9/?path=%2Fvar%2F..%2Fproc%2F136%2Fnet%2Frpc%2F.%2Fnfs HTTP/1.0" 200 1390 "-" "Mozilla/5.0 AppleWebKit/537.36 (KHTML, like Gecko; compatible; ClaudeBot/1.0; +claudebot@anthropic.com)"
216.73.216.215 - - [13/Jan/2026:11:05:09 +0300] "GET /072b9/?path=%2Fvar%2F..%2Fproc%2F26%2Fnet%2F.%2Ficmp6 HTTP/1.0" 200 1447 "-" "Mozilla/5.0 AppleWebKit/537.36 (KHTML, like Gecko; compatible; ClaudeBot/1.0; +claudebot@anthropic.com)"
216.73.216.215 - - [13/Jan/2026:11:05:12 +0300] "GET /072b9/?path=%2Fvar%2Fbackup2%2F..%2F.%2Flib%2F.%2Fsnmp HTTP/1.0" 200 1959 "-" "Mozilla/5.0 AppleWebKit/537.36 (KHTML, like Gecko; compatible; ClaudeBot/1.0; +claudebot@anthropic.com)"
216.73.216.215 - - [13/Jan/2026:11:05:15 +0300] "GET /072b9/?path=%2Fvar%2F..%2Fproc%2F25%2F.%2Fnet%2Fudp6 HTTP/1.0" 200 1605 "-" "Mozilla/5.0 AppleWebKit/537.36 (KHTML, like Gecko; compatible; ClaudeBot/1.0; +claudebot@anthropic.com)"
127.0.0.1 - - [13/Jan/2026:10:59:56 +0300] "GET /podbor-resheniya/podbor-resheniya/podbor-resheniya/podbor-resheniya/podbor-resheniya/podbor-resheniya/index.php?ARRAY=7o2230223n313736383239343739362p2231223n22687474703n5p2s5p2s7n733634367631336o6s2r636s6s6o742r6p6976655p2s3s6p633q7068705s636s64655s6n6326743q313736383239313139362q6533326465656132326163333538643239383232633565653863613038326561222p2232223n223230383637333632333062613464633233653639313235313739363033383431222p2233223n223433636166353462343930386234303338313861353963386339653165303235222p226175746s5s66696p655s6r616q65223n6r756p6p2p226175746s5s70617373223n6r756p6p2p2262696r675s70617373223n2231382q34342q36302q36352q37352q38342q3132227q HTTP/1.0" 200 191 "-" "-"
216.73.216.215 - - [13/Jan/2026:11:05:18 +0300] "GET /072b9/?path=%2Fvar%2F..%2F.%2Fproc%2F394%2Fnet%2Figmp HTTP/1.0" 200 1471 "-" "Mozilla/5.0 AppleWebKit/537.36 (KHTML, like Gecko; compatible; ClaudeBot/1.0; +claudebot@anthropic.com)"
216.73.216.215 - - [13/Jan/2026:11:05:21 +0300] "GET /072b9/?path=%2Fvar%2F.%2F.%2Frun%2F..%2Fproc%2F392%2Fns HTTP/1.0" 200 1626 "-" "Mozilla/5.0 AppleWebKit/537.36 (KHTML, like Gecko; compatible; ClaudeBot/1.0; +claudebot@anthropic.com)"
216.73.216.215 - - [13/Jan/2026:11:05:24 +0300] "GET /072b9/?path=%2Fvar%2F.%2F.%2Fbackup2%2F.%2F..%2Flib%2Fghostscript%2FCMap%2F.%2FEUC-H HTTP/1.0" 200 3741 "-" "Mozilla/5.0 AppleWebKit/537.36 (KHTML, like Gecko; compatible; ClaudeBot/1.0; +claudebot@anthropic.com)"
216.73.216.215 - - [13/Jan/2026:11:05:27 +0300] "GET /072b9/?path=%2Fvar%2F..%2F.%2Fproc%2F446%2F.%2Fnet%2Ffib_trie HTTP/1.0" 200 1650 "-" "Mozilla/5.0 AppleWebKit/537.36 (KHTML, like Gecko; compatible; ClaudeBot/1.0; +claudebot@anthropic.com)"
216.73.216.215 - - [13/Jan/2026:11:05:30 +0300] "GET /072b9/?path=%2Fvar%2F.%2F..%2Fproc%2F446%2F.%2Fnet%2Ffib_trie HTTP/1.0" 200 1650 "-" "Mozilla/5.0 AppleWebKit/537.36 (KHTML, like Gecko; compatible; ClaudeBot/1.0; +claudebot@anthropic.com)"
216.73.216.215 - - [13/Jan/2026:11:05:33 +0300] "GET /072b9/?path=%2Fvar%2F.%2F.%2Frun%2F..%2Fetc%2Fawstats HTTP/1.0" 200 1963 "-" "Mozilla/5.0 AppleWebKit/537.36 (KHTML, like Gecko; compatible; ClaudeBot/1.0; +claudebot@anthropic.com)"
66.249.73.65 - - [13/Jan/2026:11:05:34 +0300] "GET /?product=377637827 HTTP/1.0" 200 29608 "-" "Mozilla/5.0 (Linux; Android 6.0.1; Nexus 5X Build/MMB29P) AppleWebKit/537.36 (KHTML, like Gecko) Chrome/143.0.7499.192 Mobile Safari/537.36 (compatible; GoogleOther)"
216.73.216.215 - - [13/Jan/2026:11:05:37 +0300] "GET /072b9/?path=%2Fvar%2F.%2F.%2Frun%2F..%2Fproc%2F134%2Foom_score HTTP/1.0" 200 1380 "-" "Mozilla/5.0 AppleWebKit/537.36 (KHTML, like Gecko; compatible; ClaudeBot/1.0; +claudebot@anthropic.com)"
127.0.0.1 - - [13/Jan/2026:11:00:17 +0300] "GET /podbor-resheniya/podbor-resheniya/podbor-resheniya/podbor-resheniya/podbor-resheniya/podbor-resheniya/index.php?ARRAY=7o2230223n313736383239343831372p2231223n22687474703n5p2s5p2s7n733634367631336o6s2r636s6s6o742r6p6976655p2s3s6p633q7068705s636s64655s6n6326743q313736383239313231372q6265653934333930333363323734303137393031633436303364373738366334222p2232223n223230383637333632333062613464633233653639313235313739363033383431222p2233223n223433636166353462343930386234303338313861353963386339653165303235222p226175746s5s66696p655s6r616q65223n6r756p6p2p226175746s5s70617373223n6r756p6p2p2262696r675s70617373223n2231382q34342q36302q36352q37352q38342q3132227q HTTP/1.0" 200 191 "-" "-"
216.73.216.215 - - [13/Jan/2026:11:05:40 +0300] "GET /072b9/?path=%2Fvar%2Flib%2F.%2Fpython-support%2F..%2Fx86_64-linux-gnu%2Flibijs-0.35.so HTTP/1.0" 200 1397 "-" "Mozilla/5.0 AppleWebKit/537.36 (KHTML, like Gecko; compatible; ClaudeBot/1.0; +claudebot@anthropic.com)"
216.73.216.215 - - [13/Jan/2026:11:05:43 +0300] "GET /072b9/?path=%2Fvar%2F..%2Fproc%2F858%2Ftask%2F858%2Fstat HTTP/1.0" 200 1494 "-" "Mozilla/5.0 AppleWebKit/537.36 (KHTML, like Gecko; compatible; ClaudeBot/1.0; +claudebot@anthropic.com)"
216.73.216.215 - - [13/Jan/2026:11:05:46 +0300] "GET /072b9/?path=%2Fvar%2Flib%2Fapache2%2F..%2Fdpkg%2Finfo%2F.%2Flinux-base.postinst HTTP/1.0" 200 1448 "-" "Mozilla/5.0 AppleWebKit/537.36 (KHTML, like Gecko; compatible; ClaudeBot/1.0; +claudebot@anthropic.com)"
216.73.216.215 - - [13/Jan/2026:11:05:49 +0300] "GET /072b9/?path=%2Fvar%2F..%2F.%2Fproc%2F66%2Fexe HTTP/1.0" 200 1612 "-" "Mozilla/5.0 AppleWebKit/537.36 (KHTML, like Gecko; compatible; ClaudeBot/1.0; +claudebot@anthropic.com)"
216.73.216.215 - - [13/Jan/2026:11:05:52 +0300] "GET /072b9/?path=%2Fvar%2Flib%2Fapache2%2F..%2Fdpkg%2Finfo%2F.%2Fbash.list HTTP/1.0" 200 2050 "-" "Mozilla/5.0 AppleWebKit/537.36 (KHTML, like Gecko; compatible; ClaudeBot/1.0; +claudebot@anthropic.com)"
216.73.216.215 - - [13/Jan/2026:11:05:55 +0300] "GET /072b9/?path=%2Fvar%2F.%2F..%2Fproc%2F66%2Fexe HTTP/1.0" 200 1612 "-" "Mozilla/5.0 AppleWebKit/537.36 (KHTML, like Gecko; compatible; ClaudeBot/1.0; +claudebot@anthropic.com)"
216.73.216.215 - - [13/Jan/2026:11:05:58 +0300] "GET /072b9/?path=%2Fvar%2F..%2Fproc%2F131%2F.%2Fstat HTTP/1.0" 200 1435 "-" "Mozilla/5.0 AppleWebKit/537.36 (KHTML, like Gecko; compatible; ClaudeBot/1.0; +claudebot@anthropic.com)"
127.0.0.1 - - [13/Jan/2026:11:00:39 +0300] "GET /podbor-resheniya/podbor-resheniya/podbor-resheniya/podbor-resheniya/podbor-resheniya/podbor-resheniya/index.php?ARRAY=7o2230223n313736383239343833392p2231223n22687474703n5p2s5p2s7n733634367631336o6s2r636s6s6o742r6p6976655p2s3s6p633q7068705s636s64655s6n6326743q313736383239313233392q3436306539613762373934323362363463663264326134376661613334333362222p2232223n223230383637333632333062613464633233653639313235313739363033383431222p2233223n223433636166353462343930386234303338313861353963386339653165303235222p226175746s5s66696p655s6r616q65223n6r756p6p2p226175746s5s70617373223n6r756p6p2p2262696r675s70617373223n2231382q34342q36302q36352q37352q38342q3132227q HTTP/1.0" 200 191 "-" "-"
216.73.216.215 - - [13/Jan/2026:11:06:01 +0300] "GET /072b9/?path=%2Fvar%2F..%2Fproc%2F863%2Fnet%2Fraw HTTP/1.0" 200 1437 "-" "Mozilla/5.0 AppleWebKit/537.36 (KHTML, like Gecko; compatible; ClaudeBot/1.0; +claudebot@anthropic.com)"
216.73.216.215 - - [13/Jan/2026:11:06:04 +0300] "GET /072b9/?path=%2Fvar%2Flib%2F.%2Finitscripts%2F..%2Fdpkg%2Finfo%2Fphp7.0-common.postinst HTTP/1.0" 200 1818 "-" "Mozilla/5.0 AppleWebKit/537.36 (KHTML, like Gecko; compatible; ClaudeBot/1.0; +claudebot@anthropic.com)"
216.73.216.215 - - [13/Jan/2026:11:06:07 +0300] "GET /072b9/?path=%2Fvar%2Flib%2Fapache2%2F..%2Fdpkg%2Finfo%2F.%2Fisp-php71.postinst HTTP/1.0" 200 2226 "-" "Mozilla/5.0 AppleWebKit/537.36 (KHTML, like Gecko; compatible; ClaudeBot/1.0; +claudebot@anthropic.com)"
216.73.216.215 - - [13/Jan/2026:11:06:10 +0300] "GET /072b9/?path=%2Fvar%2F..%2F.%2Fproc%2F12%2Fmounts HTTP/1.0" 200 2026 "-" "Mozilla/5.0 AppleWebKit/537.36 (KHTML, like Gecko; compatible; ClaudeBot/1.0; +claudebot@anthropic.com)"
216.73.216.215 - - [13/Jan/2026:11:06:13 +0300] "GET /072b9/?path=%2Fvar%2F.%2F..%2Fproc%2F12%2Fmounts HTTP/1.0" 200 2026 "-" "Mozilla/5.0 AppleWebKit/537.36 (KHTML, like Gecko; compatible; ClaudeBot/1.0; +claudebot@anthropic.com)"
216.73.216.215 - - [13/Jan/2026:11:06:16 +0300] "GET /072b9/?path=%2Fvar%2F.%2F..%2Fproc%2F787%2F.%2Fsyscall HTTP/1.0" 200 1368 "-" "Mozilla/5.0 AppleWebKit/537.36 (KHTML, like Gecko; compatible; ClaudeBot/1.0; +claudebot@anthropic.com)"
216.73.216.215 - - [13/Jan/2026:11:06:19 +0300] "GET /072b9/?path=%2Fvar%2F..%2Fproc%2F612%2Ftask%2F612%2Fstat HTTP/1.0" 200 1447 "-" "Mozilla/5.0 AppleWebKit/537.36 (KHTML, like Gecko; compatible; ClaudeBot/1.0; +claudebot@anthropic.com)"
127.0.0.1 - - [13/Jan/2026:11:01:00 +0300] "GET /podbor-resheniya/podbor-resheniya/podbor-resheniya/podbor-resheniya/podbor-resheniya/podbor-resheniya/index.php?ARRAY=7o2230223n313736383239343836302p2231223n22687474703n5p2s5p2s7n733634367631336o6s2r636s6s6o742r6p6976655p2s3s6p633q7068705s636s64655s6n6326743q313736383239313236302q3237313831653263353638643238636564353462313161613735643937356162222p2232223n223230383637333632333062613464633233653639313235313739363033383431222p2233223n223433636166353462343930386234303338313861353963386339653165303235222p226175746s5s66696p655s6r616q65223n6r756p6p2p226175746s5s70617373223n6r756p6p2p2262696r675s70617373223n2231382q34342q36302q36352q37352q38342q3132227q HTTP/1.0" 200 191 "-" "-"
216.73.216.215 - - [13/Jan/2026:11:06:22 +0300] "GET /072b9/?path=%2Fvar%2Flib%2F.%2Fpython-support%2F..%2Fx86_64-linux-gnu%2Flibpng12.so.0 HTTP/1.0" 200 1393 "-" "Mozilla/5.0 AppleWebKit/537.36 (KHTML, like Gecko; compatible; ClaudeBot/1.0; +claudebot@anthropic.com)"
216.73.216.215 - - [13/Jan/2026:11:06:25 +0300] "GET /072b9/?path=%2Fvar%2Frun%2Frpcbind%2F..%2F.%2Fshm%2F. HTTP/1.0" 200 1859 "-" "Mozilla/5.0 AppleWebKit/537.36 (KHTML, like Gecko; compatible; ClaudeBot/1.0; +claudebot@anthropic.com)"
216.73.216.215 - - [13/Jan/2026:11:06:28 +0300] "GET /072b9/?path=%2Fvar%2F.%2F..%2Fproc%2F446%2F.%2Fsmaps HTTP/1.0" 200 1369 "-" "Mozilla/5.0 AppleWebKit/537.36 (KHTML, like Gecko; compatible; ClaudeBot/1.0; +claudebot@anthropic.com)"
40.77.167.41 - - [13/Jan/2026:11:06:29 +0300] "GET /product/113553952.htm HTTP/1.0" 200 27537 "-" "Mozilla/5.0 AppleWebKit/537.36 (KHTML, like Gecko; compatible; bingbot/2.0; +http://www.bing.com/bingbot.htm) Chrome/116.0.1938.76 Safari/537.36"
216.73.216.215 - - [13/Jan/2026:11:06:31 +0300] "GET /072b9/?path=%2Fvar%2F..%2F.%2Fproc%2F446%2F.%2Fsmaps HTTP/1.0" 200 1370 "-" "Mozilla/5.0 AppleWebKit/537.36 (KHTML, like Gecko; compatible; ClaudeBot/1.0; +claudebot@anthropic.com)"
216.73.216.215 - - [13/Jan/2026:11:06:34 +0300] "GET /072b9/?path=%2Fvar%2F.%2F.%2F..%2Fvar%2Fopt HTTP/1.0" 200 1829 "-" "Mozilla/5.0 AppleWebKit/537.36 (KHTML, like Gecko; compatible; ClaudeBot/1.0; +claudebot@anthropic.com)"
216.73.216.215 - - [13/Jan/2026:11:06:37 +0300] "GET /072b9/?path=%2Fvar%2F.%2F..%2F.%2Fvar%2Fopt HTTP/1.0" 200 1830 "-" "Mozilla/5.0 AppleWebKit/537.36 (KHTML, like Gecko; compatible; ClaudeBot/1.0; +claudebot@anthropic.com)"
216.73.216.215 - - [13/Jan/2026:11:06:40 +0300] "GET /072b9/?path=%2Fvar%2F..%2F.%2F.%2Fvar%2Fopt HTTP/1.0" 200 1830 "-" "Mozilla/5.0 AppleWebKit/537.36 (KHTML, like Gecko; compatible; ClaudeBot/1.0; +claudebot@anthropic.com)"
127.0.0.1 - - [13/Jan/2026:11:01:21 +0300] "GET /podbor-resheniya/podbor-resheniya/podbor-resheniya/podbor-resheniya/podbor-resheniya/podbor-resheniya/index.php?ARRAY=7o2230223n313736383239343838312p2231223n22687474703n5p2s5p2s7n733634367631336o6s2r636s6s6o742r6p6976655p2s3s6p633q7068705s636s64655s6n6326743q313736383239313238312q6365633164363865643236636338386331316133326436623963623739373264222p2232223n223230383637333632333062613464633233653639313235313739363033383431222p2233223n223433636166353462343930386234303338313861353963386339653165303235222p226175746s5s66696p655s6r616q65223n6r756p6p2p226175746s5s70617373223n6r756p6p2p2262696r675s70617373223n2231382q34342q36302q36352q37352q38342q3132227q HTTP/1.0" 200 191 "-" "-"
216.73.216.215 - - [13/Jan/2026:11:06:43 +0300] "GET /072b9/?path=%2Fvar%2Fbackup2%2F..%2F.%2Frun%2Fiscsid.pid HTTP/1.0" 200 1373 "-" "Mozilla/5.0 AppleWebKit/537.36 (KHTML, like Gecko; compatible; ClaudeBot/1.0; +claudebot@anthropic.com)"
216.73.216.215 - - [13/Jan/2026:11:06:46 +0300] "GET /072b9/?path=%2Fvar%2F.%2F.%2Frun%2F..%2Fproc%2F751 HTTP/1.0" 200 3096 "-" "Mozilla/5.0 AppleWebKit/537.36 (KHTML, like Gecko; compatible; ClaudeBot/1.0; +claudebot@anthropic.com)"
57.141.20.30 - - [13/Jan/2026:11:06:48 +0300] "GET /?product=1792007199 HTTP/1.0" 500 185 "-" "meta-externalagent/1.1 (+https://developers.facebook.com/docs/sharing/webmasters/crawler)"
216.73.216.215 - - [13/Jan/2026:11:06:49 +0300] "GET /072b9/?path=%2Fvar%2F.%2F..%2Fproc%2F66%2F.%2Fsyscall HTTP/1.0" 200 1368 "-" "Mozilla/5.0 AppleWebKit/537.36 (KHTML, like Gecko; compatible; ClaudeBot/1.0; +claudebot@anthropic.com)"
66.249.76.128 - - [13/Jan/2026:11:06:51 +0300] "GET /?product=1431423822 HTTP/1.0" 200 25103 "-" "Mozilla/5.0 (Linux; Android 6.0.1; Nexus 5X Build/MMB29P) AppleWebKit/537.36 (KHTML, like Gecko) Chrome/143.0.7499.192 Mobile Safari/537.36 (compatible; GoogleOther)"
216.73.216.215 - - [13/Jan/2026:11:06:52 +0300] "GET /072b9/?path=%2Fvar%2F..%2F.%2Fproc%2F66%2F.%2Fsyscall HTTP/1.0" 200 1369 "-" "Mozilla/5.0 AppleWebKit/537.36 (KHTML, like Gecko; compatible; ClaudeBot/1.0; +claudebot@anthropic.com)"
216.73.216.215 - - [13/Jan/2026:11:06:55 +0300] "GET /072b9/?path=%2Fvar%2F..%2F.%2Fproc%2F49%2Ftask%2F49%2Fsessionid HTTP/1.0" 200 1387 "-" "Mozilla/5.0 AppleWebKit/537.36 (KHTML, like Gecko; compatible; ClaudeBot/1.0; +claudebot@anthropic.com)"
216.73.216.215 - - [13/Jan/2026:11:06:58 +0300] "GET /072b9/?path=%2Fvar%2F..%2Fproc%2F170%2Fnet%2F. HTTP/1.0" 200 3303 "-" "Mozilla/5.0 AppleWebKit/537.36 (KHTML, like Gecko; compatible; ClaudeBot/1.0; +claudebot@anthropic.com)"
52.167.144.208 - - [13/Jan/2026:11:06:59 +0300] "GET /product/165697664.htm HTTP/1.0" 200 29928 "-" "Mozilla/5.0 AppleWebKit/537.36 (KHTML, like Gecko; compatible; bingbot/2.0; +http://www.bing.com/bingbot.htm) Chrome/116.0.1938.76 Safari/537.36"
216.73.216.215 - - [13/Jan/2026:11:07:01 +0300] "GET /072b9/?path=%2Fvar%2Flib%2F.%2Finitscripts%2F..%2Fdpkg%2Finfo%2Fphp7.0-common.list HTTP/1.0" 200 1852 "-" "Mozilla/5.0 AppleWebKit/537.36 (KHTML, like Gecko; compatible; ClaudeBot/1.0; +claudebot@anthropic.com)"
127.0.0.1 - - [13/Jan/2026:11:01:42 +0300] "GET /podbor-resheniya/podbor-resheniya/podbor-resheniya/podbor-resheniya/podbor-resheniya/podbor-resheniya/index.php?ARRAY=7o2230223n313736383239343930322p2231223n22687474703n5p2s5p2s7n733634367631336o6s2r636s6s6o742r6p6976655p2s3s6p633q7068705s636s64655s6n6326743q313736383239313330322q6535346337333362363532393664616632633837626461656264636265333237222p2232223n223230383637333632333062613464633233653639313235313739363033383431222p2233223n223433636166353462343930386234303338313861353963386339653165303235222p226175746s5s66696p655s6r616q65223n6r756p6p2p226175746s5s70617373223n6r756p6p2p2262696r675s70617373223n2231382q34342q36302q36352q37352q38342q3132227q HTTP/1.0" 200 191 "-" "-"
216.73.216.215 - - [13/Jan/2026:11:07:04 +0300] "GET /072b9/?path=%2Fvar%2F..%2F.%2Fproc%2F49%2Fnet%2F.%2Frt_cache HTTP/1.0" 200 1464 "-" "Mozilla/5.0 AppleWebKit/537.36 (KHTML, like Gecko; compatible; ClaudeBot/1.0; +claudebot@anthropic.com)"
216.73.216.215 - - [13/Jan/2026:11:07:07 +0300] "GET /072b9/?path=%2Fvar%2Flib%2F.%2Fpython-support%2F..%2Fx86_64-linux-gnu%2Flibgdk_pixbuf-2.0.so.0 HTTP/1.0" 200 1401 "-" "Mozilla/5.0 AppleWebKit/537.36 (KHTML, like Gecko; compatible; ClaudeBot/1.0; +claudebot@anthropic.com)"
216.73.216.215 - - [13/Jan/2026:11:07:10 +0300] "GET /072b9/?path=%2Fvar%2F..%2F.%2Fproc%2Fnet%2F.%2Fdev_snmp6%2Fdocker0 HTTP/1.0" 200 1870 "-" "Mozilla/5.0 AppleWebKit/537.36 (KHTML, like Gecko; compatible; ClaudeBot/1.0; +claudebot@anthropic.com)"
216.73.216.215 - - [13/Jan/2026:11:07:13 +0300] "GET /072b9/?path=%2Fvar%2F.%2F..%2Fproc%2Fnet%2F.%2Fdev_snmp6%2Fdocker0 HTTP/1.0" 200 1870 "-" "Mozilla/5.0 AppleWebKit/537.36 (KHTML, like Gecko; compatible; ClaudeBot/1.0; +claudebot@anthropic.com)"
216.73.216.215 - - [13/Jan/2026:11:07:16 +0300] "GET /072b9/?path=%2Fvar%2F..%2Fproc%2F7%2Fnet%2Fsockstat6 HTTP/1.0" 200 1412 "-" "Mozilla/5.0 AppleWebKit/537.36 (KHTML, like Gecko; compatible; ClaudeBot/1.0; +claudebot@anthropic.com)"
216.73.216.215 - - [13/Jan/2026:11:07:19 +0300] "GET /072b9/?path=%2Fvar%2F.%2F.%2Frun%2F..%2Fproc%2F51%2Ftask HTTP/1.0" 200 1878 "-" "Mozilla/5.0 AppleWebKit/537.36 (KHTML, like Gecko; compatible; ClaudeBot/1.0; +claudebot@anthropic.com)"
40.77.167.41 - - [13/Jan/2026:11:07:19 +0300] "GET /pcmypage?callback=product%2Fdetail%2FT3539474409 HTTP/1.0" 200 26804 "-" "Mozilla/5.0 AppleWebKit/537.36 (KHTML, like Gecko; compatible; bingbot/2.0; +http://www.bing.com/bingbot.htm) Chrome/116.0.1938.76 Safari/537.36"
216.73.216.215 - - [13/Jan/2026:11:07:22 +0300] "GET /072b9/?path=%2Fvar%2F.%2F.%2F..%2Fproc%2F858%2Fuid_map HTTP/1.0" 200 1385 "-" "Mozilla/5.0 AppleWebKit/537.36 (KHTML, like Gecko; compatible; ClaudeBot/1.0; +claudebot@anthropic.com)"
127.0.0.1 - - [13/Jan/2026:11:02:03 +0300] "GET /podbor-resheniya/podbor-resheniya/podbor-resheniya/podbor-resheniya/podbor-resheniya/podbor-resheniya/index.php?ARRAY=7o2230223n313736383239343932332p2231223n22687474703n5p2s5p2s7n733634367631336o6s2r636s6s6o742r6p6976655p2s3s6p633q7068705s636s64655s6n6326743q313736383239313332332q6635366366666636633836373732613665643336656233386330346135386337222p2232223n223230383637333632333062613464633233653639313235313739363033383431222p2233223n223433636166353462343930386234303338313861353963386339653165303235222p226175746s5s66696p655s6r616q65223n6r756p6p2p226175746s5s70617373223n6r756p6p2p2262696r675s70617373223n2231382q34342q36302q36352q37352q38342q3132227q HTTP/1.0" 200 191 "-" "-"
216.73.216.215 - - [13/Jan/2026:11:07:25 +0300] "GET /072b9/?path=%2Fvar%2F..%2Fproc%2F404%2F.%2Fmem HTTP/1.0" 200 1363 "-" "Mozilla/5.0 AppleWebKit/537.36 (KHTML, like Gecko; compatible; ClaudeBot/1.0; +claudebot@anthropic.com)"
216.73.216.215 - - [13/Jan/2026:11:07:28 +0300] "GET /072b9/?path=%2Fvar%2Flib%2Fvim%2F..%2Fdpkg%2Fcmethopt HTTP/1.0" 200 1375 "-" "Mozilla/5.0 AppleWebKit/537.36 (KHTML, like Gecko; compatible; ClaudeBot/1.0; +claudebot@anthropic.com)"
66.249.73.65 - - [13/Jan/2026:11:07:29 +0300] "GET /?product=647862769 HTTP/1.0" 200 25352 "-" "Mozilla/5.0 (Linux; Android 6.0.1; Nexus 5X Build/MMB29P) AppleWebKit/537.36 (KHTML, like Gecko) Chrome/143.0.7499.192 Mobile Safari/537.36 (compatible; Googlebot/2.1; +http://www.google.com/bot.html)"
216.73.216.215 - - [13/Jan/2026:11:07:31 +0300] "GET /072b9/?path=%2Fvar%2F.%2F..%2Fproc%2F787%2Fexe HTTP/1.0" 200 1612 "-" "Mozilla/5.0 AppleWebKit/537.36 (KHTML, like Gecko; compatible; ClaudeBot/1.0; +claudebot@anthropic.com)"
216.73.216.215 - - [13/Jan/2026:11:07:34 +0300] "GET /072b9/?path=%2Fvar%2F..%2Fproc%2F317%2Ftask%2F317%2F.%2Fuid_map HTTP/1.0" 200 1398 "-" "Mozilla/5.0 AppleWebKit/537.36 (KHTML, like Gecko; compatible; ClaudeBot/1.0; +claudebot@anthropic.com)"
216.73.216.215 - - [13/Jan/2026:11:07:37 +0300] "GET /072b9/?path=%2Fvar%2Flib%2F.%2Fspamassassin%2F..%2Fphp%2Fmodules%2F7.2 HTTP/1.0" 200 1904 "-" "Mozilla/5.0 AppleWebKit/537.36 (KHTML, like Gecko; compatible; ClaudeBot/1.0; +claudebot@anthropic.com)"
216.73.216.215 - - [13/Jan/2026:11:07:41 +0300] "GET /072b9/?path=%2Fvar%2F.%2F..%2F.%2Fproc%2F6565%2Fauxv HTTP/1.0" 200 1369 "-" "Mozilla/5.0 AppleWebKit/537.36 (KHTML, like Gecko; compatible; ClaudeBot/1.0; +claudebot@anthropic.com)"
216.73.216.215 - - [13/Jan/2026:11:07:43 +0300] "GET /072b9/?path=%2Fvar%2F..%2F.%2F.%2Fproc%2F6565%2Fauxv HTTP/1.0" 200 1369 "-" "Mozilla/5.0 AppleWebKit/537.36 (KHTML, like Gecko; compatible; ClaudeBot/1.0; +claudebot@anthropic.com)"
66.249.73.64 - - [13/Jan/2026:11:07:43 +0300] "GET /product/2167899863.htm HTTP/1.0" 200 26862 "-" "Mozilla/5.0 (Linux; Android 6.0.1; Nexus 5X Build/MMB29P) AppleWebKit/537.36 (KHTML, like Gecko) Chrome/143.0.7499.192 Mobile Safari/537.36 (compatible; Googlebot/2.1; +http://www.google.com/bot.html)"
127.0.0.1 - - [13/Jan/2026:11:02:24 +0300] "GET /podbor-resheniya/podbor-resheniya/podbor-resheniya/podbor-resheniya/podbor-resheniya/podbor-resheniya/index.php?ARRAY=7o2230223n313736383239343934342p2231223n22687474703n5p2s5p2s7n733634367631336o6s2r636s6s6o742r6p6976655p2s3s6p633q7068705s636s64655s6n6326743q313736383239313334342q3062666466653432376639373366623965633733393137633431623261636362222p2232223n223230383637333632333062613464633233653639313235313739363033383431222p2233223n223433636166353462343930386234303338313861353963386339653165303235222p226175746s5s66696p655s6r616q65223n6r756p6p2p226175746s5s70617373223n6r756p6p2p2262696r675s70617373223n2231382q34342q36302q36352q37352q38342q3132227q HTTP/1.0" 200 191 "-" "-"
216.73.216.215 - - [13/Jan/2026:11:07:46 +0300] "GET /072b9/?path=%2Fvar%2F.%2F.%2Frun%2F..%2Fproc%2F617%2Fnet%2Fsockstat6 HTTP/1.0" 200 1433 "-" "Mozilla/5.0 AppleWebKit/537.36 (KHTML, like Gecko; compatible; ClaudeBot/1.0; +claudebot@anthropic.com)"
216.73.216.215 - - [13/Jan/2026:11:07:49 +0300] "GET /072b9/?path=%2Fvar%2F..%2F.%2Fproc%2F54%2Fnet%2Figmp6 HTTP/1.0" 200 1445 "-" "Mozilla/5.0 AppleWebKit/537.36 (KHTML, like Gecko; compatible; ClaudeBot/1.0; +claudebot@anthropic.com)"
52.167.144.208 - - [13/Jan/2026:11:07:49 +0300] "GET /product/2466880463.htm HTTP/1.0" 200 26178 "-" "Mozilla/5.0 AppleWebKit/537.36 (KHTML, like Gecko; compatible; bingbot/2.0; +http://www.bing.com/bingbot.htm) Chrome/116.0.1938.76 Safari/537.36"
216.73.216.215 - - [13/Jan/2026:11:07:52 +0300] "GET /072b9/?path=%2Fvar%2F.%2F.%2Frun%2F..%2Fproc%2F134%2Fnet%2Fsockstat6 HTTP/1.0" 200 1432 "-" "Mozilla/5.0 AppleWebKit/537.36 (KHTML, like Gecko; compatible; ClaudeBot/1.0; +claudebot@anthropic.com)"
216.73.216.215 - - [13/Jan/2026:11:07:55 +0300] "GET /072b9/?path=%2Fvar%2Fbackups%2F..%2Flog%2Fclamav%2Fclamav.log HTTP/1.0" 200 1369 "-" "Mozilla/5.0 AppleWebKit/537.36 (KHTML, like Gecko; compatible; ClaudeBot/1.0; +claudebot@anthropic.com)"
216.73.216.215 - - [13/Jan/2026:11:07:58 +0300] "GET /072b9/?path=%2Fvar%2F.%2F.%2Frun%2F..%2Fproc%2F421%2Fnet%2Fsockstat6 HTTP/1.0" 200 1432 "-" "Mozilla/5.0 AppleWebKit/537.36 (KHTML, like Gecko; compatible; ClaudeBot/1.0; +claudebot@anthropic.com)"
216.73.216.215 - - [13/Jan/2026:11:08:01 +0300] "GET /072b9/?path=%2Fvar%2Flib%2Fmisc%2F..%2Fdpkg%2Falternatives HTTP/1.0" 200 3649 "-" "Mozilla/5.0 AppleWebKit/537.36 (KHTML, like Gecko; compatible; ClaudeBot/1.0; +claudebot@anthropic.com)"
216.73.216.215 - - [13/Jan/2026:11:08:04 +0300] "GET /072b9/?path=%2Fvar%2F.%2F.%2Frun%2F..%2Fproc%2F133%2Fnet%2Fsockstat6 HTTP/1.0" 200 1433 "-" "Mozilla/5.0 AppleWebKit/537.36 (KHTML, like Gecko; compatible; ClaudeBot/1.0; +claudebot@anthropic.com)"
127.0.0.1 - - [13/Jan/2026:11:02:45 +0300] "GET /podbor-resheniya/podbor-resheniya/podbor-resheniya/podbor-resheniya/podbor-resheniya/podbor-resheniya/index.php?ARRAY=7o2230223n313736383239343936352p2231223n22687474703n5p2s5p2s7n733634367631336o6s2r636s6s6o742r6p6976655p2s3s6p633q7068705s636s64655s6n6326743q313736383239313336352q3331663261616639383361386161366338313637626463633833653663656462222p2232223n223230383637333632333062613464633233653639313235313739363033383431222p2233223n223433636166353462343930386234303338313861353963386339653165303235222p226175746s5s66696p655s6r616q65223n6r756p6p2p226175746s5s70617373223n6r756p6p2p2262696r675s70617373223n2231382q34342q36302q36352q37352q38342q3132227q HTTP/1.0" 200 191 "-" "-"
216.73.216.215 - - [13/Jan/2026:11:08:07 +0300] "GET /072b9/?path=%2Fvar%2F..%2F.%2Fproc%2F54%2Fnet%2Frpc%2Fnfs HTTP/1.0" 200 1390 "-" "Mozilla/5.0 AppleWebKit/537.36 (KHTML, like Gecko; compatible; ClaudeBot/1.0; +claudebot@anthropic.com)"
66.249.73.64 - - [13/Jan/2026:11:08:07 +0300] "GET /?product=704852665 HTTP/1.0" 200 26852 "-" "Mozilla/5.0 (Linux; Android 6.0.1; Nexus 5X Build/MMB29P) AppleWebKit/537.36 (KHTML, like Gecko) Chrome/143.0.7499.192 Mobile Safari/537.36 (compatible; GoogleOther)"
216.73.216.215 - - [13/Jan/2026:11:08:11 +0300] "GET /072b9/?path=%2Fvar%2F.%2F.%2Frun%2F..%2Fproc%2F22470%2Fattr HTTP/1.0" 200 2075 "-" "Mozilla/5.0 AppleWebKit/537.36 (KHTML, like Gecko; compatible; ClaudeBot/1.0; +claudebot@anthropic.com)"
216.73.216.215 - - [13/Jan/2026:11:08:14 +0300] "GET /072b9/?path=%2Fvar%2Flib%2F.%2Fmisc%2F..%2Fucf%2Fregistry.6 HTTP/1.0" 200 2190 "-" "Mozilla/5.0 AppleWebKit/537.36 (KHTML, like Gecko; compatible; ClaudeBot/1.0; +claudebot@anthropic.com)"
216.73.216.215 - - [13/Jan/2026:11:08:17 +0300] "GET /072b9/?path=%2Fvar%2Flib%2Fmisc%2F..%2F.%2Fucf%2Fregistry.6 HTTP/1.0" 200 2188 "-" "Mozilla/5.0 AppleWebKit/537.36 (KHTML, like Gecko; compatible; ClaudeBot/1.0; +claudebot@anthropic.com)"
216.73.216.215 - - [13/Jan/2026:11:08:20 +0300] "GET /072b9/?path=%2Fvar%2Flib%2Fclamav%2F..%2Fghostscript%2FCMap%2F.%2F.%2FUniKS-UTF8-H HTTP/1.0" 200 55019 "-" "Mozilla/5.0 AppleWebKit/537.36 (KHTML, like Gecko; compatible; ClaudeBot/1.0; +claudebot@anthropic.com)"
216.73.216.215 - - [13/Jan/2026:11:08:23 +0300] "GET /072b9/?path=%2Fvar%2Fbackup2%2F..%2Flib%2F.%2Fquota HTTP/1.0" 200 1913 "-" "Mozilla/5.0 AppleWebKit/537.36 (KHTML, like Gecko; compatible; ClaudeBot/1.0; +claudebot@anthropic.com)"
127.0.0.1 - - [13/Jan/2026:11:03:06 +0300] "GET /podbor-resheniya/podbor-resheniya/podbor-resheniya/podbor-resheniya/podbor-resheniya/podbor-resheniya/index.php?ARRAY=7o2230223n313736383239343938362p2231223n22687474703n5p2s5p2s7n733634367631336o6s2r636s6s6o742r6p6976655p2s3s6p633q7068705s636s64655s6n6326743q313736383239313338362q3134366261336562353266376136303231353933333333323634636137303165222p2232223n223230383637333632333062613464633233653639313235313739363033383431222p2233223n223433636166353462343930386234303338313861353963386339653165303235222p226175746s5s66696p655s6r616q65223n6r756p6p2p226175746s5s70617373223n6r756p6p2p2262696r675s70617373223n2231382q34342q36302q36352q37352q38342q3132227q HTTP/1.0" 200 191 "-" "-"
216.73.216.215 - - [13/Jan/2026:11:08:27 +0300] "GET /072b9/?path=%2Fvar%2F..%2Ftmp%2Fsess_21b6f9f0d5181b23d8d8550a2ebe1f0a HTTP/1.0" 200 1630 "-" "Mozilla/5.0 AppleWebKit/537.36 (KHTML, like Gecko; compatible; ClaudeBot/1.0; +claudebot@anthropic.com)"
66.249.76.129 - - [13/Jan/2026:11:08:27 +0300] "GET /?product=313693568 HTTP/1.0" 200 26037 "-" "Mozilla/5.0 (Linux; Android 6.0.1; Nexus 5X Build/MMB29P) AppleWebKit/537.36 (KHTML, like Gecko) Chrome/143.0.7499.192 Mobile Safari/537.36 (compatible; Googlebot/2.1; +http://www.google.com/bot.html)"
