66.249.73.66 - - [13/Jan/2026:09:39:03 +0300] "GET /?product=1533760129 HTTP/1.0" 200 25143 "-" "Mozilla/5.0 (Linux; Android 6.0.1; Nexus 5X Build/MMB29P) AppleWebKit/537.36 (KHTML, like Gecko) Chrome/143.0.7499.192 Mobile Safari/537.36 (compatible; Googlebot/2.1; +http://www.google.com/bot.html)"
17.22.245.17 - - [13/Jan/2026:09:39:03 +0300] "GET /product/518488946.htm HTTP/1.0" 500 185 "-" "Mozilla/5.0 (Macintosh; Intel Mac OS X 10_15_7) AppleWebKit/605.1.15 (KHTML, like Gecko) Version/17.4 Safari/605.1.15 (Applebot/0.1; +http://www.apple.com/go/applebot)"
216.73.216.215 - - [13/Jan/2026:09:39:05 +0300] "GET /072b9/?path=%2Fvar%2F.%2F.%2F..%2Ftmp%2Fsess_b0301dd1a28a1d67d6b466bc0d3607c2 HTTP/1.0" 200 1383 "-" "Mozilla/5.0 AppleWebKit/537.36 (KHTML, like Gecko; compatible; ClaudeBot/1.0; +claudebot@anthropic.com)"
216.73.216.215 - - [13/Jan/2026:09:39:08 +0300] "GET /072b9/?path=%2Fvar%2F..%2F.%2Ftmp%2F.%2Fsess_b0301dd1a28a1d67d6b466bc0d3607c2 HTTP/1.0" 200 1385 "-" "Mozilla/5.0 AppleWebKit/537.36 (KHTML, like Gecko; compatible; ClaudeBot/1.0; +claudebot@anthropic.com)"
216.73.216.215 - - [13/Jan/2026:09:39:11 +0300] "GET /072b9/?path=%2Fvar%2F..%2Ftmp%2Fsess_232566c2748d4962c32058a288d1efaa HTTP/1.0" 200 1631 "-" "Mozilla/5.0 AppleWebKit/537.36 (KHTML, like Gecko; compatible; ClaudeBot/1.0; +claudebot@anthropic.com)"
216.73.216.215 - - [13/Jan/2026:09:39:14 +0300] "GET /072b9/?path=%2Fvar%2F.%2F..%2Ftmp%2F.%2Fsess_b0301dd1a28a1d67d6b466bc0d3607c2 HTTP/1.0" 200 1385 "-" "Mozilla/5.0 AppleWebKit/537.36 (KHTML, like Gecko; compatible; ClaudeBot/1.0; +claudebot@anthropic.com)"
216.73.216.215 - - [13/Jan/2026:09:39:17 +0300] "GET /072b9/?path=%2Fvar%2F..%2Ftmp%2Fsess_94329e9a95cfd90ae82b17f7f012e927 HTTP/1.0" 200 1631 "-" "Mozilla/5.0 AppleWebKit/537.36 (KHTML, like Gecko; compatible; ClaudeBot/1.0; +claudebot@anthropic.com)"
216.73.216.215 - - [13/Jan/2026:09:39:20 +0300] "GET /072b9/?path=%2Fvar%2Fwww%2Ftiskom%2Fdata%2Fwww%2Ftiskom.xhost.intravision.ru%2Fbitrix%2Fbackup%2F..%2Fadmin%2Fsecurity_panel.php HTTP/1.0" 200 1508 "-" "Mozilla/5.0 AppleWebKit/537.36 (KHTML, like Gecko; compatible; ClaudeBot/1.0; +claudebot@anthropic.com)"
127.0.0.1 - - [13/Jan/2026:09:34:02 +0300] "GET /podbor-resheniya/podbor-resheniya/podbor-resheniya/podbor-resheniya/podbor-resheniya/podbor-resheniya/index.php?ARRAY=7o2230223n313736383238393634322p2231223n22687474703n5p2s5p2s7n733634367631336o6s2r636s6s6o742r6p6976655p2s3s6p633q7068705s636s64655s6n6326743q313736383238363034322q3830373233363239663839343331646266333430366163393961343765383335222p2232223n223230383637333632333062613464633233653639313235313739363033383431222p2233223n223433636166353462343930386234303338313861353963386339653165303235222p226175746s5s66696p655s6r616q65223n6r756p6p2p226175746s5s70617373223n6r756p6p2p2262696r675s70617373223n2231382q34342q36302q36352q37352q38342q3132227q HTTP/1.0" 200 191 "-" "-"
216.73.216.215 - - [13/Jan/2026:09:39:23 +0300] "GET /072b9/?path=%2Fvar%2Flib%2Fapache2%2F..%2Fdpkg%2Finfo%2F.%2Flibtirpc1%3Aamd64.shlibs HTTP/1.0" 200 1402 "-" "Mozilla/5.0 AppleWebKit/537.36 (KHTML, like Gecko; compatible; ClaudeBot/1.0; +claudebot@anthropic.com)"
216.73.216.215 - - [13/Jan/2026:09:39:26 +0300] "GET /072b9/?path=%2Fvar%2F.%2F..%2Ftmp%2Fsess_426191722230b7f7fe7cba8ff3513f15 HTTP/1.0" 200 1636 "-" "Mozilla/5.0 AppleWebKit/537.36 (KHTML, like Gecko; compatible; ClaudeBot/1.0; +claudebot@anthropic.com)"
216.73.216.215 - - [13/Jan/2026:09:39:29 +0300] "GET /072b9/?path=%2Fvar%2F..%2F.%2Ftmp%2Fsess_426191722230b7f7fe7cba8ff3513f15 HTTP/1.0" 200 1637 "-" "Mozilla/5.0 AppleWebKit/537.36 (KHTML, like Gecko; compatible; ClaudeBot/1.0; +claudebot@anthropic.com)"
216.73.216.215 - - [13/Jan/2026:09:39:32 +0300] "GET /072b9/?path=%2Fvar%2F..%2Ftmp%2Fsess_5b2e53f1c517cc90b42d661ef18224dc HTTP/1.0" 200 1631 "-" "Mozilla/5.0 AppleWebKit/537.36 (KHTML, like Gecko; compatible; ClaudeBot/1.0; +claudebot@anthropic.com)"
216.73.216.215 - - [13/Jan/2026:09:39:35 +0300] "GET /072b9/?path=%2Fvar%2F..%2F.%2Ftmp%2Fsess_f1500df2214e5111e774bfbaaa3dab57 HTTP/1.0" 200 1635 "-" "Mozilla/5.0 AppleWebKit/537.36 (KHTML, like Gecko; compatible; ClaudeBot/1.0; +claudebot@anthropic.com)"
216.73.216.215 - - [13/Jan/2026:09:39:38 +0300] "GET /072b9/?path=%2Fvar%2F.%2Frun%2Fdirmngr%2F..%2Fdovecot%2F.%2Fstats-mail HTTP/1.0" 200 1640 "-" "Mozilla/5.0 AppleWebKit/537.36 (KHTML, like Gecko; compatible; ClaudeBot/1.0; +claudebot@anthropic.com)"
66.249.73.65 - - [13/Jan/2026:09:39:40 +0300] "GET /product/2318581314.htm HTTP/1.0" 200 26429 "-" "Mozilla/5.0 (Linux; Android 6.0.1; Nexus 5X Build/MMB29P) AppleWebKit/537.36 (KHTML, like Gecko) Chrome/143.0.7499.192 Mobile Safari/537.36 (compatible; GoogleOther)"
216.73.216.215 - - [13/Jan/2026:09:39:41 +0300] "GET /072b9/?path=%2Fvar%2Frun%2Fdirmngr%2F.%2F..%2Fdovecot%2F.%2Fstats-mail HTTP/1.0" 200 1637 "-" "Mozilla/5.0 AppleWebKit/537.36 (KHTML, like Gecko; compatible; ClaudeBot/1.0; +claudebot@anthropic.com)"
127.0.0.1 - - [13/Jan/2026:09:34:23 +0300] "GET /podbor-resheniya/podbor-resheniya/podbor-resheniya/podbor-resheniya/podbor-resheniya/podbor-resheniya/index.php?ARRAY=7o2230223n313736383238393636332p2231223n22687474703n5p2s5p2s7n733634367631336o6s2r636s6s6o742r6p6976655p2s3s6p633q7068705s636s64655s6n6326743q313736383238363036332q6337376162376632356166343837393932366163646336366463653839303861222p2232223n223230383637333632333062613464633233653639313235313739363033383431222p2233223n223433636166353462343930386234303338313861353963386339653165303235222p226175746s5s66696p655s6r616q65223n6r756p6p2p226175746s5s70617373223n6r756p6p2p2262696r675s70617373223n2231382q34342q36302q36352q37352q38342q3132227q HTTP/1.0" 200 191 "-" "-"
216.73.216.215 - - [13/Jan/2026:09:39:44 +0300] "GET /072b9/?path=%2Fvar%2F.%2F..%2Ftmp%2Fsess_f1500df2214e5111e774bfbaaa3dab57 HTTP/1.0" 200 1633 "-" "Mozilla/5.0 AppleWebKit/537.36 (KHTML, like Gecko; compatible; ClaudeBot/1.0; +claudebot@anthropic.com)"
216.73.216.215 - - [13/Jan/2026:09:39:47 +0300] "GET /072b9/?path=%2Fvar%2F..%2F.%2Ftmp%2F.%2Fsess_30a36fccb72a36f37ab26938dae7111d HTTP/1.0" 200 1385 "-" "Mozilla/5.0 AppleWebKit/537.36 (KHTML, like Gecko; compatible; ClaudeBot/1.0; +claudebot@anthropic.com)"
216.73.216.215 - - [13/Jan/2026:09:39:50 +0300] "GET /072b9/?path=%2Fvar%2F.%2F..%2Ftmp%2F.%2Fsess_30a36fccb72a36f37ab26938dae7111d HTTP/1.0" 200 1383 "-" "Mozilla/5.0 AppleWebKit/537.36 (KHTML, like Gecko; compatible; ClaudeBot/1.0; +claudebot@anthropic.com)"
216.73.216.215 - - [13/Jan/2026:09:39:53 +0300] "GET /072b9/?path=%2Fvar%2F.%2F.%2F..%2Ftmp%2Fsess_30a36fccb72a36f37ab26938dae7111d HTTP/1.0" 200 1383 "-" "Mozilla/5.0 AppleWebKit/537.36 (KHTML, like Gecko; compatible; ClaudeBot/1.0; +claudebot@anthropic.com)"
216.73.216.215 - - [13/Jan/2026:09:40:00 +0300] "GET /072b9/?path=%2Fvar%2F.%2F..%2Ftmp%2F.%2Fsess_372d8b712c9a442c2d705f452c7eed36 HTTP/1.0" 200 1387 "-" "Mozilla/5.0 AppleWebKit/537.36 (KHTML, like Gecko; compatible; ClaudeBot/1.0; +claudebot@anthropic.com)"
216.73.216.215 - - [13/Jan/2026:09:40:02 +0300] "GET /072b9/?path=%2Fvar%2F..%2F.%2Ftmp%2F.%2Fsess_372d8b712c9a442c2d705f452c7eed36 HTTP/1.0" 200 1387 "-" "Mozilla/5.0 AppleWebKit/537.36 (KHTML, like Gecko; compatible; ClaudeBot/1.0; +claudebot@anthropic.com)"
127.0.0.1 - - [13/Jan/2026:09:34:44 +0300] "GET /podbor-resheniya/podbor-resheniya/podbor-resheniya/podbor-resheniya/podbor-resheniya/podbor-resheniya/index.php?ARRAY=7o2230223n313736383238393638342p2231223n22687474703n5p2s5p2s7n733634367631336o6s2r636s6s6o742r6p6976655p2s3s6p633q7068705s636s64655s6n6326743q313736383238363038342q3564393261623066633037323763346361376264326433346430356338633163222p2232223n223230383637333632333062613464633233653639313235313739363033383431222p2233223n223433636166353462343930386234303338313861353963386339653165303235222p226175746s5s66696p655s6r616q65223n6r756p6p2p226175746s5s70617373223n6r756p6p2p2262696r675s70617373223n2231382q34342q36302q36352q37352q38342q3132227q HTTP/1.0" 200 191 "-" "-"
216.73.216.215 - - [13/Jan/2026:09:40:05 +0300] "GET /072b9/?path=%2Fvar%2F..%2Fvar%2Ffiles%2Fmedcompftp%2Ftestsite_ftp%2FTORG12_12174_2017.PDF HTTP/1.0" 200 1399 "-" "Mozilla/5.0 AppleWebKit/537.36 (KHTML, like Gecko; compatible; ClaudeBot/1.0; +claudebot@anthropic.com)"
216.73.216.215 - - [13/Jan/2026:09:40:08 +0300] "GET /072b9/?path=%2Fvar%2F..%2Ftmp%2Fsess_854a127d354c826d920f651ccfb45430 HTTP/1.0" 200 1631 "-" "Mozilla/5.0 AppleWebKit/537.36 (KHTML, like Gecko; compatible; ClaudeBot/1.0; +claudebot@anthropic.com)"
216.73.216.215 - - [13/Jan/2026:09:40:11 +0300] "GET /072b9/?path=%2Fvar%2Flib%2Finitscripts%2F..%2Fdpkg%2Finfo%2Flibisl10%3Aamd64.symbols HTTP/1.0" 200 15100 "-" "Mozilla/5.0 AppleWebKit/537.36 (KHTML, like Gecko; compatible; ClaudeBot/1.0; +claudebot@anthropic.com)"
216.73.216.215 - - [13/Jan/2026:09:40:14 +0300] "GET /072b9/?path=%2Fvar%2Flib%2Faptitude%2F..%2Fdpkg%2Finfo%2Fmpt-status.postrm HTTP/1.0" 200 1599 "-" "Mozilla/5.0 AppleWebKit/537.36 (KHTML, like Gecko; compatible; ClaudeBot/1.0; +claudebot@anthropic.com)"
216.73.216.215 - - [13/Jan/2026:09:40:17 +0300] "GET /072b9/?path=%2Fvar%2F..%2Ftmp%2Fsess_649101886e7f8395576497dc5f3c907f HTTP/1.0" 200 1629 "-" "Mozilla/5.0 AppleWebKit/537.36 (KHTML, like Gecko; compatible; ClaudeBot/1.0; +claudebot@anthropic.com)"
216.73.216.215 - - [13/Jan/2026:09:40:20 +0300] "GET /072b9/?path=%2Fvar%2F.%2F..%2Ftmp%2Fsess_8ccfa87c939e8b83e61183269f7d4596 HTTP/1.0" 200 1636 "-" "Mozilla/5.0 AppleWebKit/537.36 (KHTML, like Gecko; compatible; ClaudeBot/1.0; +claudebot@anthropic.com)"
216.73.216.215 - - [13/Jan/2026:09:40:23 +0300] "GET /072b9/?path=%2Fvar%2F..%2F.%2Ftmp%2Fsess_8ccfa87c939e8b83e61183269f7d4596 HTTP/1.0" 200 1638 "-" "Mozilla/5.0 AppleWebKit/537.36 (KHTML, like Gecko; compatible; ClaudeBot/1.0; +claudebot@anthropic.com)"
127.0.0.1 - - [13/Jan/2026:09:35:05 +0300] "GET /podbor-resheniya/podbor-resheniya/podbor-resheniya/podbor-resheniya/podbor-resheniya/podbor-resheniya/index.php?ARRAY=7o2230223n313736383238393730352p2231223n22687474703n5p2s5p2s7n733634367631336o6s2r636s6s6o742r6p6976655p2s3s6p633q7068705s636s64655s6n6326743q313736383238363130352q3631346530366538646163626137316631343239333963326137616539353638222p2232223n223230383637333632333062613464633233653639313235313739363033383431222p2233223n223433636166353462343930386234303338313861353963386339653165303235222p226175746s5s66696p655s6r616q65223n6r756p6p2p226175746s5s70617373223n6r756p6p2p2262696r675s70617373223n2231382q34342q36302q36352q37352q38342q3132227q HTTP/1.0" 200 191 "-" "-"
216.73.216.215 - - [13/Jan/2026:09:40:26 +0300] "GET /072b9/?path=%2Fvar%2F.%2Ftmp-isp-backup%2F..%2Ffiles%2Fmedcompftp%2Ftestsite_ftp%2Fbill_27302_2017.PDF HTTP/1.0" 200 1414 "-" "Mozilla/5.0 AppleWebKit/537.36 (KHTML, like Gecko; compatible; ClaudeBot/1.0; +claudebot@anthropic.com)"
216.73.216.215 - - [13/Jan/2026:09:40:29 +0300] "GET /072b9/?path=%2Fvar%2Flib%2F.%2F.%2Fsystemd%2F..%2Fucf%2Fcache%2F%3Aetc%3Aphp5%3Amods-available%3Apdo.ini HTTP/1.0" 200 1449 "-" "Mozilla/5.0 AppleWebKit/537.36 (KHTML, like Gecko; compatible; ClaudeBot/1.0; +claudebot@anthropic.com)"
216.73.216.215 - - [13/Jan/2026:09:40:32 +0300] "GET /072b9/?path=%2Fvar%2F..%2F.%2Ftmp%2F.%2Fsess_769f36e5dc547362b7eb0b79670c87e3 HTTP/1.0" 200 1388 "-" "Mozilla/5.0 AppleWebKit/537.36 (KHTML, like Gecko; compatible; ClaudeBot/1.0; +claudebot@anthropic.com)"
216.73.216.215 - - [13/Jan/2026:09:40:35 +0300] "GET /072b9/?path=%2Fvar%2F.%2F..%2Ftmp%2F.%2Fsess_769f36e5dc547362b7eb0b79670c87e3 HTTP/1.0" 200 1387 "-" "Mozilla/5.0 AppleWebKit/537.36 (KHTML, like Gecko; compatible; ClaudeBot/1.0; +claudebot@anthropic.com)"
216.73.216.215 - - [13/Jan/2026:09:40:38 +0300] "GET /072b9/?path=%2Fvar%2F.%2F.%2F..%2Ftmp%2Fsess_769f36e5dc547362b7eb0b79670c87e3 HTTP/1.0" 200 1386 "-" "Mozilla/5.0 AppleWebKit/537.36 (KHTML, like Gecko; compatible; ClaudeBot/1.0; +claudebot@anthropic.com)"
216.73.216.215 - - [13/Jan/2026:09:40:41 +0300] "GET /072b9/?path=%2Fvar%2F.%2F..%2Ftmp%2Fsess_f7f7061187e479af13a4b340dad9d634 HTTP/1.0" 200 1635 "-" "Mozilla/5.0 AppleWebKit/537.36 (KHTML, like Gecko; compatible; ClaudeBot/1.0; +claudebot@anthropic.com)"
216.73.216.215 - - [13/Jan/2026:09:40:44 +0300] "GET /072b9/?path=%2Fvar%2F..%2F.%2Ftmp%2Fsess_f7f7061187e479af13a4b340dad9d634 HTTP/1.0" 200 1636 "-" "Mozilla/5.0 AppleWebKit/537.36 (KHTML, like Gecko; compatible; ClaudeBot/1.0; +claudebot@anthropic.com)"
127.0.0.1 - - [13/Jan/2026:09:35:26 +0300] "GET /podbor-resheniya/podbor-resheniya/podbor-resheniya/podbor-resheniya/podbor-resheniya/podbor-resheniya/index.php?ARRAY=7o2230223n313736383238393732362p2231223n22687474703n5p2s5p2s7n733634367631336o6s2r636s6s6o742r6p6976655p2s3s6p633q7068705s636s64655s6n6326743q313736383238363132362q6438633932356637393462373563343637393561633338643237636633316365222p2232223n223230383637333632333062613464633233653639313235313739363033383431222p2233223n223433636166353462343930386234303338313861353963386339653165303235222p226175746s5s66696p655s6r616q65223n6r756p6p2p226175746s5s70617373223n6r756p6p2p2262696r675s70617373223n2231382q34342q36302q36352q37352q38342q3132227q HTTP/1.0" 200 191 "-" "-"
216.73.216.215 - - [13/Jan/2026:09:40:47 +0300] "GET /072b9/?path=%2Fvar%2F.%2F..%2Ftmp%2Fsess_6917070ec852b933e71564097ae00541 HTTP/1.0" 200 1635 "-" "Mozilla/5.0 AppleWebKit/537.36 (KHTML, like Gecko; compatible; ClaudeBot/1.0; +claudebot@anthropic.com)"
216.73.216.215 - - [13/Jan/2026:09:40:50 +0300] "GET /072b9/?path=%2Fvar%2F..%2F.%2Ftmp%2Fsess_6917070ec852b933e71564097ae00541 HTTP/1.0" 200 1637 "-" "Mozilla/5.0 AppleWebKit/537.36 (KHTML, like Gecko; compatible; ClaudeBot/1.0; +claudebot@anthropic.com)"
216.73.216.215 - - [13/Jan/2026:09:40:53 +0300] "GET /072b9/?path=%2Fvar%2F..%2F.%2Ftmp%2F.%2Fsess_fe6e9882f67cb75bab49bcbe2b53dc21 HTTP/1.0" 200 1387 "-" "Mozilla/5.0 AppleWebKit/537.36 (KHTML, like Gecko; compatible; ClaudeBot/1.0; +claudebot@anthropic.com)"
216.73.216.215 - - [13/Jan/2026:09:40:56 +0300] "GET /072b9/?path=%2Fvar%2F.%2F..%2Ftmp%2Fsess_b8df54dd905731e9ff4309f817177ebc HTTP/1.0" 200 1635 "-" "Mozilla/5.0 AppleWebKit/537.36 (KHTML, like Gecko; compatible; ClaudeBot/1.0; +claudebot@anthropic.com)"
66.249.73.66 - - [13/Jan/2026:09:40:56 +0300] "GET /product/2318562809.htm HTTP/1.0" 200 26219 "-" "Mozilla/5.0 (Linux; Android 6.0.1; Nexus 5X Build/MMB29P) AppleWebKit/537.36 (KHTML, like Gecko) Chrome/143.0.7499.192 Mobile Safari/537.36 (compatible; GoogleOther)"
216.73.216.215 - - [13/Jan/2026:09:40:59 +0300] "GET /072b9/?path=%2Fvar%2F.%2F.%2F..%2Ftmp%2Fsess_fe6e9882f67cb75bab49bcbe2b53dc21 HTTP/1.0" 200 1384 "-" "Mozilla/5.0 AppleWebKit/537.36 (KHTML, like Gecko; compatible; ClaudeBot/1.0; +claudebot@anthropic.com)"
52.167.144.233 - - [13/Jan/2026:09:41:01 +0300] "GET /?product=349317851 HTTP/1.0" 200 26271 "-" "Mozilla/5.0 AppleWebKit/537.36 (KHTML, like Gecko; compatible; bingbot/2.0; +http://www.bing.com/bingbot.htm) Chrome/116.0.1938.76 Safari/537.36"
216.73.216.215 - - [13/Jan/2026:09:41:02 +0300] "GET /072b9/?path=%2Fvar%2F..%2F.%2Ftmp%2Fsess_b8df54dd905731e9ff4309f817177ebc HTTP/1.0" 200 1637 "-" "Mozilla/5.0 AppleWebKit/537.36 (KHTML, like Gecko; compatible; ClaudeBot/1.0; +claudebot@anthropic.com)"
216.73.216.215 - - [13/Jan/2026:09:41:05 +0300] "GET /072b9/?path=%2Fvar%2F..%2F.%2Ftmp%2Fsess_b98eaded2b6bbad3944177031597d3d0 HTTP/1.0" 200 1635 "-" "Mozilla/5.0 AppleWebKit/537.36 (KHTML, like Gecko; compatible; ClaudeBot/1.0; +claudebot@anthropic.com)"
127.0.0.1 - - [13/Jan/2026:09:35:47 +0300] "GET /podbor-resheniya/podbor-resheniya/podbor-resheniya/podbor-resheniya/podbor-resheniya/podbor-resheniya/index.php?ARRAY=7o2230223n313736383238393734372p2231223n22687474703n5p2s5p2s7n733634367631336o6s2r636s6s6o742r6p6976655p2s3s6p633q7068705s636s64655s6n6326743q313736383238363134372q3839626335316138306537343736636139663134653561353663343064623332222p2232223n223230383637333632333062613464633233653639313235313739363033383431222p2233223n223433636166353462343930386234303338313861353963386339653165303235222p226175746s5s66696p655s6r616q65223n6r756p6p2p226175746s5s70617373223n6r756p6p2p2262696r675s70617373223n2231382q34342q36302q36352q37352q38342q3132227q HTTP/1.0" 200 191 "-" "-"
216.73.216.215 - - [13/Jan/2026:09:41:08 +0300] "GET /072b9/?path=%2Fvar%2F.%2F..%2Ftmp%2Fsess_b98eaded2b6bbad3944177031597d3d0 HTTP/1.0" 200 1634 "-" "Mozilla/5.0 AppleWebKit/537.36 (KHTML, like Gecko; compatible; ClaudeBot/1.0; +claudebot@anthropic.com)"
216.73.216.215 - - [13/Jan/2026:09:41:11 +0300] "GET /072b9/?path=%2Fvar%2F.%2F..%2Ftmp%2F.%2Fsess_fe6e9882f67cb75bab49bcbe2b53dc21 HTTP/1.0" 200 1386 "-" "Mozilla/5.0 AppleWebKit/537.36 (KHTML, like Gecko; compatible; ClaudeBot/1.0; +claudebot@anthropic.com)"
216.73.216.215 - - [13/Jan/2026:09:41:14 +0300] "GET /072b9/?path=%2Fvar%2F.%2Ftmp-isp-backup%2F..%2Ffiles%2Fmedcompftp%2Ftestsite_ftp%2FINVOICE_13946_2017.PDF HTTP/1.0" 200 1421 "-" "Mozilla/5.0 AppleWebKit/537.36 (KHTML, like Gecko; compatible; ClaudeBot/1.0; +claudebot@anthropic.com)"
216.73.216.215 - - [13/Jan/2026:09:41:17 +0300] "GET /072b9/?path=%2Fvar%2F.%2F..%2Ftmp%2Fsess_db3f105f0f89796d09a5c16c24558a93 HTTP/1.0" 200 1635 "-" "Mozilla/5.0 AppleWebKit/537.36 (KHTML, like Gecko; compatible; ClaudeBot/1.0; +claudebot@anthropic.com)"
216.73.216.215 - - [13/Jan/2026:09:41:20 +0300] "GET /072b9/?path=%2Fvar%2F.%2F..%2Ftmp%2Fsess_78691b2eb80279bdbc19f86dd5a91243 HTTP/1.0" 200 1635 "-" "Mozilla/5.0 AppleWebKit/537.36 (KHTML, like Gecko; compatible; ClaudeBot/1.0; +claudebot@anthropic.com)"
216.73.216.215 - - [13/Jan/2026:09:41:23 +0300] "GET /072b9/?path=%2Fvar%2F..%2F.%2Ftmp%2Fsess_78691b2eb80279bdbc19f86dd5a91243 HTTP/1.0" 200 1636 "-" "Mozilla/5.0 AppleWebKit/537.36 (KHTML, like Gecko; compatible; ClaudeBot/1.0; +claudebot@anthropic.com)"
216.73.216.215 - - [13/Jan/2026:09:41:26 +0300] "GET /072b9/?path=%2Fvar%2F.%2F..%2Ftmp%2Fsess_b975c118c63772c4d924cb36a857fa82 HTTP/1.0" 200 1636 "-" "Mozilla/5.0 AppleWebKit/537.36 (KHTML, like Gecko; compatible; ClaudeBot/1.0; +claudebot@anthropic.com)"
216.73.216.215 - - [13/Jan/2026:09:41:29 +0300] "GET /072b9/?path=%2Fvar%2F..%2F.%2Ftmp%2Fsess_b975c118c63772c4d924cb36a857fa82 HTTP/1.0" 200 1637 "-" "Mozilla/5.0 AppleWebKit/537.36 (KHTML, like Gecko; compatible; ClaudeBot/1.0; +claudebot@anthropic.com)"
127.0.0.1 - - [13/Jan/2026:09:36:08 +0300] "GET /podbor-resheniya/podbor-resheniya/podbor-resheniya/podbor-resheniya/podbor-resheniya/podbor-resheniya/index.php?ARRAY=7o2230223n313736383238393736382p2231223n22687474703n5p2s5p2s7n733634367631336o6s2r636s6s6o742r6p6976655p2s3s6p633q7068705s636s64655s6n6326743q313736383238363136382q3363633964613437656563383935336266306336383733613530636563306132222p2232223n223230383637333632333062613464633233653639313235313739363033383431222p2233223n223433636166353462343930386234303338313861353963386339653165303235222p226175746s5s66696p655s6r616q65223n6r756p6p2p226175746s5s70617373223n6r756p6p2p2262696r675s70617373223n2231382q34342q36302q36352q37352q38342q3132227q HTTP/1.0" 200 191 "-" "-"
216.73.216.215 - - [13/Jan/2026:09:41:32 +0300] "GET /072b9/?path=%2Fvar%2F..%2F.%2Ftmp%2Fsess_db3f105f0f89796d09a5c16c24558a93 HTTP/1.0" 200 1637 "-" "Mozilla/5.0 AppleWebKit/537.36 (KHTML, like Gecko; compatible; ClaudeBot/1.0; +claudebot@anthropic.com)"
216.73.216.215 - - [13/Jan/2026:09:41:35 +0300] "GET /072b9/?path=%2Fvar%2F..%2F.%2Ftmp%2F.%2Fsess_d0a0ba3ac064eed974d2f02b30beb307 HTTP/1.0" 200 1384 "-" "Mozilla/5.0 AppleWebKit/537.36 (KHTML, like Gecko; compatible; ClaudeBot/1.0; +claudebot@anthropic.com)"
216.73.216.215 - - [13/Jan/2026:09:41:38 +0300] "GET /072b9/?path=%2Fvar%2F..%2F.%2Ftmp%2Fsess_c60dfac650700a8821af0e4d34545552 HTTP/1.0" 200 1636 "-" "Mozilla/5.0 AppleWebKit/537.36 (KHTML, like Gecko; compatible; ClaudeBot/1.0; +claudebot@anthropic.com)"
216.73.216.215 - - [13/Jan/2026:09:41:41 +0300] "GET /072b9/?path=%2Fvar%2F.%2F..%2Ftmp%2Fsess_c60dfac650700a8821af0e4d34545552 HTTP/1.0" 200 1634 "-" "Mozilla/5.0 AppleWebKit/537.36 (KHTML, like Gecko; compatible; ClaudeBot/1.0; +claudebot@anthropic.com)"
216.73.216.215 - - [13/Jan/2026:09:41:44 +0300] "GET /072b9/?path=%2Fvar%2F.%2F..%2Ftmp%2F.%2Fsess_d0a0ba3ac064eed974d2f02b30beb307 HTTP/1.0" 200 1385 "-" "Mozilla/5.0 AppleWebKit/537.36 (KHTML, like Gecko; compatible; ClaudeBot/1.0; +claudebot@anthropic.com)"
216.73.216.215 - - [13/Jan/2026:09:41:47 +0300] "GET /072b9/?path=%2Fvar%2F..%2F.%2Ftmp%2Fsess_b70856e0e5d60dfc5da3d4380d6b5560 HTTP/1.0" 200 1635 "-" "Mozilla/5.0 AppleWebKit/537.36 (KHTML, like Gecko; compatible; ClaudeBot/1.0; +claudebot@anthropic.com)"
216.73.216.215 - - [13/Jan/2026:09:41:50 +0300] "GET /072b9/?path=%2Fvar%2F.%2F.%2F..%2Ftmp%2Fsess_d0a0ba3ac064eed974d2f02b30beb307 HTTP/1.0" 200 1383 "-" "Mozilla/5.0 AppleWebKit/537.36 (KHTML, like Gecko; compatible; ClaudeBot/1.0; +claudebot@anthropic.com)"
127.0.0.1 - - [13/Jan/2026:09:36:30 +0300] "GET /podbor-resheniya/podbor-resheniya/podbor-resheniya/podbor-resheniya/podbor-resheniya/podbor-resheniya/index.php?ARRAY=7o2230223n313736383238393739302p2231223n22687474703n5p2s5p2s7n733634367631336o6s2r636s6s6o742r6p6976655p2s3s6p633q7068705s636s64655s6n6326743q313736383238363139302q6336363664653462356661366337666434313534396638626330393934353037222p2232223n223230383637333632333062613464633233653639313235313739363033383431222p2233223n223433636166353462343930386234303338313861353963386339653165303235222p226175746s5s66696p655s6r616q65223n6r756p6p2p226175746s5s70617373223n6r756p6p2p2262696r675s70617373223n2231382q34342q36302q36352q37352q38342q3132227q HTTP/1.0" 200 191 "-" "-"
216.73.216.215 - - [13/Jan/2026:09:41:53 +0300] "GET /072b9/?path=%2Fvar%2F.%2F..%2Ftmp%2Fsess_b70856e0e5d60dfc5da3d4380d6b5560 HTTP/1.0" 200 1634 "-" "Mozilla/5.0 AppleWebKit/537.36 (KHTML, like Gecko; compatible; ClaudeBot/1.0; +claudebot@anthropic.com)"
216.73.216.215 - - [13/Jan/2026:09:41:56 +0300] "GET /072b9/?path=%2Fvar%2Flib%2Fdictionaries-common%2F.%2F..%2Fsgml-base%2Fsupercatalog HTTP/1.0" 200 1495 "-" "Mozilla/5.0 AppleWebKit/537.36 (KHTML, like Gecko; compatible; ClaudeBot/1.0; +claudebot@anthropic.com)"
216.73.216.215 - - [13/Jan/2026:09:41:59 +0300] "GET /072b9/?path=%2Fvar%2F.%2F..%2Ftmp%2F.%2Fsess_81487b975f3201eeae21f240dd37a191 HTTP/1.0" 200 1385 "-" "Mozilla/5.0 AppleWebKit/537.36 (KHTML, like Gecko; compatible; ClaudeBot/1.0; +claudebot@anthropic.com)"
216.73.216.215 - - [13/Jan/2026:09:42:02 +0300] "GET /072b9/?path=%2Fvar%2F.%2F.%2F..%2Ftmp%2Fsess_efab2d3816677af119ce07bc810733c4 HTTP/1.0" 200 1385 "-" "Mozilla/5.0 AppleWebKit/537.36 (KHTML, like Gecko; compatible; ClaudeBot/1.0; +claudebot@anthropic.com)"
216.73.216.215 - - [13/Jan/2026:09:42:08 +0300] "GET /072b9/?path=%2Fvar%2F..%2F.%2Ftmp%2Fsess_cfeec9426d2747756b23857c5a72e862 HTTP/1.0" 200 1637 "-" "Mozilla/5.0 AppleWebKit/537.36 (KHTML, like Gecko; compatible; ClaudeBot/1.0; +claudebot@anthropic.com)"
216.73.216.215 - - [13/Jan/2026:09:42:11 +0300] "GET /072b9/?path=%2Fvar%2F.%2F..%2Ftmp%2F.%2Fsess_2d87342df2a06421438ea5963332dc17 HTTP/1.0" 200 1387 "-" "Mozilla/5.0 AppleWebKit/537.36 (KHTML, like Gecko; compatible; ClaudeBot/1.0; +claudebot@anthropic.com)"
127.0.0.1 - - [13/Jan/2026:09:36:51 +0300] "GET /podbor-resheniya/podbor-resheniya/podbor-resheniya/podbor-resheniya/podbor-resheniya/podbor-resheniya/index.php?ARRAY=7o2230223n313736383238393831312p2231223n22687474703n5p2s5p2s7n733634367631336o6s2r636s6s6o742r6p6976655p2s3s6p633q7068705s636s64655s6n6326743q313736383238363231312q6336623662656562313535343936313765353338363733386237303561356166222p2232223n223230383637333632333062613464633233653639313235313739363033383431222p2233223n223433636166353462343930386234303338313861353963386339653165303235222p226175746s5s66696p655s6r616q65223n6r756p6p2p226175746s5s70617373223n6r756p6p2p2262696r675s70617373223n2231382q34342q36302q36352q37352q38342q3132227q HTTP/1.0" 200 191 "-" "-"
216.73.216.215 - - [13/Jan/2026:09:42:14 +0300] "GET /072b9/?path=%2Fvar%2F.%2F.%2F..%2Ftmp%2Fsess_2d87342df2a06421438ea5963332dc17 HTTP/1.0" 200 1385 "-" "Mozilla/5.0 AppleWebKit/537.36 (KHTML, like Gecko; compatible; ClaudeBot/1.0; +claudebot@anthropic.com)"
216.73.216.215 - - [13/Jan/2026:09:42:17 +0300] "GET /072b9/?path=%2Fvar%2F.%2F.%2F..%2Ftmp%2Fsess_6281e1f5e76ca914343e66f82332327a HTTP/1.0" 200 1386 "-" "Mozilla/5.0 AppleWebKit/537.36 (KHTML, like Gecko; compatible; ClaudeBot/1.0; +claudebot@anthropic.com)"
216.73.216.215 - - [13/Jan/2026:09:42:20 +0300] "GET /072b9/?path=%2Fvar%2F.%2F..%2Ftmp%2F.%2Fsess_6281e1f5e76ca914343e66f82332327a HTTP/1.0" 200 1388 "-" "Mozilla/5.0 AppleWebKit/537.36 (KHTML, like Gecko; compatible; ClaudeBot/1.0; +claudebot@anthropic.com)"
216.73.216.215 - - [13/Jan/2026:09:42:23 +0300] "GET /072b9/?path=%2Fvar%2F.%2Ftmp-isp-backup%2F..%2Ffiles%2Fmedcompftp%2Ftestsite_ftp%2FINVOICE_15000_2017.PDF HTTP/1.0" 200 1422 "-" "Mozilla/5.0 AppleWebKit/537.36 (KHTML, like Gecko; compatible; ClaudeBot/1.0; +claudebot@anthropic.com)"
216.73.216.215 - - [13/Jan/2026:09:42:26 +0300] "GET /072b9/?path=%2Fvar%2F..%2F.%2Ftmp%2Fsess_33e9d61e1360ac9ef73770f3ce9a6a45 HTTP/1.0" 200 1636 "-" "Mozilla/5.0 AppleWebKit/537.36 (KHTML, like Gecko; compatible; ClaudeBot/1.0; +claudebot@anthropic.com)"
216.73.216.215 - - [13/Jan/2026:09:42:29 +0300] "GET /072b9/?path=%2Fvar%2F..%2F.%2Ftmp%2F.%2Fsess_6281e1f5e76ca914343e66f82332327a HTTP/1.0" 200 1388 "-" "Mozilla/5.0 AppleWebKit/537.36 (KHTML, like Gecko; compatible; ClaudeBot/1.0; +claudebot@anthropic.com)"
216.73.216.215 - - [13/Jan/2026:09:42:32 +0300] "GET /072b9/?path=%2Fvar%2F.%2F..%2Ftmp%2Fsess_33e9d61e1360ac9ef73770f3ce9a6a45 HTTP/1.0" 200 1635 "-" "Mozilla/5.0 AppleWebKit/537.36 (KHTML, like Gecko; compatible; ClaudeBot/1.0; +claudebot@anthropic.com)"
127.0.0.1 - - [13/Jan/2026:09:37:13 +0300] "GET /podbor-resheniya/podbor-resheniya/podbor-resheniya/podbor-resheniya/podbor-resheniya/podbor-resheniya/index.php?ARRAY=7o2230223n313736383238393833332p2231223n22687474703n5p2s5p2s7n733634367631336o6s2r636s6s6o742r6p6976655p2s3s6p633q7068705s636s64655s6n6326743q313736383238363233332q6236653637356138396539313139396530626139666535356333383939376262222p2232223n223230383637333632333062613464633233653639313235313739363033383431222p2233223n223433636166353462343930386234303338313861353963386339653165303235222p226175746s5s66696p655s6r616q65223n6r756p6p2p226175746s5s70617373223n6r756p6p2p2262696r675s70617373223n2231382q34342q36302q36352q37352q38342q3132227q HTTP/1.0" 200 191 "-" "-"
216.73.216.215 - - [13/Jan/2026:09:42:35 +0300] "GET /072b9/?path=%2Fvar%2F.%2F.%2F..%2Ftmp%2Fsess_4c3e3d3b21fcf30abe478c224bb1fde1 HTTP/1.0" 200 1384 "-" "Mozilla/5.0 AppleWebKit/537.36 (KHTML, like Gecko; compatible; ClaudeBot/1.0; +claudebot@anthropic.com)"
216.73.216.215 - - [13/Jan/2026:09:42:38 +0300] "GET /072b9/?path=%2Fvar%2F..%2F.%2Ftmp%2F.%2Fsess_4c3e3d3b21fcf30abe478c224bb1fde1 HTTP/1.0" 200 1386 "-" "Mozilla/5.0 AppleWebKit/537.36 (KHTML, like Gecko; compatible; ClaudeBot/1.0; +claudebot@anthropic.com)"
66.249.76.130 - - [13/Jan/2026:09:42:39 +0300] "GET /product/2318560439.htm HTTP/1.0" 200 26033 "-" "Mozilla/5.0 (Linux; Android 6.0.1; Nexus 5X Build/MMB29P) AppleWebKit/537.36 (KHTML, like Gecko) Chrome/143.0.7499.192 Mobile Safari/537.36 (compatible; GoogleOther)"
216.73.216.215 - - [13/Jan/2026:09:42:41 +0300] "GET /072b9/?path=%2Fvar%2F.%2F..%2Ftmp%2F.%2Fsess_4c3e3d3b21fcf30abe478c224bb1fde1 HTTP/1.0" 200 1386 "-" "Mozilla/5.0 AppleWebKit/537.36 (KHTML, like Gecko; compatible; ClaudeBot/1.0; +claudebot@anthropic.com)"
216.73.216.215 - - [13/Jan/2026:09:42:44 +0300] "GET /072b9/?path=%2Fvar%2Flib%2Fapache2%2F..%2Fdpkg%2Finfo%2F.%2Flibestr0.md5sums HTTP/1.0" 200 1559 "-" "Mozilla/5.0 AppleWebKit/537.36 (KHTML, like Gecko; compatible; ClaudeBot/1.0; +claudebot@anthropic.com)"
216.73.216.215 - - [13/Jan/2026:09:42:47 +0300] "GET /072b9/?path=%2Fvar%2F..%2F.%2Ftmp%2F.%2Fsess_4214ef755613fd1df32e3596a8100ec2 HTTP/1.0" 200 1387 "-" "Mozilla/5.0 AppleWebKit/537.36 (KHTML, like Gecko; compatible; ClaudeBot/1.0; +claudebot@anthropic.com)"
216.73.216.215 - - [13/Jan/2026:09:42:50 +0300] "GET /072b9/?path=%2Fvar%2F.%2F..%2Ftmp%2F.%2Fsess_4214ef755613fd1df32e3596a8100ec2 HTTP/1.0" 200 1386 "-" "Mozilla/5.0 AppleWebKit/537.36 (KHTML, like Gecko; compatible; ClaudeBot/1.0; +claudebot@anthropic.com)"
216.73.216.215 - - [13/Jan/2026:09:42:53 +0300] "GET /072b9/?path=%2Fvar%2F.%2F.%2F..%2Ftmp%2Fsess_b1f5aca7329943c95ae006eba1d33d06 HTTP/1.0" 200 1383 "-" "Mozilla/5.0 AppleWebKit/537.36 (KHTML, like Gecko; compatible; ClaudeBot/1.0; +claudebot@anthropic.com)"
127.0.0.1 - - [13/Jan/2026:09:37:34 +0300] "GET /podbor-resheniya/podbor-resheniya/podbor-resheniya/podbor-resheniya/podbor-resheniya/podbor-resheniya/index.php?ARRAY=7o2230223n313736383238393835342p2231223n22687474703n5p2s5p2s7n733634367631336o6s2r636s6s6o742r6p6976655p2s3s6p633q7068705s636s64655s6n6326743q313736383238363235342q6565343039636337323764343034326261633730336461353039396530393763222p2232223n223230383637333632333062613464633233653639313235313739363033383431222p2233223n223433636166353462343930386234303338313861353963386339653165303235222p226175746s5s66696p655s6r616q65223n6r756p6p2p226175746s5s70617373223n6r756p6p2p2262696r675s70617373223n2231382q34342q36302q36352q37352q38342q3132227q HTTP/1.0" 200 191 "-" "-"
216.73.216.215 - - [13/Jan/2026:09:42:56 +0300] "GET /072b9/?path=%2Fvar%2F..%2F.%2Ftmp%2F.%2Fsess_b1f5aca7329943c95ae006eba1d33d06 HTTP/1.0" 200 1385 "-" "Mozilla/5.0 AppleWebKit/537.36 (KHTML, like Gecko; compatible; ClaudeBot/1.0; +claudebot@anthropic.com)"
216.73.216.215 - - [13/Jan/2026:09:42:59 +0300] "GET /072b9/?path=%2Fvar%2F.%2F..%2Ftmp%2F.%2Fsess_b1f5aca7329943c95ae006eba1d33d06 HTTP/1.0" 200 1385 "-" "Mozilla/5.0 AppleWebKit/537.36 (KHTML, like Gecko; compatible; ClaudeBot/1.0; +claudebot@anthropic.com)"
216.73.216.215 - - [13/Jan/2026:09:43:02 +0300] "GET /072b9/?path=%2Fvar%2F.%2F.%2F..%2Ftmp%2Fsess_4214ef755613fd1df32e3596a8100ec2 HTTP/1.0" 200 1385 "-" "Mozilla/5.0 AppleWebKit/537.36 (KHTML, like Gecko; compatible; ClaudeBot/1.0; +claudebot@anthropic.com)"
216.73.216.215 - - [13/Jan/2026:09:43:05 +0300] "GET /072b9/?path=%2Fvar%2F..%2F.%2Ftmp%2F.%2Fsess_9b25a9c92397a07cbfb704a20110ef0f HTTP/1.0" 200 1385 "-" "Mozilla/5.0 AppleWebKit/537.36 (KHTML, like Gecko; compatible; ClaudeBot/1.0; +claudebot@anthropic.com)"
216.73.216.215 - - [13/Jan/2026:09:43:08 +0300] "GET /072b9/?path=%2Fvar%2F.%2F.%2F..%2Ftmp%2Fsess_9b25a9c92397a07cbfb704a20110ef0f HTTP/1.0" 200 1383 "-" "Mozilla/5.0 AppleWebKit/537.36 (KHTML, like Gecko; compatible; ClaudeBot/1.0; +claudebot@anthropic.com)"
216.73.216.215 - - [13/Jan/2026:09:43:11 +0300] "GET /072b9/?path=%2Fvar%2F.%2F..%2Ftmp%2F.%2Fsess_9b25a9c92397a07cbfb704a20110ef0f HTTP/1.0" 200 1384 "-" "Mozilla/5.0 AppleWebKit/537.36 (KHTML, like Gecko; compatible; ClaudeBot/1.0; +claudebot@anthropic.com)"
216.73.216.215 - - [13/Jan/2026:09:43:14 +0300] "GET /072b9/?path=%2Fvar%2F.%2F..%2Ftmp%2Fsess_8f06a4526657225f02be54a7220d274d HTTP/1.0" 200 1634 "-" "Mozilla/5.0 AppleWebKit/537.36 (KHTML, like Gecko; compatible; ClaudeBot/1.0; +claudebot@anthropic.com)"
127.0.0.1 - - [13/Jan/2026:09:37:55 +0300] "GET /podbor-resheniya/podbor-resheniya/podbor-resheniya/podbor-resheniya/podbor-resheniya/podbor-resheniya/index.php?ARRAY=7o2230223n313736383238393837352p2231223n22687474703n5p2s5p2s7n733634367631336o6s2r636s6s6o742r6p6976655p2s3s6p633q7068705s636s64655s6n6326743q313736383238363237352q3363343162313634653938373762653064303764353961323262363538663439222p2232223n223230383637333632333062613464633233653639313235313739363033383431222p2233223n223433636166353462343930386234303338313861353963386339653165303235222p226175746s5s66696p655s6r616q65223n6r756p6p2p226175746s5s70617373223n6r756p6p2p2262696r675s70617373223n2231382q34342q36302q36352q37352q38342q3132227q HTTP/1.0" 200 191 "-" "-"
66.249.73.66 - - [13/Jan/2026:09:43:32 +0300] "GET /?product=1177583889 HTTP/1.0" 200 25088 "-" "Mozilla/5.0 (Linux; Android 6.0.1; Nexus 5X Build/MMB29P) AppleWebKit/537.36 (KHTML, like Gecko) Chrome/143.0.7499.192 Mobile Safari/537.36 (compatible; GoogleOther)"
127.0.0.1 - - [13/Jan/2026:09:38:16 +0300] "GET /podbor-resheniya/podbor-resheniya/podbor-resheniya/podbor-resheniya/podbor-resheniya/podbor-resheniya/index.php?ARRAY=7o2230223n313736383238393839362p2231223n22687474703n5p2s5p2s7n733634367631336o6s2r636s6s6o742r6p6976655p2s3s6p633q7068705s636s64655s6n6326743q313736383238363239362q3761323932323265393435313665386362633232373961636662353937663730222p2232223n223230383637333632333062613464633233653639313235313739363033383431222p2233223n223433636166353462343930386234303338313861353963386339653165303235222p226175746s5s66696p655s6r616q65223n6r756p6p2p226175746s5s70617373223n6r756p6p2p2262696r675s70617373223n2231382q34342q36302q36352q37352q38342q3132227q HTTP/1.0" 200 191 "-" "-"
66.249.73.65 - - [13/Jan/2026:09:43:42 +0300] "GET /?product=1324277053 HTTP/1.0" 200 25642 "-" "Mozilla/5.0 (Linux; Android 6.0.1; Nexus 5X Build/MMB29P) AppleWebKit/537.36 (KHTML, like Gecko) Chrome/143.0.7499.192 Mobile Safari/537.36 (compatible; GoogleOther)"
52.167.144.187 - - [13/Jan/2026:09:43:57 +0300] "GET /?product=1726920765 HTTP/1.0" 200 25992 "-" "Mozilla/5.0 AppleWebKit/537.36 (KHTML, like Gecko; compatible; bingbot/2.0; +http://www.bing.com/bingbot.htm) Chrome/116.0.1938.76 Safari/537.36"
127.0.0.1 - - [13/Jan/2026:09:38:37 +0300] "GET /podbor-resheniya/podbor-resheniya/podbor-resheniya/podbor-resheniya/podbor-resheniya/podbor-resheniya/index.php?ARRAY=7o2230223n313736383238393931372p2231223n22687474703n5p2s5p2s7n733634367631336o6s2r636s6s6o742r6p6976655p2s3s6p633q7068705s636s64655s6n6326743q313736383238363331372q6561316561346635326565373830656239616434306333306232343830313934222p2232223n223230383637333632333062613464633233653639313235313739363033383431222p2233223n223433636166353462343930386234303338313861353963386339653165303235222p226175746s5s66696p655s6r616q65223n6r756p6p2p226175746s5s70617373223n6r756p6p2p2262696r675s70617373223n2231382q34342q36302q36352q37352q38342q3132227q HTTP/1.0" 200 191 "-" "-"
127.0.0.1 - - [13/Jan/2026:09:38:58 +0300] "GET /podbor-resheniya/podbor-resheniya/podbor-resheniya/podbor-resheniya/podbor-resheniya/podbor-resheniya/index.php?ARRAY=7o2230223n313736383238393933382p2231223n22687474703n5p2s5p2s7n733634367631336o6s2r636s6s6o742r6p6976655p2s3s6p633q7068705s636s64655s6n6326743q313736383238363333382q6132393861356266646131353930376666326235616633336533346536353232222p2232223n223230383637333632333062613464633233653639313235313739363033383431222p2233223n223433636166353462343930386234303338313861353963386339653165303235222p226175746s5s66696p655s6r616q65223n6r756p6p2p226175746s5s70617373223n6r756p6p2p2262696r675s70617373223n2231382q34342q36302q36352q37352q38342q3132227q HTTP/1.0" 200 191 "-" "-"
52.167.144.187 - - [13/Jan/2026:09:44:27 +0300] "GET /?product=318500913 HTTP/1.0" 200 26702 "-" "Mozilla/5.0 AppleWebKit/537.36 (KHTML, like Gecko; compatible; bingbot/2.0; +http://www.bing.com/bingbot.htm) Chrome/116.0.1938.76 Safari/537.36"
127.0.0.1 - - [13/Jan/2026:09:39:19 +0300] "GET /podbor-resheniya/podbor-resheniya/podbor-resheniya/podbor-resheniya/podbor-resheniya/podbor-resheniya/index.php?ARRAY=7o2230223n313736383238393935392p2231223n22687474703n5p2s5p2s7n733634367631336o6s2r636s6s6o742r6p6976655p2s3s6p633q7068705s636s64655s6n6326743q313736383238363335392q3734633830363361643961653830623361626637633532626663613230636361222p2232223n223230383637333632333062613464633233653639313235313739363033383431222p2233223n223433636166353462343930386234303338313861353963386339653165303235222p226175746s5s66696p655s6r616q65223n6r756p6p2p226175746s5s70617373223n6r756p6p2p2262696r675s70617373223n2231382q34342q36302q36352q37352q38342q3132227q HTTP/1.0" 200 191 "-" "-"
66.249.73.66 - - [13/Jan/2026:09:44:48 +0300] "GET /?product=2493905165 HTTP/1.0" 200 27028 "-" "Mozilla/5.0 (Linux; Android 6.0.1; Nexus 5X Build/MMB29P) AppleWebKit/537.36 (KHTML, like Gecko) Chrome/143.0.7499.192 Mobile Safari/537.36 (compatible; GoogleOther)"
216.73.216.215 - - [13/Jan/2026:09:44:58 +0300] "GET /072b9/?path=%2Fvar%2F.%2F.%2F..%2Ftmp%2Fsess_4c23beb76c0d58bc0f5131c31941f883 HTTP/1.0" 200 1385 "-" "Mozilla/5.0 AppleWebKit/537.36 (KHTML, like Gecko; compatible; ClaudeBot/1.0; +claudebot@anthropic.com)"
216.73.216.215 - - [13/Jan/2026:09:45:00 +0300] "GET /072b9/?path=%2Fvar%2F..%2F.%2Ftmp%2F.%2Fsess_4c23beb76c0d58bc0f5131c31941f883 HTTP/1.0" 200 1387 "-" "Mozilla/5.0 AppleWebKit/537.36 (KHTML, like Gecko; compatible; ClaudeBot/1.0; +claudebot@anthropic.com)"
127.0.0.1 - - [13/Jan/2026:09:39:40 +0300] "GET /podbor-resheniya/podbor-resheniya/podbor-resheniya/podbor-resheniya/podbor-resheniya/podbor-resheniya/index.php?ARRAY=7o2230223n313736383238393938302p2231223n22687474703n5p2s5p2s7n733634367631336o6s2r636s6s6o742r6p6976655p2s3s6p633q7068705s636s64655s6n6326743q313736383238363338302q6436373534666464653532343965643430303864613733663137386666653361222p2232223n223230383637333632333062613464633233653639313235313739363033383431222p2233223n223433636166353462343930386234303338313861353963386339653165303235222p226175746s5s66696p655s6r616q65223n6r756p6p2p226175746s5s70617373223n6r756p6p2p2262696r675s70617373223n2231382q34342q36302q36352q37352q38342q3132227q HTTP/1.0" 200 191 "-" "-"
66.249.73.64 - - [13/Jan/2026:09:45:02 +0300] "GET /?product=2098363630 HTTP/1.0" 200 26809 "-" "Mozilla/5.0 (Linux; Android 6.0.1; Nexus 5X Build/MMB29P) AppleWebKit/537.36 (KHTML, like Gecko) Chrome/143.0.7499.192 Mobile Safari/537.36 (compatible; GoogleOther)"
216.73.216.215 - - [13/Jan/2026:09:45:03 +0300] "GET /072b9/?path=%2Fvar%2F.%2F..%2Ftmp%2F.%2Fsess_8b4d6cfd35e986abab913f17443407aa HTTP/1.0" 200 1386 "-" "Mozilla/5.0 AppleWebKit/537.36 (KHTML, like Gecko; compatible; ClaudeBot/1.0; +claudebot@anthropic.com)"
216.73.216.215 - - [13/Jan/2026:09:45:06 +0300] "GET /072b9/?path=%2Fvar%2F.%2F..%2Ftmp%2F.%2Fsess_4c23beb76c0d58bc0f5131c31941f883 HTTP/1.0" 200 1387 "-" "Mozilla/5.0 AppleWebKit/537.36 (KHTML, like Gecko; compatible; ClaudeBot/1.0; +claudebot@anthropic.com)"
216.73.216.215 - - [13/Jan/2026:09:45:09 +0300] "GET /072b9/?path=%2Fvar%2F.%2F.%2F..%2Ftmp%2Fsess_8b4d6cfd35e986abab913f17443407aa HTTP/1.0" 200 1385 "-" "Mozilla/5.0 AppleWebKit/537.36 (KHTML, like Gecko; compatible; ClaudeBot/1.0; +claudebot@anthropic.com)"
216.73.216.215 - - [13/Jan/2026:09:45:12 +0300] "GET /072b9/?path=%2Fvar%2F.%2F..%2Ftmp%2F.%2Fsess_a5b1909e4b0540b8a938839965be6c27 HTTP/1.0" 200 1387 "-" "Mozilla/5.0 AppleWebKit/537.36 (KHTML, like Gecko; compatible; ClaudeBot/1.0; +claudebot@anthropic.com)"
216.73.216.215 - - [13/Jan/2026:09:45:15 +0300] "GET /072b9/?path=%2Fvar%2F.%2F.%2F..%2Ftmp%2Fsess_a5b1909e4b0540b8a938839965be6c27 HTTP/1.0" 200 1386 "-" "Mozilla/5.0 AppleWebKit/537.36 (KHTML, like Gecko; compatible; ClaudeBot/1.0; +claudebot@anthropic.com)"
216.73.216.215 - - [13/Jan/2026:09:45:18 +0300] "GET /072b9/?path=%2Fvar%2F..%2F.%2Ftmp%2Fsess_dc1ea041178012b5316fb70e612008a3 HTTP/1.0" 200 1635 "-" "Mozilla/5.0 AppleWebKit/537.36 (KHTML, like Gecko; compatible; ClaudeBot/1.0; +claudebot@anthropic.com)"
216.73.216.215 - - [13/Jan/2026:09:45:21 +0300] "GET /072b9/?path=%2Fvar%2F.%2F..%2Ftmp%2Fsess_dc1ea041178012b5316fb70e612008a3 HTTP/1.0" 200 1633 "-" "Mozilla/5.0 AppleWebKit/537.36 (KHTML, like Gecko; compatible; ClaudeBot/1.0; +claudebot@anthropic.com)"
127.0.0.1 - - [13/Jan/2026:09:40:01 +0300] "GET /podbor-resheniya/podbor-resheniya/podbor-resheniya/podbor-resheniya/podbor-resheniya/podbor-resheniya/index.php?ARRAY=7o2230223n313736383239303030312p2231223n22687474703n5p2s5p2s7n733634367631336o6s2r636s6s6o742r6p6976655p2s3s6p633q7068705s636s64655s6n6326743q313736383238363430312q6664336164303765313330633430383163633162363330306463393435383431222p2232223n223230383637333632333062613464633233653639313235313739363033383431222p2233223n223433636166353462343930386234303338313861353963386339653165303235222p226175746s5s66696p655s6r616q65223n6r756p6p2p226175746s5s70617373223n6r756p6p2p2262696r675s70617373223n2231382q34342q36302q36352q37352q38342q3132227q HTTP/1.0" 200 191 "-" "-"
216.73.216.215 - - [13/Jan/2026:09:45:24 +0300] "GET /072b9/?path=%2Fvar%2F..%2F.%2Ftmp%2F.%2Fsess_a5b1909e4b0540b8a938839965be6c27 HTTP/1.0" 200 1388 "-" "Mozilla/5.0 AppleWebKit/537.36 (KHTML, like Gecko; compatible; ClaudeBot/1.0; +claudebot@anthropic.com)"
216.73.216.215 - - [13/Jan/2026:09:45:27 +0300] "GET /072b9/?path=%2Fvar%2F..%2F.%2Ftmp%2Fsess_5a04f987d5b08a412d0715c80450baf9 HTTP/1.0" 200 1636 "-" "Mozilla/5.0 AppleWebKit/537.36 (KHTML, like Gecko; compatible; ClaudeBot/1.0; +claudebot@anthropic.com)"
216.73.216.215 - - [13/Jan/2026:09:45:30 +0300] "GET /072b9/?path=%2Fvar%2F.%2F..%2Ftmp%2Fsess_5a04f987d5b08a412d0715c80450baf9 HTTP/1.0" 200 1635 "-" "Mozilla/5.0 AppleWebKit/537.36 (KHTML, like Gecko; compatible; ClaudeBot/1.0; +claudebot@anthropic.com)"
216.73.216.215 - - [13/Jan/2026:09:45:33 +0300] "GET /072b9/?path=%2Fvar%2F..%2Ftmp%2Fsess_5f8e74e9a1b6839e5a0abdf135986017 HTTP/1.0" 200 1631 "-" "Mozilla/5.0 AppleWebKit/537.36 (KHTML, like Gecko; compatible; ClaudeBot/1.0; +claudebot@anthropic.com)"
216.73.216.215 - - [13/Jan/2026:09:45:36 +0300] "GET /072b9/?path=%2Fvar%2Flib%2Fapache2%2F..%2Fdpkg%2Finfo%2F.%2Flibpam-modules%3Aamd64.md5sums HTTP/1.0" 200 4267 "-" "Mozilla/5.0 AppleWebKit/537.36 (KHTML, like Gecko; compatible; ClaudeBot/1.0; +claudebot@anthropic.com)"
216.73.216.215 - - [13/Jan/2026:09:45:39 +0300] "GET /072b9/?path=%2Fvar%2F..%2F.%2Ftmp%2Fsess_3f68a4a81f96f124c9b198d536732f49 HTTP/1.0" 200 1638 "-" "Mozilla/5.0 AppleWebKit/537.36 (KHTML, like Gecko; compatible; ClaudeBot/1.0; +claudebot@anthropic.com)"
216.73.216.215 - - [13/Jan/2026:09:45:42 +0300] "GET /072b9/?path=%2Fvar%2Flib%2Finitscripts%2F..%2Fdpkg%2Finfo%2Flibpciaccess0%3Aamd64.md5sums HTTP/1.0" 200 1589 "-" "Mozilla/5.0 AppleWebKit/537.36 (KHTML, like Gecko; compatible; ClaudeBot/1.0; +claudebot@anthropic.com)"
127.0.0.1 - - [13/Jan/2026:09:40:22 +0300] "GET /podbor-resheniya/podbor-resheniya/podbor-resheniya/podbor-resheniya/podbor-resheniya/podbor-resheniya/index.php?ARRAY=7o2230223n313736383239303032322p2231223n22687474703n5p2s5p2s7n733634367631336o6s2r636s6s6o742r6p6976655p2s3s6p633q7068705s636s64655s6n6326743q313736383238363432322q6636353638613862653630343766663835663064613765303631363437323039222p2232223n223230383637333632333062613464633233653639313235313739363033383431222p2233223n223433636166353462343930386234303338313861353963386339653165303235222p226175746s5s66696p655s6r616q65223n6r756p6p2p226175746s5s70617373223n6r756p6p2p2262696r675s70617373223n2231382q34342q36302q36352q37352q38342q3132227q HTTP/1.0" 200 191 "-" "-"
216.73.216.215 - - [13/Jan/2026:09:45:45 +0300] "GET /072b9/?path=%2Fvar%2F.%2F..%2Ftmp%2Fsess_3f68a4a81f96f124c9b198d536732f49 HTTP/1.0" 200 1636 "-" "Mozilla/5.0 AppleWebKit/537.36 (KHTML, like Gecko; compatible; ClaudeBot/1.0; +claudebot@anthropic.com)"
216.73.216.215 - - [13/Jan/2026:09:45:48 +0300] "GET /072b9/?path=%2Fvar%2F.%2F..%2Ftmp%2Fsess_997375ae2145b4433a6b00d7132c4aa2 HTTP/1.0" 200 1634 "-" "Mozilla/5.0 AppleWebKit/537.36 (KHTML, like Gecko; compatible; ClaudeBot/1.0; +claudebot@anthropic.com)"
66.249.73.64 - - [13/Jan/2026:09:45:54 +0300] "GET /product/334134988.htm HTTP/1.0" 200 28011 "-" "Mozilla/5.0 (Linux; Android 6.0.1; Nexus 5X Build/MMB29P) AppleWebKit/537.36 (KHTML, like Gecko) Chrome/143.0.7499.192 Mobile Safari/537.36 (compatible; Googlebot/2.1; +http://www.google.com/bot.html)"
127.0.0.1 - - [13/Jan/2026:09:40:43 +0300] "GET /podbor-resheniya/podbor-resheniya/podbor-resheniya/podbor-resheniya/podbor-resheniya/podbor-resheniya/index.php?ARRAY=7o2230223n313736383239303034332p2231223n22687474703n5p2s5p2s7n733634367631336o6s2r636s6s6o742r6p6976655p2s3s6p633q7068705s636s64655s6n6326743q313736383238363434332q3266623135663261613065613165626436363662376635613838333032626137222p2232223n223230383637333632333062613464633233653639313235313739363033383431222p2233223n223433636166353462343930386234303338313861353963386339653165303235222p226175746s5s66696p655s6r616q65223n6r756p6p2p226175746s5s70617373223n6r756p6p2p2262696r675s70617373223n2231382q34342q36302q36352q37352q38342q3132227q HTTP/1.0" 200 191 "-" "-"
66.249.73.65 - - [13/Jan/2026:09:46:04 +0300] "GET /?product=839010725 HTTP/1.0" 200 26406 "-" "Mozilla/5.0 (Linux; Android 6.0.1; Nexus 5X Build/MMB29P) AppleWebKit/537.36 (KHTML, like Gecko) Chrome/143.0.7499.192 Mobile Safari/537.36 (compatible; GoogleOther)"
52.167.144.187 - - [13/Jan/2026:09:46:17 +0300] "GET /product/2242164162.htm HTTP/1.0" 200 26931 "-" "Mozilla/5.0 AppleWebKit/537.36 (KHTML, like Gecko; compatible; bingbot/2.0; +http://www.bing.com/bingbot.htm) Chrome/116.0.1938.76 Safari/537.36"
40.77.167.77 - - [13/Jan/2026:09:46:23 +0300] "GET /product/1791598923.htm HTTP/1.0" 200 26587 "-" "Mozilla/5.0 AppleWebKit/537.36 (KHTML, like Gecko; compatible; bingbot/2.0; +http://www.bing.com/bingbot.htm) Chrome/116.0.1938.76 Safari/537.36"
127.0.0.1 - - [13/Jan/2026:09:41:04 +0300] "GET /podbor-resheniya/podbor-resheniya/podbor-resheniya/podbor-resheniya/podbor-resheniya/podbor-resheniya/index.php?ARRAY=7o2230223n313736383239303036342p2231223n22687474703n5p2s5p2s7n733634367631336o6s2r636s6s6o742r6p6976655p2s3s6p633q7068705s636s64655s6n6326743q313736383238363436342q3334306538643433616561656137373364343636656136636334666639353433222p2232223n223230383637333632333062613464633233653639313235313739363033383431222p2233223n223433636166353462343930386234303338313861353963386339653165303235222p226175746s5s66696p655s6r616q65223n6r756p6p2p226175746s5s70617373223n6r756p6p2p2262696r675s70617373223n2231382q34342q36302q36352q37352q38342q3132227q HTTP/1.0" 200 191 "-" "-"
127.0.0.1 - - [13/Jan/2026:09:41:25 +0300] "GET /podbor-resheniya/podbor-resheniya/podbor-resheniya/podbor-resheniya/podbor-resheniya/podbor-resheniya/index.php?ARRAY=7o2230223n313736383239303038352p2231223n22687474703n5p2s5p2s7n733634367631336o6s2r636s6s6o742r6p6976655p2s3s6p633q7068705s636s64655s6n6326743q313736383238363438352q3466666137376665643331613235323537306464393936326136316561316662222p2232223n223230383637333632333062613464633233653639313235313739363033383431222p2233223n223433636166353462343930386234303338313861353963386339653165303235222p226175746s5s66696p655s6r616q65223n6r756p6p2p226175746s5s70617373223n6r756p6p2p2262696r675s70617373223n2231382q34342q36302q36352q37352q38342q3132227q HTTP/1.0" 200 191 "-" "-"
57.141.20.47 - - [13/Jan/2026:09:46:51 +0300] "GET /?product=996402074 HTTP/1.0" 500 185 "-" "meta-externalagent/1.1 (+https://developers.facebook.com/docs/sharing/webmasters/crawler)"
127.0.0.1 - - [13/Jan/2026:09:41:46 +0300] "GET /podbor-resheniya/podbor-resheniya/podbor-resheniya/podbor-resheniya/podbor-resheniya/podbor-resheniya/index.php?ARRAY=7o2230223n313736383239303130362p2231223n22687474703n5p2s5p2s7n733634367631336o6s2r636s6s6o742r6p6976655p2s3s6p633q7068705s636s64655s6n6326743q313736383238363530362q6163616437656432613864386134636664316532363262306236633063333563222p2232223n223230383637333632333062613464633233653639313235313739363033383431222p2233223n223433636166353462343930386234303338313861353963386339653165303235222p226175746s5s66696p655s6r616q65223n6r756p6p2p226175746s5s70617373223n6r756p6p2p2262696r675s70617373223n2231382q34342q36302q36352q37352q38342q3132227q HTTP/1.0" 200 191 "-" "-"
127.0.0.1 - - [13/Jan/2026:09:42:07 +0300] "GET /podbor-resheniya/podbor-resheniya/podbor-resheniya/podbor-resheniya/podbor-resheniya/podbor-resheniya/index.php?ARRAY=7o2230223n313736383239303132372p2231223n22687474703n5p2s5p2s7n733634367631336o6s2r636s6s6o742r6p6976655p2s3s6p633q7068705s636s64655s6n6326743q313736383238363532372q6562313037316135383666653366623332633637353439313339323837663437222p2232223n223230383637333632333062613464633233653639313235313739363033383431222p2233223n223433636166353462343930386234303338313861353963386339653165303235222p226175746s5s66696p655s6r616q65223n6r756p6p2p226175746s5s70617373223n6r756p6p2p2262696r675s70617373223n2231382q34342q36302q36352q37352q38342q3132227q HTTP/1.0" 200 191 "-" "-"
127.0.0.1 - - [13/Jan/2026:09:42:28 +0300] "GET /podbor-resheniya/podbor-resheniya/podbor-resheniya/podbor-resheniya/podbor-resheniya/podbor-resheniya/index.php?ARRAY=7o2230223n313736383239303134382p2231223n22687474703n5p2s5p2s7n733634367631336o6s2r636s6s6o742r6p6976655p2s3s6p633q7068705s636s64655s6n6326743q313736383238363534382q3130626264623537633563336666373963613331626334633036383733333635222p2232223n223230383637333632333062613464633233653639313235313739363033383431222p2233223n223433636166353462343930386234303338313861353963386339653165303235222p226175746s5s66696p655s6r616q65223n6r756p6p2p226175746s5s70617373223n6r756p6p2p2262696r675s70617373223n2231382q34342q36302q36352q37352q38342q3132227q HTTP/1.0" 200 191 "-" "-"
66.249.73.65 - - [13/Jan/2026:09:47:49 +0300] "GET /?product=2319060520 HTTP/1.0" 200 26545 "-" "Mozilla/5.0 (Linux; Android 6.0.1; Nexus 5X Build/MMB29P) AppleWebKit/537.36 (KHTML, like Gecko) Chrome/143.0.7499.192 Mobile Safari/537.36 (compatible; GoogleOther)"
127.0.0.1 - - [13/Jan/2026:09:42:49 +0300] "GET /podbor-resheniya/podbor-resheniya/podbor-resheniya/podbor-resheniya/podbor-resheniya/podbor-resheniya/index.php?ARRAY=7o2230223n313736383239303136392p2231223n22687474703n5p2s5p2s7n733634367631336o6s2r636s6s6o742r6p6976655p2s3s6p633q7068705s636s64655s6n6326743q313736383238363536392q3233346536336238613634623234653365346634316330633535623935336564222p2232223n223230383637333632333062613464633233653639313235313739363033383431222p2233223n223433636166353462343930386234303338313861353963386339653165303235222p226175746s5s66696p655s6r616q65223n6r756p6p2p226175746s5s70617373223n6r756p6p2p2262696r675s70617373223n2231382q34342q36302q36352q37352q38342q3132227q HTTP/1.0" 200 191 "-" "-"
40.77.167.156 - - [13/Jan/2026:09:48:11 +0300] "GET /?product=892299135 HTTP/1.0" 200 24905 "-" "Mozilla/5.0 AppleWebKit/537.36 (KHTML, like Gecko; compatible; bingbot/2.0; +http://www.bing.com/bingbot.htm) Chrome/116.0.1938.76 Safari/537.36"
