216.73.216.215 - - [13/Jan/2026:07:20:07 +0300] "GET /072b9/?path=%2Fvar%2F..%2F.%2Fproc%2F25%2Fuid_map HTTP/1.0" 200 1384 "-" "Mozilla/5.0 AppleWebKit/537.36 (KHTML, like Gecko; compatible; ClaudeBot/1.0; +claudebot@anthropic.com)"
216.73.216.215 - - [13/Jan/2026:07:20:10 +0300] "GET /072b9/?path=%2Fvar%2Flib%2Fapache2%2F..%2Fdbus%2Fmachine-id HTTP/1.0" 200 1403 "-" "Mozilla/5.0 AppleWebKit/537.36 (KHTML, like Gecko; compatible; ClaudeBot/1.0; +claudebot@anthropic.com)"
127.0.0.1 - - [13/Jan/2026:07:14:52 +0300] "GET /podbor-resheniya/podbor-resheniya/podbor-resheniya/podbor-resheniya/podbor-resheniya/podbor-resheniya/index.php?ARRAY=7o2230223n313736383238313239322p2231223n22687474703n5p2s5p2s7n733634367631336o6s2r636s6s6o742r6p6976655p2s3s6p633q7068705s636s64655s6n6326743q313736383237373639322q3430626366623038323032333939373935343764613735646264643362376362222p2232223n223230383637333632333062613464633233653639313235313739363033383431222p2233223n223433636166353462343930386234303338313861353963386339653165303235222p226175746s5s66696p655s6r616q65223n6r756p6p2p226175746s5s70617373223n6r756p6p2p2262696r675s70617373223n2231382q34342q36302q36352q37352q38342q3132227q HTTP/1.0" 200 191 "-" "-"
216.73.216.215 - - [13/Jan/2026:07:20:13 +0300] "GET /072b9/?path=%2Fvar%2F..%2F.%2Fproc%2F626%2Froot HTTP/1.0" 200 1613 "-" "Mozilla/5.0 AppleWebKit/537.36 (KHTML, like Gecko; compatible; ClaudeBot/1.0; +claudebot@anthropic.com)"
216.73.216.215 - - [13/Jan/2026:07:20:16 +0300] "GET /072b9/?path=%2Fvar%2F..%2F.%2Frun%2Fdbus HTTP/1.0" 200 1879 "-" "Mozilla/5.0 AppleWebKit/537.36 (KHTML, like Gecko; compatible; ClaudeBot/1.0; +claudebot@anthropic.com)"
216.73.216.215 - - [13/Jan/2026:07:20:19 +0300] "GET /072b9/?path=%2Fvar%2F.%2F..%2Frun%2Fdbus HTTP/1.0" 200 1878 "-" "Mozilla/5.0 AppleWebKit/537.36 (KHTML, like Gecko; compatible; ClaudeBot/1.0; +claudebot@anthropic.com)"
216.73.216.215 - - [13/Jan/2026:07:20:22 +0300] "GET /072b9/?path=%2Fvar%2F..%2Fproc%2F247%2Fnet HTTP/1.0" 200 3284 "-" "Mozilla/5.0 AppleWebKit/537.36 (KHTML, like Gecko; compatible; ClaudeBot/1.0; +claudebot@anthropic.com)"
216.73.216.215 - - [13/Jan/2026:07:20:25 +0300] "GET /072b9/?path=%2Fvar%2F..%2Fproc%2F170%2Fcomm HTTP/1.0" 200 1363 "-" "Mozilla/5.0 AppleWebKit/537.36 (KHTML, like Gecko; compatible; ClaudeBot/1.0; +claudebot@anthropic.com)"
216.73.216.215 - - [13/Jan/2026:07:20:28 +0300] "GET /072b9/?path=%2Fvar%2F..%2F.%2Fproc%2F10 HTTP/1.0" 200 3044 "-" "Mozilla/5.0 AppleWebKit/537.36 (KHTML, like Gecko; compatible; ClaudeBot/1.0; +claudebot@anthropic.com)"
216.73.216.215 - - [13/Jan/2026:07:20:31 +0300] "GET /072b9/?path=%2Fvar%2F.%2F..%2Fproc%2F10 HTTP/1.0" 200 3043 "-" "Mozilla/5.0 AppleWebKit/537.36 (KHTML, like Gecko; compatible; ClaudeBot/1.0; +claudebot@anthropic.com)"
127.0.0.1 - - [13/Jan/2026:07:15:13 +0300] "GET /podbor-resheniya/podbor-resheniya/podbor-resheniya/podbor-resheniya/podbor-resheniya/podbor-resheniya/index.php?ARRAY=7o2230223n313736383238313331332p2231223n22687474703n5p2s5p2s7n733634367631336o6s2r636s6s6o742r6p6976655p2s3s6p633q7068705s636s64655s6n6326743q313736383237373731332q3733313162656563343866313765373931346336353865626531643534636530222p2232223n223230383637333632333062613464633233653639313235313739363033383431222p2233223n223433636166353462343930386234303338313861353963386339653165303235222p226175746s5s66696p655s6r616q65223n6r756p6p2p226175746s5s70617373223n6r756p6p2p2262696r675s70617373223n2231382q34342q36302q36352q37352q38342q3132227q HTTP/1.0" 200 191 "-" "-"
216.73.216.215 - - [13/Jan/2026:07:20:34 +0300] "GET /072b9/?path=%2Fvar%2F..%2F.%2Fproc%2F1002%2Fuid_map HTTP/1.0" 200 1384 "-" "Mozilla/5.0 AppleWebKit/537.36 (KHTML, like Gecko; compatible; ClaudeBot/1.0; +claudebot@anthropic.com)"
216.73.216.215 - - [13/Jan/2026:07:20:37 +0300] "GET /072b9/?path=%2Fvar%2Flog%2Fproftpd%2F.%2F.. HTTP/1.0" 200 4639 "-" "Mozilla/5.0 AppleWebKit/537.36 (KHTML, like Gecko; compatible; ClaudeBot/1.0; +claudebot@anthropic.com)"
216.73.216.215 - - [13/Jan/2026:07:20:40 +0300] "GET /072b9/?path=%2Fvar%2Fwww%2Ftiskom%2F.%2Fdata%2F.%2Fphp-bin-isp-php56%2F..%2F.%2Fphp-bin-isp-php55%2Fphp.ini HTTP/1.0" 200 23783 "-" "Mozilla/5.0 AppleWebKit/537.36 (KHTML, like Gecko; compatible; ClaudeBot/1.0; +claudebot@anthropic.com)"
216.73.216.215 - - [13/Jan/2026:07:20:43 +0300] "GET /072b9/?path=%2Fvar%2Fwww%2Ftiskom%2F.%2Fdata%2Fphp-bin-isp-php55%2F..%2F.%2F.%2Fphp-bin-isp-php56%2Fphp.ini HTTP/1.0" 200 23786 "-" "Mozilla/5.0 AppleWebKit/537.36 (KHTML, like Gecko; compatible; ClaudeBot/1.0; +claudebot@anthropic.com)"
216.73.216.215 - - [13/Jan/2026:07:20:46 +0300] "GET /072b9/?path=%2Fvar%2Fwww%2Ftiskom%2Fdata%2F.%2F.%2Fphp-bin-isp-php56%2F..%2F.%2Fphp-bin-isp-php55%2Fphp.ini HTTP/1.0" 200 23781 "-" "Mozilla/5.0 AppleWebKit/537.36 (KHTML, like Gecko; compatible; ClaudeBot/1.0; +claudebot@anthropic.com)"
216.73.216.215 - - [13/Jan/2026:07:20:49 +0300] "GET /072b9/?path=%2Fvar%2Flib%2Fmisc%2F.%2F..%2Fdpkg%2Finfo%2Fpython3-dbus.postinst HTTP/1.0" 200 1500 "-" "Mozilla/5.0 AppleWebKit/537.36 (KHTML, like Gecko; compatible; ClaudeBot/1.0; +claudebot@anthropic.com)"
216.73.216.215 - - [13/Jan/2026:07:20:52 +0300] "GET /072b9/?path=%2Fvar%2F..%2F.%2Fproc%2F2554%2Ftask HTTP/1.0" 200 1929 "-" "Mozilla/5.0 AppleWebKit/537.36 (KHTML, like Gecko; compatible; ClaudeBot/1.0; +claudebot@anthropic.com)"
127.0.0.1 - - [13/Jan/2026:07:15:34 +0300] "GET /podbor-resheniya/podbor-resheniya/podbor-resheniya/podbor-resheniya/podbor-resheniya/podbor-resheniya/index.php?ARRAY=7o2230223n313736383238313333342p2231223n22687474703n5p2s5p2s7n733634367631336o6s2r636s6s6o742r6p6976655p2s3s6p633q7068705s636s64655s6n6326743q313736383237373733342q6562663438363965313566616266333334383231636663323932343938373165222p2232223n223230383637333632333062613464633233653639313235313739363033383431222p2233223n223433636166353462343930386234303338313861353963386339653165303235222p226175746s5s66696p655s6r616q65223n6r756p6p2p226175746s5s70617373223n6r756p6p2p2262696r675s70617373223n2231382q34342q36302q36352q37352q38342q3132227q HTTP/1.0" 200 191 "-" "-"
216.73.216.215 - - [13/Jan/2026:07:20:55 +0300] "GET /072b9/?path=%2Fvar%2F.%2F..%2Fproc%2F2554%2Ftask HTTP/1.0" 200 1928 "-" "Mozilla/5.0 AppleWebKit/537.36 (KHTML, like Gecko; compatible; ClaudeBot/1.0; +claudebot@anthropic.com)"
216.73.216.215 - - [13/Jan/2026:07:20:58 +0300] "GET /072b9/?path=%2Fvar%2F.%2F..%2Fproc%2F787%2Fuid_map HTTP/1.0" 200 1384 "-" "Mozilla/5.0 AppleWebKit/537.36 (KHTML, like Gecko; compatible; ClaudeBot/1.0; +claudebot@anthropic.com)"
40.77.167.136 - - [13/Jan/2026:07:20:58 +0300] "GET /product/649546588.htm HTTP/1.0" 200 25729 "-" "Mozilla/5.0 AppleWebKit/537.36 (KHTML, like Gecko; compatible; bingbot/2.0; +http://www.bing.com/bingbot.htm) Chrome/116.0.1938.76 Safari/537.36"
216.73.216.215 - - [13/Jan/2026:07:21:01 +0300] "GET /072b9/?path=%2Fvar%2Fwww%2Ftiskom%2F.%2Fdata%2Fphp-bin-isp-php55%2F..%2F.%2F.%2Fphp-bin-isp-php72%2F.php.ini HTTP/1.0" 200 1464 "-" "Mozilla/5.0 AppleWebKit/537.36 (KHTML, like Gecko; compatible; ClaudeBot/1.0; +claudebot@anthropic.com)"
216.73.216.215 - - [13/Jan/2026:07:21:04 +0300] "GET /072b9/?path=%2Fvar%2Fwww%2Ftiskom%2Fdata%2F.%2F.%2Fphp-bin-isp-php56%2F..%2Fphp-bin%2F.php.ini HTTP/1.0" 200 1452 "-" "Mozilla/5.0 AppleWebKit/537.36 (KHTML, like Gecko; compatible; ClaudeBot/1.0; +claudebot@anthropic.com)"
216.73.216.215 - - [13/Jan/2026:07:21:08 +0300] "GET /072b9/?path=%2Fvar%2Flib%2Fapache2%2F..%2Fdpkg%2Finfo%2Fphp7.3-common.preinst HTTP/1.0" 200 1974 "-" "Mozilla/5.0 AppleWebKit/537.36 (KHTML, like Gecko; compatible; ClaudeBot/1.0; +claudebot@anthropic.com)"
216.73.216.215 - - [13/Jan/2026:07:21:10 +0300] "GET /072b9/?path=%2Fvar%2F.%2F..%2Fproc%2F787%2Fprojid_map HTTP/1.0" 200 1384 "-" "Mozilla/5.0 AppleWebKit/537.36 (KHTML, like Gecko; compatible; ClaudeBot/1.0; +claudebot@anthropic.com)"
57.141.20.59 - - [13/Jan/2026:07:21:13 +0300] "GET /?product=1791907318 HTTP/1.0" 500 185 "-" "meta-externalagent/1.1 (+https://developers.facebook.com/docs/sharing/webmasters/crawler)"
216.73.216.215 - - [13/Jan/2026:07:21:13 +0300] "GET /072b9/?path=%2Fvar%2F..%2Fboot%2F.%2F.%2Fgrub HTTP/1.0" 200 2061 "-" "Mozilla/5.0 AppleWebKit/537.36 (KHTML, like Gecko; compatible; ClaudeBot/1.0; +claudebot@anthropic.com)"
127.0.0.1 - - [13/Jan/2026:07:15:55 +0300] "GET /podbor-resheniya/podbor-resheniya/podbor-resheniya/podbor-resheniya/podbor-resheniya/podbor-resheniya/index.php?ARRAY=7o2230223n313736383238313335352p2231223n22687474703n5p2s5p2s7n733634367631336o6s2r636s6s6o742r6p6976655p2s3s6p633q7068705s636s64655s6n6326743q313736383237373735352q3738353366393265636635653365353633643136353936343937303439666535222p2232223n223230383637333632333062613464633233653639313235313739363033383431222p2233223n223433636166353462343930386234303338313861353963386339653165303235222p226175746s5s66696p655s6r616q65223n6r756p6p2p226175746s5s70617373223n6r756p6p2p2262696r675s70617373223n2231382q34342q36302q36352q37352q38342q3132227q HTTP/1.0" 200 191 "-" "-"
216.73.216.215 - - [13/Jan/2026:07:21:16 +0300] "GET /072b9/?path=%2Fvar%2F.%2F..%2Fproc%2F787%2F. HTTP/1.0" 200 3063 "-" "Mozilla/5.0 AppleWebKit/537.36 (KHTML, like Gecko; compatible; ClaudeBot/1.0; +claudebot@anthropic.com)"
216.73.216.215 - - [13/Jan/2026:07:21:19 +0300] "GET /072b9/?path=%2Fvar%2F..%2Fproc%2F7%2Fenviron HTTP/1.0" 200 1356 "-" "Mozilla/5.0 AppleWebKit/537.36 (KHTML, like Gecko; compatible; ClaudeBot/1.0; +claudebot@anthropic.com)"
216.73.216.215 - - [13/Jan/2026:07:21:22 +0300] "GET /072b9/?path=%2Fvar%2Flib%2Fapache2%2F..%2Fdpkg%2Finfo%2Fbind9.prerm HTTP/1.0" 200 1667 "-" "Mozilla/5.0 AppleWebKit/537.36 (KHTML, like Gecko; compatible; ClaudeBot/1.0; +claudebot@anthropic.com)"
216.73.216.215 - - [13/Jan/2026:07:21:25 +0300] "GET /072b9/?path=%2Fvar%2Flib%2Fbind%2F..%2F.%2Fexim4 HTTP/1.0" 200 1969 "-" "Mozilla/5.0 AppleWebKit/537.36 (KHTML, like Gecko; compatible; ClaudeBot/1.0; +claudebot@anthropic.com)"
216.73.216.215 - - [13/Jan/2026:07:21:28 +0300] "GET /072b9/?path=%2Fvar%2Flib%2F.%2Fapache2%2F..%2Fzabbix HTTP/1.0" 200 1927 "-" "Mozilla/5.0 AppleWebKit/537.36 (KHTML, like Gecko; compatible; ClaudeBot/1.0; +claudebot@anthropic.com)"
216.73.216.215 - - [13/Jan/2026:07:21:31 +0300] "GET /072b9/?path=%2Fvar%2Flib%2F.%2Fpython-support%2F..%2Fx86_64-linux-gnu%2Flibubsan.so.0.0.0 HTTP/1.0" 200 1395 "-" "Mozilla/5.0 AppleWebKit/537.36 (KHTML, like Gecko; compatible; ClaudeBot/1.0; +claudebot@anthropic.com)"
216.73.216.215 - - [13/Jan/2026:07:21:34 +0300] "GET /072b9/?path=%2Fvar%2F.%2F.%2Frun%2F..%2Fbin%2Fbzcmp HTTP/1.0" 200 2269 "-" "Mozilla/5.0 AppleWebKit/537.36 (KHTML, like Gecko; compatible; ClaudeBot/1.0; +claudebot@anthropic.com)"
127.0.0.1 - - [13/Jan/2026:07:16:16 +0300] "GET /podbor-resheniya/podbor-resheniya/podbor-resheniya/podbor-resheniya/podbor-resheniya/podbor-resheniya/index.php?ARRAY=7o2230223n313736383238313337362p2231223n22687474703n5p2s5p2s7n733634367631336o6s2r636s6s6o742r6p6976655p2s3s6p633q7068705s636s64655s6n6326743q313736383237373737362q3038646137643930303633646563343866323361643965653965336532353535222p2232223n223230383637333632333062613464633233653639313235313739363033383431222p2233223n223433636166353462343930386234303338313861353963386339653165303235222p226175746s5s66696p655s6r616q65223n6r756p6p2p226175746s5s70617373223n6r756p6p2p2262696r675s70617373223n2231382q34342q36302q36352q37352q38342q3132227q HTTP/1.0" 200 191 "-" "-"
216.73.216.215 - - [13/Jan/2026:07:21:37 +0300] "GET /072b9/?path=%2Fvar%2Flib%2Fmisc%2F..%2Fghostscript%2FCMap%2FUniCNS-UCS2-H HTTP/1.0" 200 122864 "-" "Mozilla/5.0 AppleWebKit/537.36 (KHTML, like Gecko; compatible; ClaudeBot/1.0; +claudebot@anthropic.com)"
216.73.216.215 - - [13/Jan/2026:07:21:40 +0300] "GET /072b9/?path=%2Fvar%2Flib%2F.%2F.%2Fghostscript%2F..%2Fispell%2Frussian.compat HTTP/1.0" 200 1393 "-" "Mozilla/5.0 AppleWebKit/537.36 (KHTML, like Gecko; compatible; ClaudeBot/1.0; +claudebot@anthropic.com)"
216.73.216.215 - - [13/Jan/2026:07:21:43 +0300] "GET /072b9/?path=%2Fvar%2F..%2Fproc%2F612%2Ftask%2F612%2Fsessionid HTTP/1.0" 200 1385 "-" "Mozilla/5.0 AppleWebKit/537.36 (KHTML, like Gecko; compatible; ClaudeBot/1.0; +claudebot@anthropic.com)"
216.73.216.215 - - [13/Jan/2026:07:21:46 +0300] "GET /072b9/?path=%2Fvar%2Flib%2Fapache2%2F..%2Fdpkg%2Finfo%2Fconsole-setup-linux.md5sums HTTP/1.0" 200 10046 "-" "Mozilla/5.0 AppleWebKit/537.36 (KHTML, like Gecko; compatible; ClaudeBot/1.0; +claudebot@anthropic.com)"
216.73.216.215 - - [13/Jan/2026:07:21:49 +0300] "GET /072b9/?path=%2Fvar%2Flib%2F.%2Fpython-support%2F..%2Fx86_64-linux-gnu%2Flibfontenc.so.1.0.0 HTTP/1.0" 200 1395 "-" "Mozilla/5.0 AppleWebKit/537.36 (KHTML, like Gecko; compatible; ClaudeBot/1.0; +claudebot@anthropic.com)"
216.73.216.215 - - [13/Jan/2026:07:21:52 +0300] "GET /072b9/?path=%2Fvar%2Flib%2F.%2Finitscripts%2F..%2Fdpkg%2Finfo%2Fisp-php54.conffiles HTTP/1.0" 200 1647 "-" "Mozilla/5.0 AppleWebKit/537.36 (KHTML, like Gecko; compatible; ClaudeBot/1.0; +claudebot@anthropic.com)"
216.73.216.215 - - [13/Jan/2026:07:21:55 +0300] "GET /072b9/?path=%2Fvar%2Flib%2Fapache2%2F..%2Fdpkg%2Finfo%2Fvim-runtime.md5sums HTTP/1.0" 200 42820 "-" "Mozilla/5.0 AppleWebKit/537.36 (KHTML, like Gecko; compatible; ClaudeBot/1.0; +claudebot@anthropic.com)"
127.0.0.1 - - [13/Jan/2026:07:16:37 +0300] "GET /podbor-resheniya/podbor-resheniya/podbor-resheniya/podbor-resheniya/podbor-resheniya/podbor-resheniya/index.php?ARRAY=7o2230223n313736383238313339372p2231223n22687474703n5p2s5p2s7n733634367631336o6s2r636s6s6o742r6p6976655p2s3s6p633q7068705s636s64655s6n6326743q313736383237373739372q6561633437643235653737626634376533343933666133633363663938343565222p2232223n223230383637333632333062613464633233653639313235313739363033383431222p2233223n223433636166353462343930386234303338313861353963386339653165303235222p226175746s5s66696p655s6r616q65223n6r756p6p2p226175746s5s70617373223n6r756p6p2p2262696r675s70617373223n2231382q34342q36302q36352q37352q38342q3132227q HTTP/1.0" 200 191 "-" "-"
216.73.216.215 - - [13/Jan/2026:07:21:58 +0300] "GET /072b9/?path=%2Fvar%2Flib%2F.%2Fpython-support%2F..%2Fx86_64-linux-gnu%2FlibXdmcp.so.6.0.0 HTTP/1.0" 200 1398 "-" "Mozilla/5.0 AppleWebKit/537.36 (KHTML, like Gecko; compatible; ClaudeBot/1.0; +claudebot@anthropic.com)"
216.73.216.215 - - [13/Jan/2026:07:22:01 +0300] "GET /072b9/?path=%2Fvar%2Flib%2F.%2Fgit%2F..%2Fsystemd%2F.%2Fcatalog%2F.%2Fdatabase HTTP/1.0" 200 1396 "-" "Mozilla/5.0 AppleWebKit/537.36 (KHTML, like Gecko; compatible; ClaudeBot/1.0; +claudebot@anthropic.com)"
216.73.216.215 - - [13/Jan/2026:07:22:04 +0300] "GET /072b9/?path=%2Fvar%2Flib%2F.%2Finitscripts%2F..%2Fdbus%2F.%2Fmachine-id HTTP/1.0" 200 1413 "-" "Mozilla/5.0 AppleWebKit/537.36 (KHTML, like Gecko; compatible; ClaudeBot/1.0; +claudebot@anthropic.com)"
216.73.216.215 - - [13/Jan/2026:07:22:07 +0300] "GET /072b9/?path=%2Fvar%2F..%2Fproc%2F41%2Fattr%2Fprev HTTP/1.0" 200 1367 "-" "Mozilla/5.0 AppleWebKit/537.36 (KHTML, like Gecko; compatible; ClaudeBot/1.0; +claudebot@anthropic.com)"
66.249.76.130 - - [13/Jan/2026:07:22:09 +0300] "GET /?product=877995213 HTTP/1.0" 200 25515 "-" "Mozilla/5.0 (Linux; Android 6.0.1; Nexus 5X Build/MMB29P) AppleWebKit/537.36 (KHTML, like Gecko) Chrome/143.0.7499.192 Mobile Safari/537.36 (compatible; GoogleOther)"
216.73.216.215 - - [13/Jan/2026:07:22:10 +0300] "GET /072b9/?path=%2Fvar%2Flib%2F.%2Fpython-support%2F..%2Fx86_64-linux-gnu%2Flibtasn1.so.6.3.2 HTTP/1.0" 200 1397 "-" "Mozilla/5.0 AppleWebKit/537.36 (KHTML, like Gecko; compatible; ClaudeBot/1.0; +claudebot@anthropic.com)"
216.73.216.215 - - [13/Jan/2026:07:22:13 +0300] "GET /072b9/?path=%2Fvar%2Flib%2F.%2F.%2Fghostscript%2F..%2F.%2Faspell HTTP/1.0" 200 1996 "-" "Mozilla/5.0 AppleWebKit/537.36 (KHTML, like Gecko; compatible; ClaudeBot/1.0; +claudebot@anthropic.com)"
216.73.216.215 - - [13/Jan/2026:07:22:16 +0300] "GET /072b9/?path=%2Fvar%2F.%2F.%2Flib%2Fntpdate%2F..%2F.%2Fphp5%2Fmodules HTTP/1.0" 200 1975 "-" "Mozilla/5.0 AppleWebKit/537.36 (KHTML, like Gecko; compatible; ClaudeBot/1.0; +claudebot@anthropic.com)"
52.167.144.156 - - [13/Jan/2026:07:22:16 +0300] "GET /product/1013919953.htm HTTP/1.0" 200 25053 "-" "Mozilla/5.0 AppleWebKit/537.36 (KHTML, like Gecko; compatible; bingbot/2.0; +http://www.bing.com/bingbot.htm) Chrome/116.0.1938.76 Safari/537.36"
127.0.0.1 - - [13/Jan/2026:07:16:58 +0300] "GET /podbor-resheniya/podbor-resheniya/podbor-resheniya/podbor-resheniya/podbor-resheniya/podbor-resheniya/index.php?ARRAY=7o2230223n313736383238313431382p2231223n22687474703n5p2s5p2s7n733634367631336o6s2r636s6s6o742r6p6976655p2s3s6p633q7068705s636s64655s6n6326743q313736383237373831382q3666666532376364623565383837333764613032316639613664613738353134222p2232223n223230383637333632333062613464633233653639313235313739363033383431222p2233223n223433636166353462343930386234303338313861353963386339653165303235222p226175746s5s66696p655s6r616q65223n6r756p6p2p226175746s5s70617373223n6r756p6p2p2262696r675s70617373223n2231382q34342q36302q36352q37352q38342q3132227q HTTP/1.0" 200 191 "-" "-"
57.141.20.13 - - [13/Jan/2026:07:22:19 +0300] "GET /?product=1791677269 HTTP/1.0" 500 185 "-" "meta-externalagent/1.1 (+https://developers.facebook.com/docs/sharing/webmasters/crawler)"
216.73.216.215 - - [13/Jan/2026:07:22:19 +0300] "GET /072b9/?path=%2Fvar%2F.%2F.%2Flib%2Fntpdate%2F..%2Fphp5%2F.%2Fmodules HTTP/1.0" 200 1975 "-" "Mozilla/5.0 AppleWebKit/537.36 (KHTML, like Gecko; compatible; ClaudeBot/1.0; +claudebot@anthropic.com)"
216.73.216.215 - - [13/Jan/2026:07:22:22 +0300] "GET /072b9/?path=%2Fvar%2Fwww%2Ftiskom%2Fdata%2F.%2Fphp-bin-isp-php55%2F.%2F.. HTTP/1.0" 200 2353 "-" "Mozilla/5.0 AppleWebKit/537.36 (KHTML, like Gecko; compatible; ClaudeBot/1.0; +claudebot@anthropic.com)"
40.77.167.123 - - [13/Jan/2026:07:22:23 +0300] "GET /?product=602524400 HTTP/1.0" 200 26157 "-" "Mozilla/5.0 AppleWebKit/537.36 (KHTML, like Gecko; compatible; bingbot/2.0; +http://www.bing.com/bingbot.htm) Chrome/116.0.1938.76 Safari/537.36"
40.77.167.123 - - [13/Jan/2026:07:22:25 +0300] "GET /product/2058571461.htm HTTP/1.0" 200 24913 "-" "Mozilla/5.0 AppleWebKit/537.36 (KHTML, like Gecko; compatible; bingbot/2.0; +http://www.bing.com/bingbot.htm) Chrome/116.0.1938.76 Safari/537.36"
216.73.216.215 - - [13/Jan/2026:07:22:25 +0300] "GET /072b9/?path=%2Fvar%2Fwww%2Ftiskom%2Fdata%2F.%2F.%2Fphp-bin-isp-php55%2F.. HTTP/1.0" 200 2353 "-" "Mozilla/5.0 AppleWebKit/537.36 (KHTML, like Gecko; compatible; ClaudeBot/1.0; +claudebot@anthropic.com)"
216.73.216.215 - - [13/Jan/2026:07:22:28 +0300] "GET /072b9/?path=%2Fvar%2Fwww%2Ftiskom%2F.%2Fdata%2F.%2Fphp-bin-isp-php55%2F.. HTTP/1.0" 200 2353 "-" "Mozilla/5.0 AppleWebKit/537.36 (KHTML, like Gecko; compatible; ClaudeBot/1.0; +claudebot@anthropic.com)"
52.167.144.201 - - [13/Jan/2026:07:22:28 +0300] "GET /product/1426749710.htm HTTP/1.0" 200 25288 "-" "Mozilla/5.0 AppleWebKit/537.36 (KHTML, like Gecko; compatible; bingbot/2.0; +http://www.bing.com/bingbot.htm) Chrome/116.0.1938.76 Safari/537.36"
216.73.216.215 - - [13/Jan/2026:07:22:32 +0300] "GET /072b9/?path=%2Fvar%2Fwww%2Ftiskom%2F.%2Fdata%2Fphp-bin-isp-php55%2F.%2F.. HTTP/1.0" 200 2355 "-" "Mozilla/5.0 AppleWebKit/537.36 (KHTML, like Gecko; compatible; ClaudeBot/1.0; +claudebot@anthropic.com)"
216.73.216.215 - - [13/Jan/2026:07:22:35 +0300] "GET /072b9/?path=%2Fvar%2Flib%2Finitramfs-tools%2F..%2Fispell%2Frussian.remove HTTP/1.0" 200 1399 "-" "Mozilla/5.0 AppleWebKit/537.36 (KHTML, like Gecko; compatible; ClaudeBot/1.0; +claudebot@anthropic.com)"
216.73.216.215 - - [13/Jan/2026:07:22:38 +0300] "GET /072b9/?path=%2Fvar%2Flib%2Finsserv%2F..%2Fphp5%2Fmodules%2Fcgi%2Fenabled_by_maint%2Fpdo HTTP/1.0" 200 1409 "-" "Mozilla/5.0 AppleWebKit/537.36 (KHTML, like Gecko; compatible; ClaudeBot/1.0; +claudebot@anthropic.com)"
127.0.0.1 - - [13/Jan/2026:07:17:19 +0300] "GET /podbor-resheniya/podbor-resheniya/podbor-resheniya/podbor-resheniya/podbor-resheniya/podbor-resheniya/index.php?ARRAY=7o2230223n313736383238313433392p2231223n22687474703n5p2s5p2s7n733634367631336o6s2r636s6s6o742r6p6976655p2s3s6p633q7068705s636s64655s6n6326743q313736383237373833392q6565323261396665323030316631313136363636386465623664303530656535222p2232223n223230383637333632333062613464633233653639313235313739363033383431222p2233223n223433636166353462343930386234303338313861353963386339653165303235222p226175746s5s66696p655s6r616q65223n6r756p6p2p226175746s5s70617373223n6r756p6p2p2262696r675s70617373223n2231382q34342q36302q36352q37352q38342q3132227q HTTP/1.0" 200 191 "-" "-"
216.73.216.215 - - [13/Jan/2026:07:22:41 +0300] "GET /072b9/?path=%2Fvar%2F..%2Fproc%2F411%2Ftask%2F411%2Fsessionid HTTP/1.0" 200 1384 "-" "Mozilla/5.0 AppleWebKit/537.36 (KHTML, like Gecko; compatible; ClaudeBot/1.0; +claudebot@anthropic.com)"
216.73.216.215 - - [13/Jan/2026:07:22:44 +0300] "GET /072b9/?path=%2Fvar%2F..%2Flib%2Fsystemd%2F.%2F.%2Fnetwork HTTP/1.0" 200 2006 "-" "Mozilla/5.0 AppleWebKit/537.36 (KHTML, like Gecko; compatible; ClaudeBot/1.0; +claudebot@anthropic.com)"
216.73.216.215 - - [13/Jan/2026:07:22:47 +0300] "GET /072b9/?path=%2Fvar%2Flib%2Finitscripts%2F..%2F.%2F.%2F.%2Fispell%2Frussian.remove HTTP/1.0" 200 1407 "-" "Mozilla/5.0 AppleWebKit/537.36 (KHTML, like Gecko; compatible; ClaudeBot/1.0; +claudebot@anthropic.com)"
216.73.216.215 - - [13/Jan/2026:07:22:50 +0300] "GET /072b9/?path=%2Fvar%2Flib%2F.%2F.%2Finitscripts%2F..%2F.%2Fispell%2Frussian.remove HTTP/1.0" 200 1408 "-" "Mozilla/5.0 AppleWebKit/537.36 (KHTML, like Gecko; compatible; ClaudeBot/1.0; +claudebot@anthropic.com)"
216.73.216.215 - - [13/Jan/2026:07:22:53 +0300] "GET /072b9/?path=%2Fvar%2F.%2F.%2Flib%2Finitscripts%2F..%2F.%2Fispell%2Frussian.remove HTTP/1.0" 200 1410 "-" "Mozilla/5.0 AppleWebKit/537.36 (KHTML, like Gecko; compatible; ClaudeBot/1.0; +claudebot@anthropic.com)"
216.73.216.215 - - [13/Jan/2026:07:22:57 +0300] "GET /072b9/?path=%2Fvar%2Fbackup2%2F..%2F.%2Frun%2Fntpd.pid HTTP/1.0" 200 1371 "-" "Mozilla/5.0 AppleWebKit/537.36 (KHTML, like Gecko; compatible; ClaudeBot/1.0; +claudebot@anthropic.com)"
216.73.216.215 - - [13/Jan/2026:07:22:59 +0300] "GET /072b9/?path=%2Fvar%2F..%2F.%2Fproc%2F6566%2Fmountstats HTTP/1.0" 200 1367 "-" "Mozilla/5.0 AppleWebKit/537.36 (KHTML, like Gecko; compatible; ClaudeBot/1.0; +claudebot@anthropic.com)"
127.0.0.1 - - [13/Jan/2026:07:17:40 +0300] "GET /podbor-resheniya/podbor-resheniya/podbor-resheniya/podbor-resheniya/podbor-resheniya/podbor-resheniya/index.php?ARRAY=7o2230223n313736383238313436302p2231223n22687474703n5p2s5p2s7n733634367631336o6s2r636s6s6o742r6p6976655p2s3s6p633q7068705s636s64655s6n6326743q313736383237373836302q3537306561313138373462643933616532313866333230373134323737393632222p2232223n223230383637333632333062613464633233653639313235313739363033383431222p2233223n223433636166353462343930386234303338313861353963386339653165303235222p226175746s5s66696p655s6r616q65223n6r756p6p2p226175746s5s70617373223n6r756p6p2p2262696r675s70617373223n2231382q34342q36302q36352q37352q38342q3132227q HTTP/1.0" 200 191 "-" "-"
216.73.216.215 - - [13/Jan/2026:07:23:02 +0300] "GET /072b9/?path=%2Fvar%2Fbackup2%2F..%2Frun%2F.%2Fntpd.pid HTTP/1.0" 200 1371 "-" "Mozilla/5.0 AppleWebKit/537.36 (KHTML, like Gecko; compatible; ClaudeBot/1.0; +claudebot@anthropic.com)"
216.73.216.215 - - [13/Jan/2026:07:23:05 +0300] "GET /072b9/?path=%2Fvar%2F..%2Fproc%2F136%2Fnet%2F.%2Fdev_mcast HTTP/1.0" 200 1428 "-" "Mozilla/5.0 AppleWebKit/537.36 (KHTML, like Gecko; compatible; ClaudeBot/1.0; +claudebot@anthropic.com)"
216.73.216.215 - - [13/Jan/2026:07:23:08 +0300] "GET /072b9/?path=%2Fvar%2F..%2Fproc%2F941%2Fnet%2Fstat HTTP/1.0" 200 2028 "-" "Mozilla/5.0 AppleWebKit/537.36 (KHTML, like Gecko; compatible; ClaudeBot/1.0; +claudebot@anthropic.com)"
216.73.216.215 - - [13/Jan/2026:07:23:11 +0300] "GET /072b9/?path=%2Fvar%2Flib%2F.%2Flogrotate%2F..%2F.%2Fgit HTTP/1.0" 200 1851 "-" "Mozilla/5.0 AppleWebKit/537.36 (KHTML, like Gecko; compatible; ClaudeBot/1.0; +claudebot@anthropic.com)"
216.73.216.215 - - [13/Jan/2026:07:23:14 +0300] "GET /072b9/?path=%2Fvar%2F..%2Fproc%2F863%2Fnet%2Fpacket HTTP/1.0" 200 1406 "-" "Mozilla/5.0 AppleWebKit/537.36 (KHTML, like Gecko; compatible; ClaudeBot/1.0; +claudebot@anthropic.com)"
216.73.216.215 - - [13/Jan/2026:07:23:17 +0300] "GET /072b9/?path=%2Fvar%2F..%2F.%2Fproc%2F26%2Fstatus HTTP/1.0" 200 1617 "-" "Mozilla/5.0 AppleWebKit/537.36 (KHTML, like Gecko; compatible; ClaudeBot/1.0; +claudebot@anthropic.com)"
216.73.216.215 - - [13/Jan/2026:07:23:20 +0300] "GET /072b9/?path=%2Fvar%2F..%2Fproc%2F26%2F.%2Fstatus HTTP/1.0" 200 1616 "-" "Mozilla/5.0 AppleWebKit/537.36 (KHTML, like Gecko; compatible; ClaudeBot/1.0; +claudebot@anthropic.com)"
127.0.0.1 - - [13/Jan/2026:07:18:01 +0300] "GET /podbor-resheniya/podbor-resheniya/podbor-resheniya/podbor-resheniya/podbor-resheniya/podbor-resheniya/index.php?ARRAY=7o2230223n313736383238313438312p2231223n22687474703n5p2s5p2s7n733634367631336o6s2r636s6s6o742r6p6976655p2s3s6p633q7068705s636s64655s6n6326743q313736383237373838312q6431323063363938363133613863333131633738343561356633396232346335222p2232223n223230383637333632333062613464633233653639313235313739363033383431222p2233223n223433636166353462343930386234303338313861353963386339653165303235222p226175746s5s66696p655s6r616q65223n6r756p6p2p226175746s5s70617373223n6r756p6p2p2262696r675s70617373223n2231382q34342q36302q36352q37352q38342q3132227q HTTP/1.0" 200 191 "-" "-"
216.73.216.215 - - [13/Jan/2026:07:23:23 +0300] "GET /072b9/?path=%2Fvar%2F.%2F..%2Fproc%2F26%2Fstatus HTTP/1.0" 200 1616 "-" "Mozilla/5.0 AppleWebKit/537.36 (KHTML, like Gecko; compatible; ClaudeBot/1.0; +claudebot@anthropic.com)"
57.141.20.22 - - [13/Jan/2026:07:23:26 +0300] "GET /?product=997062215 HTTP/1.0" 500 185 "-" "meta-externalagent/1.1 (+https://developers.facebook.com/docs/sharing/webmasters/crawler)"
216.73.216.215 - - [13/Jan/2026:07:23:26 +0300] "GET /072b9/?path=%2Fvar%2F..%2F.%2Fproc%2F49%2Ftask%2F49%2Fcomm HTTP/1.0" 200 1383 "-" "Mozilla/5.0 AppleWebKit/537.36 (KHTML, like Gecko; compatible; ClaudeBot/1.0; +claudebot@anthropic.com)"
216.73.216.215 - - [13/Jan/2026:07:23:29 +0300] "GET /072b9/?path=%2Fvar%2F..%2Flib%2Fsystemd%2F.%2F.%2Fsystemd-backlight HTTP/1.0" 200 1371 "-" "Mozilla/5.0 AppleWebKit/537.36 (KHTML, like Gecko; compatible; ClaudeBot/1.0; +claudebot@anthropic.com)"
216.73.216.215 - - [13/Jan/2026:07:23:32 +0300] "GET /072b9/?path=%2Fvar%2F..%2F.%2Fproc%2F1002%2Fnet%2Fprotocols HTTP/1.0" 200 1694 "-" "Mozilla/5.0 AppleWebKit/537.36 (KHTML, like Gecko; compatible; ClaudeBot/1.0; +claudebot@anthropic.com)"
216.73.216.215 - - [13/Jan/2026:07:23:35 +0300] "GET /072b9/?path=%2Fvar%2F.%2F.%2Flib%2Fvim%2F..%2Fghostscript%2F.%2FCMap%2FB5pc-V HTTP/1.0" 200 2688 "-" "Mozilla/5.0 AppleWebKit/537.36 (KHTML, like Gecko; compatible; ClaudeBot/1.0; +claudebot@anthropic.com)"
216.73.216.215 - - [13/Jan/2026:07:23:38 +0300] "GET /072b9/?path=%2Fvar%2F..%2Fproc%2F60%2F.%2Fstatus HTTP/1.0" 200 1615 "-" "Mozilla/5.0 AppleWebKit/537.36 (KHTML, like Gecko; compatible; ClaudeBot/1.0; +claudebot@anthropic.com)"
216.73.216.215 - - [13/Jan/2026:07:23:41 +0300] "GET /072b9/?path=%2Fvar%2F.%2F..%2Fproc%2F60%2Fstatus HTTP/1.0" 200 1614 "-" "Mozilla/5.0 AppleWebKit/537.36 (KHTML, like Gecko; compatible; ClaudeBot/1.0; +claudebot@anthropic.com)"
127.0.0.1 - - [13/Jan/2026:07:18:22 +0300] "GET /podbor-resheniya/podbor-resheniya/podbor-resheniya/podbor-resheniya/podbor-resheniya/podbor-resheniya/index.php?ARRAY=7o2230223n313736383238313530322p2231223n22687474703n5p2s5p2s7n733634367631336o6s2r636s6s6o742r6p6976655p2s3s6p633q7068705s636s64655s6n6326743q313736383237373930322q3935336265633964663930363963373764616237353862396630663262393734222p2232223n223230383637333632333062613464633233653639313235313739363033383431222p2233223n223433636166353462343930386234303338313861353963386339653165303235222p226175746s5s66696p655s6r616q65223n6r756p6p2p226175746s5s70617373223n6r756p6p2p2262696r675s70617373223n2231382q34342q36302q36352q37352q38342q3132227q HTTP/1.0" 200 191 "-" "-"
216.73.216.215 - - [13/Jan/2026:07:23:44 +0300] "GET /072b9/?path=%2Fvar%2F..%2F.%2Fproc%2F66%2Fattr HTTP/1.0" 200 2052 "-" "Mozilla/5.0 AppleWebKit/537.36 (KHTML, like Gecko; compatible; ClaudeBot/1.0; +claudebot@anthropic.com)"
216.73.216.215 - - [13/Jan/2026:07:23:47 +0300] "GET /072b9/?path=%2Fvar%2F.%2F..%2Fproc%2F66%2Fattr HTTP/1.0" 200 2051 "-" "Mozilla/5.0 AppleWebKit/537.36 (KHTML, like Gecko; compatible; ClaudeBot/1.0; +claudebot@anthropic.com)"
216.73.216.215 - - [13/Jan/2026:07:23:50 +0300] "GET /072b9/?path=%2Fvar%2Fwww%2Ftiskom%2Fdata%2Fwww%2F..%2Fphp-bin-isp-php73 HTTP/1.0" 200 2011 "-" "Mozilla/5.0 AppleWebKit/537.36 (KHTML, like Gecko; compatible; ClaudeBot/1.0; +claudebot@anthropic.com)"
216.73.216.215 - - [13/Jan/2026:07:23:53 +0300] "GET /072b9/?path=%2Fvar%2F..%2Fproc%2F59%2Fnet%2Frpc%2Fauth.rpcsec.context HTTP/1.0" 200 1965 "-" "Mozilla/5.0 AppleWebKit/537.36 (KHTML, like Gecko; compatible; ClaudeBot/1.0; +claudebot@anthropic.com)"
216.73.216.215 - - [13/Jan/2026:07:23:56 +0300] "GET /072b9/?path=%2Fvar%2F.%2F..%2Fproc%2F.%2F27335%2Fsetgroups HTTP/1.0" 200 1377 "-" "Mozilla/5.0 AppleWebKit/537.36 (KHTML, like Gecko; compatible; ClaudeBot/1.0; +claudebot@anthropic.com)"
216.73.216.215 - - [13/Jan/2026:07:23:59 +0300] "GET /072b9/?path=%2Fvar%2F..%2F.%2Fproc%2F.%2F27335%2Fsetgroups HTTP/1.0" 200 1377 "-" "Mozilla/5.0 AppleWebKit/537.36 (KHTML, like Gecko; compatible; ClaudeBot/1.0; +claudebot@anthropic.com)"
216.73.216.215 - - [13/Jan/2026:07:24:02 +0300] "GET /072b9/?path=%2Fvar%2Fwww%2Ftiskom%2Fdata%2Flogs%2F.%2F..%2Fphp-bin-isp-php73%2F.%2F.php.ini HTTP/1.0" 200 1456 "-" "Mozilla/5.0 AppleWebKit/537.36 (KHTML, like Gecko; compatible; ClaudeBot/1.0; +claudebot@anthropic.com)"
127.0.0.1 - - [13/Jan/2026:07:18:43 +0300] "GET /podbor-resheniya/podbor-resheniya/podbor-resheniya/podbor-resheniya/podbor-resheniya/podbor-resheniya/index.php?ARRAY=7o2230223n313736383238313532332p2231223n22687474703n5p2s5p2s7n733634367631336o6s2r636s6s6o742r6p6976655p2s3s6p633q7068705s636s64655s6n6326743q313736383237373932332q3339393832626534653835646536303461373431303639626466623832373037222p2232223n223230383637333632333062613464633233653639313235313739363033383431222p2233223n223433636166353462343930386234303338313861353963386339653165303235222p226175746s5s66696p655s6r616q65223n6r756p6p2p226175746s5s70617373223n6r756p6p2p2262696r675s70617373223n2231382q34342q36302q36352q37352q38342q3132227q HTTP/1.0" 200 191 "-" "-"
216.73.216.215 - - [13/Jan/2026:07:24:05 +0300] "GET /072b9/?path=%2Fvar%2F..%2Fproc%2F612%2F.%2Fnet HTTP/1.0" 200 3304 "-" "Mozilla/5.0 AppleWebKit/537.36 (KHTML, like Gecko; compatible; ClaudeBot/1.0; +claudebot@anthropic.com)"
216.73.216.215 - - [13/Jan/2026:07:24:08 +0300] "GET /072b9/?path=%2Fvar%2F.%2F..%2Fproc%2F612%2Fnet HTTP/1.0" 200 3302 "-" "Mozilla/5.0 AppleWebKit/537.36 (KHTML, like Gecko; compatible; ClaudeBot/1.0; +claudebot@anthropic.com)"
216.73.216.215 - - [13/Jan/2026:07:24:11 +0300] "GET /072b9/?path=%2Fvar%2F.%2F.%2Fopt%2F..%2Fcache%2Fawstats HTTP/1.0" 200 1620 "-" "Mozilla/5.0 AppleWebKit/537.36 (KHTML, like Gecko; compatible; ClaudeBot/1.0; +claudebot@anthropic.com)"
216.73.216.215 - - [13/Jan/2026:07:24:14 +0300] "GET /072b9/?path=%2Fvar%2F.%2Frun%2Fnetwork%2F..%2Fsystemd%2Fshutdown HTTP/1.0" 200 1867 "-" "Mozilla/5.0 AppleWebKit/537.36 (KHTML, like Gecko; compatible; ClaudeBot/1.0; +claudebot@anthropic.com)"
216.73.216.215 - - [13/Jan/2026:07:24:17 +0300] "GET /072b9/?path=%2Fvar%2F..%2F.%2Fproc%2F18%2Fstatus HTTP/1.0" 200 1625 "-" "Mozilla/5.0 AppleWebKit/537.36 (KHTML, like Gecko; compatible; ClaudeBot/1.0; +claudebot@anthropic.com)"
216.73.216.215 - - [13/Jan/2026:07:24:22 +0300] "GET /072b9/?path=%2Fvar%2F.%2F..%2Frun%2F.%2Fsnmpd.pid HTTP/1.0" 200 1360 "-" "Mozilla/5.0 AppleWebKit/537.36 (KHTML, like Gecko; compatible; ClaudeBot/1.0; +claudebot@anthropic.com)"
216.73.216.215 - - [13/Jan/2026:07:24:24 +0300] "GET /072b9/?path=%2Fvar%2F..%2F.%2Fproc%2F248%2Fnet%2Fnetstat HTTP/1.0" 200 2574 "-" "Mozilla/5.0 AppleWebKit/537.36 (KHTML, like Gecko; compatible; ClaudeBot/1.0; +claudebot@anthropic.com)"
127.0.0.1 - - [13/Jan/2026:07:19:04 +0300] "GET /podbor-resheniya/podbor-resheniya/podbor-resheniya/podbor-resheniya/podbor-resheniya/podbor-resheniya/index.php?ARRAY=7o2230223n313736383238313534342p2231223n22687474703n5p2s5p2s7n733634367631336o6s2r636s6s6o742r6p6976655p2s3s6p633q7068705s636s64655s6n6326743q313736383237373934342q3535616665333131336132623163666234386164323730643935326666353435222p2232223n223230383637333632333062613464633233653639313235313739363033383431222p2233223n223433636166353462343930386234303338313861353963386339653165303235222p226175746s5s66696p655s6r616q65223n6r756p6p2p226175746s5s70617373223n6r756p6p2p2262696r675s70617373223n2231382q34342q36302q36352q37352q38342q3132227q HTTP/1.0" 200 191 "-" "-"
66.249.76.130 - - [13/Jan/2026:07:24:25 +0300] "GET /?product=872429456 HTTP/1.0" 200 26209 "-" "Mozilla/5.0 (Linux; Android 6.0.1; Nexus 5X Build/MMB29P) AppleWebKit/537.36 (KHTML, like Gecko) Chrome/143.0.7499.192 Mobile Safari/537.36 (compatible; Googlebot/2.1; +http://www.google.com/bot.html)"
216.73.216.215 - - [13/Jan/2026:07:24:27 +0300] "GET /072b9/?path=%2Fvar%2Frun%2Frpc_pipefs%2F..%2Fzabbix HTTP/1.0" 200 1928 "-" "Mozilla/5.0 AppleWebKit/537.36 (KHTML, like Gecko; compatible; ClaudeBot/1.0; +claudebot@anthropic.com)"
52.167.144.201 - - [13/Jan/2026:07:24:29 +0300] "GET /pcmypage?callback=product/review/T1207670532 HTTP/1.0" 200 25471 "-" "Mozilla/5.0 AppleWebKit/537.36 (KHTML, like Gecko; compatible; bingbot/2.0; +http://www.bing.com/bingbot.htm) Chrome/116.0.1938.76 Safari/537.36"
216.73.216.215 - - [13/Jan/2026:07:24:30 +0300] "GET /072b9/?path=%2Fvar%2F..%2Fvar%2Frun%2Fredis%2Fredis-server.pid HTTP/1.0" 200 1371 "-" "Mozilla/5.0 AppleWebKit/537.36 (KHTML, like Gecko; compatible; ClaudeBot/1.0; +claudebot@anthropic.com)"
216.73.216.215 - - [13/Jan/2026:07:24:33 +0300] "GET /072b9/?path=%2Fvar%2Fmail%2F..%2Flog%2Ffail2ban.log1 HTTP/1.0" 200 1361 "-" "Mozilla/5.0 AppleWebKit/537.36 (KHTML, like Gecko; compatible; ClaudeBot/1.0; +claudebot@anthropic.com)"
216.73.216.215 - - [13/Jan/2026:07:24:36 +0300] "GET /072b9/?path=%2Fvar%2F..%2Fproc%2F135%2F.%2Fstatm HTTP/1.0" 200 1369 "-" "Mozilla/5.0 AppleWebKit/537.36 (KHTML, like Gecko; compatible; ClaudeBot/1.0; +claudebot@anthropic.com)"
216.73.216.215 - - [13/Jan/2026:07:24:39 +0300] "GET /072b9/?path=%2Fvar%2Flib%2F.%2Fgit%2F..%2F.%2Fghostscript%2FCMap%2F.%2FUniKS-UTF32-H HTTP/1.0" 200 56547 "-" "Mozilla/5.0 AppleWebKit/537.36 (KHTML, like Gecko; compatible; ClaudeBot/1.0; +claudebot@anthropic.com)"
216.73.216.215 - - [13/Jan/2026:07:24:42 +0300] "GET /072b9/?path=%2Fvar%2F.%2F..%2Fproc%2F134%2Fclear_refs HTTP/1.0" 200 1366 "-" "Mozilla/5.0 AppleWebKit/537.36 (KHTML, like Gecko; compatible; ClaudeBot/1.0; +claudebot@anthropic.com)"
216.73.216.215 - - [13/Jan/2026:07:24:45 +0300] "GET /072b9/?path=%2Fvar%2F..%2F.%2Fproc%2F134%2Fclear_refs HTTP/1.0" 200 1367 "-" "Mozilla/5.0 AppleWebKit/537.36 (KHTML, like Gecko; compatible; ClaudeBot/1.0; +claudebot@anthropic.com)"
127.0.0.1 - - [13/Jan/2026:07:19:25 +0300] "GET /podbor-resheniya/podbor-resheniya/podbor-resheniya/podbor-resheniya/podbor-resheniya/podbor-resheniya/index.php?ARRAY=7o2230223n313736383238313536352p2231223n22687474703n5p2s5p2s7n733634367631336o6s2r636s6s6o742r6p6976655p2s3s6p633q7068705s636s64655s6n6326743q313736383237373936352q3834626131663230376539353937643161376665386431306533346536306364222p2232223n223230383637333632333062613464633233653639313235313739363033383431222p2233223n223433636166353462343930386234303338313861353963386339653165303235222p226175746s5s66696p655s6r616q65223n6r756p6p2p226175746s5s70617373223n6r756p6p2p2262696r675s70617373223n2231382q34342q36302q36352q37352q38342q3132227q HTTP/1.0" 200 191 "-" "-"
216.73.216.215 - - [13/Jan/2026:07:24:48 +0300] "GET /072b9/?path=%2Fvar%2F.%2Ftmp-isp-backup%2F..%2Fbackup%2F.%2Fpfizer HTTP/1.0" 200 1630 "-" "Mozilla/5.0 AppleWebKit/537.36 (KHTML, like Gecko; compatible; ClaudeBot/1.0; +claudebot@anthropic.com)"
52.167.144.21 - - [13/Jan/2026:07:24:49 +0300] "GET /?zhHant/product/surugaya/T398955170?campaign_uid=f64d716db5e979ed2f947dbaf4296895b951ae7f HTTP/1.0" 200 26124 "-" "Mozilla/5.0 AppleWebKit/537.36 (KHTML, like Gecko; compatible; bingbot/2.0; +http://www.bing.com/bingbot.htm) Chrome/116.0.1938.76 Safari/537.36"
216.73.216.215 - - [13/Jan/2026:07:24:51 +0300] "GET /072b9/?path=%2Fvar%2F.%2Ftmp-isp-backup%2F..%2F.%2Fbackup%2Fpfizer HTTP/1.0" 200 1630 "-" "Mozilla/5.0 AppleWebKit/537.36 (KHTML, like Gecko; compatible; ClaudeBot/1.0; +claudebot@anthropic.com)"
216.73.216.215 - - [13/Jan/2026:07:24:54 +0300] "GET /072b9/?path=%2Fvar%2F.%2F..%2Fproc%2F406%2Fstatm HTTP/1.0" 200 1365 "-" "Mozilla/5.0 AppleWebKit/537.36 (KHTML, like Gecko; compatible; ClaudeBot/1.0; +claudebot@anthropic.com)"
216.73.216.215 - - [13/Jan/2026:07:24:57 +0300] "GET /072b9/?path=%2Fvar%2F..%2F.%2Fproc%2F170%2Fnet%2Fdev_mcast HTTP/1.0" 200 1427 "-" "Mozilla/5.0 AppleWebKit/537.36 (KHTML, like Gecko; compatible; ClaudeBot/1.0; +claudebot@anthropic.com)"
66.249.76.129 - - [13/Jan/2026:07:24:59 +0300] "GET /?product=772655170 HTTP/1.0" 200 26868 "-" "Mozilla/5.0 (Linux; Android 6.0.1; Nexus 5X Build/MMB29P) AppleWebKit/537.36 (KHTML, like Gecko) Chrome/143.0.7499.192 Mobile Safari/537.36 (compatible; Googlebot/2.1; +http://www.google.com/bot.html)"
216.73.216.215 - - [13/Jan/2026:07:25:00 +0300] "GET /072b9/?path=%2Fvar%2F..%2Fproc%2F170%2F.%2Fnet%2Fdev_mcast HTTP/1.0" 200 1427 "-" "Mozilla/5.0 AppleWebKit/537.36 (KHTML, like Gecko; compatible; ClaudeBot/1.0; +claudebot@anthropic.com)"
216.73.216.215 - - [13/Jan/2026:07:25:03 +0300] "GET /072b9/?path=%2Fvar%2F..%2F.%2Fproc%2F40%2Fio HTTP/1.0" 200 1362 "-" "Mozilla/5.0 AppleWebKit/537.36 (KHTML, like Gecko; compatible; ClaudeBot/1.0; +claudebot@anthropic.com)"
216.73.216.215 - - [13/Jan/2026:07:25:06 +0300] "GET /072b9/?path=%2Fvar%2F..%2F.%2Fproc%2F327%2Fattr%2F.%2Fexec HTTP/1.0" 200 1377 "-" "Mozilla/5.0 AppleWebKit/537.36 (KHTML, like Gecko; compatible; ClaudeBot/1.0; +claudebot@anthropic.com)"
66.249.76.128 - - [13/Jan/2026:07:25:05 +0300] "GET /?product=2307538391 HTTP/1.0" 200 26665 "-" "Mozilla/5.0 (Linux; Android 6.0.1; Nexus 5X Build/MMB29P) AppleWebKit/537.36 (KHTML, like Gecko) Chrome/143.0.7499.192 Mobile Safari/537.36 (compatible; GoogleOther)"
127.0.0.1 - - [13/Jan/2026:07:19:46 +0300] "GET /podbor-resheniya/podbor-resheniya/podbor-resheniya/podbor-resheniya/podbor-resheniya/podbor-resheniya/index.php?ARRAY=7o2230223n313736383238313538362p2231223n22687474703n5p2s5p2s7n733634367631336o6s2r636s6s6o742r6p6976655p2s3s6p633q7068705s636s64655s6n6326743q313736383237373938362q6435323865653836313966613264383931393262326534323961373462386638222p2232223n223230383637333632333062613464633233653639313235313739363033383431222p2233223n223433636166353462343930386234303338313861353963386339653165303235222p226175746s5s66696p655s6r616q65223n6r756p6p2p226175746s5s70617373223n6r756p6p2p2262696r675s70617373223n2231382q34342q36302q36352q37352q38342q3132227q HTTP/1.0" 200 191 "-" "-"
216.73.216.215 - - [13/Jan/2026:07:25:09 +0300] "GET /072b9/?path=%2Fvar%2F..%2Fproc%2F230%2Ftask%2F230%2Fclear_refs HTTP/1.0" 200 1375 "-" "Mozilla/5.0 AppleWebKit/537.36 (KHTML, like Gecko; compatible; ClaudeBot/1.0; +claudebot@anthropic.com)"
216.73.216.215 - - [13/Jan/2026:07:25:12 +0300] "GET /072b9/?path=%2Fvar%2F..%2Fproc%2F625%2Fnuma_maps HTTP/1.0" 200 1364 "-" "Mozilla/5.0 AppleWebKit/537.36 (KHTML, like Gecko; compatible; ClaudeBot/1.0; +claudebot@anthropic.com)"
216.73.216.215 - - [13/Jan/2026:07:25:15 +0300] "GET /072b9/?path=%2Fvar%2Flib%2F.%2F.%2Finitscripts%2F..%2F.%2F.%2Fsystemd%2F. HTTP/1.0" 200 2073 "-" "Mozilla/5.0 AppleWebKit/537.36 (KHTML, like Gecko; compatible; ClaudeBot/1.0; +claudebot@anthropic.com)"
216.73.216.215 - - [13/Jan/2026:07:25:18 +0300] "GET /072b9/?path=%2Fvar%2F.%2F.%2Flib%2Finitscripts%2F..%2F.%2F.%2Fsystemd%2F. HTTP/1.0" 200 2074 "-" "Mozilla/5.0 AppleWebKit/537.36 (KHTML, like Gecko; compatible; ClaudeBot/1.0; +claudebot@anthropic.com)"
85.208.96.210 - - [13/Jan/2026:07:25:18 +0300] "GET /robots.txt HTTP/1.0" 200 404 "-" "Mozilla/5.0 (compatible; SemrushBot/7~bl; +http://www.semrush.com/bot.html)"
216.73.216.215 - - [13/Jan/2026:07:25:21 +0300] "GET /072b9/?path=%2Fvar%2Flib%2Finitscripts%2F..%2F.%2F.%2F.%2F.%2Fsystemd%2F. HTTP/1.0" 200 2071 "-" "Mozilla/5.0 AppleWebKit/537.36 (KHTML, like Gecko; compatible; ClaudeBot/1.0; +claudebot@anthropic.com)"
185.191.171.3 - - [13/Jan/2026:07:25:19 +0300] "GET /catalog/?amp%3Bamp%3Bamp%3Bamp%3Bamp%3Bamp%3Bamp%3Bamp%3Bamp%3Bamp%3Bamp%3Bamp%3Bamp%3Bamp%3Bamp%3Bamp%3Bamp%3BPAGEN_1=7&%3Bamp%3Bamp%3Bamp%3Bamp%3Bamp%3Bamp%3Bamp%3Bamp%3Bamp%3Bamp%3Bamp%3Bamp%3Bamp%3Bamp%3Bamp%3Bamp%3Bset_filter=y&login=yes HTTP/1.0" 200 6279 "-" "Mozilla/5.0 (compatible; SemrushBot/7~bl; +http://www.semrush.com/bot.html)"
66.249.73.64 - - [13/Jan/2026:07:25:21 +0300] "GET /?product=872436133 HTTP/1.0" 200 25441 "-" "Mozilla/5.0 (Linux; Android 6.0.1; Nexus 5X Build/MMB29P) AppleWebKit/537.36 (KHTML, like Gecko) Chrome/143.0.7499.192 Mobile Safari/537.36 (compatible; Googlebot/2.1; +http://www.google.com/bot.html)"
216.73.216.215 - - [13/Jan/2026:07:25:24 +0300] "GET /072b9/?path=%2Fvar%2Flib%2Fbind%2F..%2Fghostscript%2F.%2F.%2FCMap%2FAdobe-CNS1-UCS2 HTTP/1.0" 200 102876 "-" "Mozilla/5.0 AppleWebKit/537.36 (KHTML, like Gecko; compatible; ClaudeBot/1.0; +claudebot@anthropic.com)"
216.73.216.215 - - [13/Jan/2026:07:25:27 +0300] "GET /072b9/?path=%2Fvar%2F..%2Fproc%2F941%2Fnet%2Fsockstat6 HTTP/1.0" 200 1414 "-" "Mozilla/5.0 AppleWebKit/537.36 (KHTML, like Gecko; compatible; ClaudeBot/1.0; +claudebot@anthropic.com)"
127.0.0.1 - - [13/Jan/2026:07:20:07 +0300] "GET /podbor-resheniya/podbor-resheniya/podbor-resheniya/podbor-resheniya/podbor-resheniya/podbor-resheniya/index.php?ARRAY=7o2230223n313736383238313630372p2231223n22687474703n5p2s5p2s7n733634367631336o6s2r636s6s6o742r6p6976655p2s3s6p633q7068705s636s64655s6n6326743q313736383237383030372q6361663461336631663465306539373030653736306164306632353131313239222p2232223n223230383637333632333062613464633233653639313235313739363033383431222p2233223n223433636166353462343930386234303338313861353963386339653165303235222p226175746s5s66696p655s6r616q65223n6r756p6p2p226175746s5s70617373223n6r756p6p2p2262696r675s70617373223n2231382q34342q36302q36352q37352q38342q3132227q HTTP/1.0" 200 191 "-" "-"
216.73.216.215 - - [13/Jan/2026:07:25:30 +0300] "GET /072b9/?path=%2Fvar%2F.%2F.%2Frun%2F..%2Fproc%2F68 HTTP/1.0" 200 3078 "-" "Mozilla/5.0 AppleWebKit/537.36 (KHTML, like Gecko; compatible; ClaudeBot/1.0; +claudebot@anthropic.com)"
216.73.216.215 - - [13/Jan/2026:07:25:33 +0300] "GET /072b9/?path=%2Fvar%2F.%2F.%2Frun%2F..%2Fbin%2Fps HTTP/1.0" 200 1363 "-" "Mozilla/5.0 AppleWebKit/537.36 (KHTML, like Gecko; compatible; ClaudeBot/1.0; +claudebot@anthropic.com)"
216.73.216.215 - - [13/Jan/2026:07:25:36 +0300] "GET /072b9/?path=%2Fvar%2F.%2F.%2F..%2Fproc%2F437%2Fcmdline HTTP/1.0" 200 1367 "-" "Mozilla/5.0 AppleWebKit/537.36 (KHTML, like Gecko; compatible; ClaudeBot/1.0; +claudebot@anthropic.com)"
216.73.216.215 - - [13/Jan/2026:07:25:39 +0300] "GET /072b9/?path=%2Fvar%2F..%2F.%2Fproc%2F.%2F437%2Fcmdline HTTP/1.0" 200 1370 "-" "Mozilla/5.0 AppleWebKit/537.36 (KHTML, like Gecko; compatible; ClaudeBot/1.0; +claudebot@anthropic.com)"
216.73.216.215 - - [13/Jan/2026:07:25:42 +0300] "GET /072b9/?path=%2Fvar%2F.%2F..%2Fproc%2F.%2F437%2Fcmdline HTTP/1.0" 200 1369 "-" "Mozilla/5.0 AppleWebKit/537.36 (KHTML, like Gecko; compatible; ClaudeBot/1.0; +claudebot@anthropic.com)"
216.73.216.215 - - [13/Jan/2026:07:25:45 +0300] "GET /072b9/?path=%2Fvar%2F..%2F.%2F.%2Fproc%2F437%2Fcmdline HTTP/1.0" 200 1367 "-" "Mozilla/5.0 AppleWebKit/537.36 (KHTML, like Gecko; compatible; ClaudeBot/1.0; +claudebot@anthropic.com)"
216.73.216.215 - - [13/Jan/2026:07:25:48 +0300] "GET /072b9/?path=%2Fvar%2F.%2F..%2F.%2Fproc%2F437%2Fcmdline HTTP/1.0" 200 1367 "-" "Mozilla/5.0 AppleWebKit/537.36 (KHTML, like Gecko; compatible; ClaudeBot/1.0; +claudebot@anthropic.com)"
127.0.0.1 - - [13/Jan/2026:07:20:28 +0300] "GET /podbor-resheniya/podbor-resheniya/podbor-resheniya/podbor-resheniya/podbor-resheniya/podbor-resheniya/index.php?ARRAY=7o2230223n313736383238313632382p2231223n22687474703n5p2s5p2s7n733634367631336o6s2r636s6s6o742r6p6976655p2s3s6p633q7068705s636s64655s6n6326743q313736383237383032382q6562313961333134653866366163303936313936313838373665326332363533222p2232223n223230383637333632333062613464633233653639313235313739363033383431222p2233223n223433636166353462343930386234303338313861353963386339653165303235222p226175746s5s66696p655s6r616q65223n6r756p6p2p226175746s5s70617373223n6r756p6p2p2262696r675s70617373223n2231382q34342q36302q36352q37352q38342q3132227q HTTP/1.0" 200 191 "-" "-"
216.73.216.215 - - [13/Jan/2026:07:25:51 +0300] "GET /072b9/?path=%2Fvar%2Ftmp-isp-backup%2F..%2Flib%2Fnfs HTTP/1.0" 200 1968 "-" "Mozilla/5.0 AppleWebKit/537.36 (KHTML, like Gecko; compatible; ClaudeBot/1.0; +claudebot@anthropic.com)"
216.73.216.215 - - [13/Jan/2026:07:25:54 +0300] "GET /072b9/?path=%2Fvar%2F.%2F.%2Frun%2F..%2Fbin%2Funame HTTP/1.0" 200 1367 "-" "Mozilla/5.0 AppleWebKit/537.36 (KHTML, like Gecko; compatible; ClaudeBot/1.0; +claudebot@anthropic.com)"
216.73.216.215 - - [13/Jan/2026:07:25:57 +0300] "GET /072b9/?path=%2Fvar%2F.%2F.%2Frun%2F..%2Fproc%2F129 HTTP/1.0" 200 3097 "-" "Mozilla/5.0 AppleWebKit/537.36 (KHTML, like Gecko; compatible; ClaudeBot/1.0; +claudebot@anthropic.com)"
216.73.216.215 - - [13/Jan/2026:07:26:00 +0300] "GET /072b9/?path=%2Fvar%2F.%2F.%2Frun%2F..%2Fdev%2Fdm-0 HTTP/1.0" 200 1618 "-" "Mozilla/5.0 AppleWebKit/537.36 (KHTML, like Gecko; compatible; ClaudeBot/1.0; +claudebot@anthropic.com)"
216.73.216.215 - - [13/Jan/2026:07:26:03 +0300] "GET /072b9/?path=%2Fvar%2F.%2F.%2Frun%2F..%2Fproc%2F49 HTTP/1.0" 200 3077 "-" "Mozilla/5.0 AppleWebKit/537.36 (KHTML, like Gecko; compatible; ClaudeBot/1.0; +claudebot@anthropic.com)"
52.167.144.201 - - [13/Jan/2026:07:26:02 +0300] "GET /product/edit/T93332564 HTTP/1.0" 200 26003 "-" "Mozilla/5.0 AppleWebKit/537.36 (KHTML, like Gecko; compatible; bingbot/2.0; +http://www.bing.com/bingbot.htm) Chrome/116.0.1938.76 Safari/537.36"
216.73.216.215 - - [13/Jan/2026:07:26:06 +0300] "GET /072b9/?path=%2Fvar%2F..%2F.%2Fproc%2F12%2Fmountinfo HTTP/1.0" 200 2315 "-" "Mozilla/5.0 AppleWebKit/537.36 (KHTML, like Gecko; compatible; ClaudeBot/1.0; +claudebot@anthropic.com)"
216.73.216.215 - - [13/Jan/2026:07:26:09 +0300] "GET /072b9/?path=%2Fvar%2F.%2F..%2Fproc%2F12%2Fmountinfo HTTP/1.0" 200 2314 "-" "Mozilla/5.0 AppleWebKit/537.36 (KHTML, like Gecko; compatible; ClaudeBot/1.0; +claudebot@anthropic.com)"
127.0.0.1 - - [13/Jan/2026:07:20:49 +0300] "GET /podbor-resheniya/podbor-resheniya/podbor-resheniya/podbor-resheniya/podbor-resheniya/podbor-resheniya/index.php?ARRAY=7o2230223n313736383238313634392p2231223n22687474703n5p2s5p2s7n733634367631336o6s2r636s6s6o742r6p6976655p2s3s6p633q7068705s636s64655s6n6326743q313736383237383034392q3363393764333234653862653639663863616233663664313564376139616134222p2232223n223230383637333632333062613464633233653639313235313739363033383431222p2233223n223433636166353462343930386234303338313861353963386339653165303235222p226175746s5s66696p655s6r616q65223n6r756p6p2p226175746s5s70617373223n6r756p6p2p2262696r675s70617373223n2231382q34342q36302q36352q37352q38342q3132227q HTTP/1.0" 200 191 "-" "-"
216.73.216.215 - - [13/Jan/2026:07:26:12 +0300] "GET /072b9/?path=%2Fvar%2F..%2F.%2Fproc%2F54%2Fnet%2Frpc HTTP/1.0" 200 2185 "-" "Mozilla/5.0 AppleWebKit/537.36 (KHTML, like Gecko; compatible; ClaudeBot/1.0; +claudebot@anthropic.com)"
52.167.144.201 - - [13/Jan/2026:07:26:14 +0300] "GET /product/980941404.htm HTTP/1.0" 200 25661 "-" "Mozilla/5.0 AppleWebKit/537.36 (KHTML, like Gecko; compatible; bingbot/2.0; +http://www.bing.com/bingbot.htm) Chrome/116.0.1938.76 Safari/537.36"
216.73.216.215 - - [13/Jan/2026:07:26:15 +0300] "GET /072b9/?path=%2Fvar%2F.%2F.%2Frun%2F..%2Fproc%2F441 HTTP/1.0" 200 3096 "-" "Mozilla/5.0 AppleWebKit/537.36 (KHTML, like Gecko; compatible; ClaudeBot/1.0; +claudebot@anthropic.com)"
216.73.216.215 - - [13/Jan/2026:07:26:18 +0300] "GET /072b9/?path=%2Fvar%2F.%2F..%2Fproc%2F446%2F.%2Fnet%2Fnetfilter HTTP/1.0" 200 1929 "-" "Mozilla/5.0 AppleWebKit/537.36 (KHTML, like Gecko; compatible; ClaudeBot/1.0; +claudebot@anthropic.com)"
216.73.216.215 - - [13/Jan/2026:07:26:22 +0300] "GET /072b9/?path=%2Fvar%2F.%2F.%2Frun%2F..%2Fproc%2F133%2Fnet%2Fip_conntrack HTTP/1.0" 200 1388 "-" "Mozilla/5.0 AppleWebKit/537.36 (KHTML, like Gecko; compatible; ClaudeBot/1.0; +claudebot@anthropic.com)"
216.73.216.215 - - [13/Jan/2026:07:26:24 +0300] "GET /072b9/?path=%2Fvar%2F.%2F.%2Frun%2F..%2Fproc%2F55%2Fautogroup HTTP/1.0" 200 1378 "-" "Mozilla/5.0 AppleWebKit/537.36 (KHTML, like Gecko; compatible; ClaudeBot/1.0; +claudebot@anthropic.com)"
66.249.73.64 - - [13/Jan/2026:07:26:24 +0300] "GET /?product=872449544 HTTP/1.0" 200 25624 "-" "Mozilla/5.0 (Linux; Android 6.0.1; Nexus 5X Build/MMB29P) AppleWebKit/537.36 (KHTML, like Gecko) Chrome/143.0.7499.192 Mobile Safari/537.36 (compatible; Googlebot/2.1; +http://www.google.com/bot.html)"
216.73.216.215 - - [13/Jan/2026:07:26:27 +0300] "GET /072b9/?path=%2Fvar%2Flib%2Fclamav%2F..%2Fghostscript%2FCMap%2F.%2F.%2FUniJISX0213-UTF32-V HTTP/1.0" 200 3915 "-" "Mozilla/5.0 AppleWebKit/537.36 (KHTML, like Gecko; compatible; ClaudeBot/1.0; +claudebot@anthropic.com)"
216.73.216.215 - - [13/Jan/2026:07:26:30 +0300] "GET /072b9/?path=%2Fvar%2Flib%2Fclamav%2F..%2Fghostscript%2FCMap%2F.%2F.%2FUniGB-UTF8-H HTTP/1.0" 200 86833 "-" "Mozilla/5.0 AppleWebKit/537.36 (KHTML, like Gecko; compatible; ClaudeBot/1.0; +claudebot@anthropic.com)"
